000
CXUS54 KFWD 010730
CF6RBD
PRELIMINARY LOCAL CLIMATOLOGICAL DATA (WS FORM: F-6)
STATION: DALLAS EXECUTIVE
MONTH: SEPTEMBER
YEAR: 2020
LATITUDE: 32 40 N
LONGITUDE: 96 52 W
TEMPERATURE IN F: :PCPN: SNOW: WIND :SUNSHINE: SKY :PK WND
================================================================================
1 2 3 4 5 6A 6B 7 8 9 10 11 12 13 14 15 16 17 18
12Z AVG MX 2MIN
DY MAX MIN AVG DEP HDD CDD WTR SNW DPTH SPD SPD DIR MIN PSBL S-S WX SPD DR
================================================================================
1 93 72 83 1 0 18 0.93 0.0 0 14.4 33 340 M M 6 13 42 340
2 78 71 75 -7 0 10 0.51 0.0 0 4.3 16 190 M M 3 13 21 200
3 81 72 77 -4 0 12 0.13 0.0 0 5.8 12 170 M M 7 13 15 170
4 86 72 79 -2 0 14 0.00 0.0 0 5.4 12 130 M M 3 15 130
5 92 73 83 2 0 18 0.21 0.0 0 3.7 29 160 M M 3 13 41 170
6 90 71 81 1 0 16 0.00 0.0 0 6.2 12 170 M M 2 1 18 160
7 93 74 84 4 0 19 0.00 0.0 0 9.0 16 170 M M 1 23 150
8 91 75 83 3 0 18 T 0.0 0 10.7 21 130 M M 2 27 180
9 85 58 72 -8 0 7 1.33 0.0 0 8.9 18 300 M M 7 13 25 300
10 69 56 63 -16 2 0 0.49 0.0 0 9.9 22 320 M M 10 1 28 320
11 80 64 72 -7 0 7 0.00 0.0 0 6.3 15 330 M M 6 19 350
12 87 67 77 -1 0 12 0.00 0.0 0 4.3 10 360 M M 1 14 310
13 89 69 79 1 0 14 0.00 0.0 0 7.3 16 30 M M 2 21 20
14 89 70 80 2 0 15 0.00 0.0 0 8.1 16 60 M M 5 20 80
15 90 75 83 6 0 18 0.00 0.0 0 6.5 13 360 M M 6 16 330
16 87 71 79 2 0 14 T 0.0 0 3.7 10 360 M M 2 3 15 340
17 89 71 80 3 0 15 0.24 0.0 0 4.7 32 80 M M 4 138 46 70
18 86 65 76 0 0 11 0.00 0.0 0 7.5 16 50 M M 1 22 60
19 81 64 73 -3 0 8 0.00 0.0 0 7.0 14 60 M M 0 19 70
20 82 58 70 -6 0 5 0.00 0.0 0 7.9 17 70 M M 1 23 60
21 74 66 70 -5 0 5 0.18 0.0 0 9.8 16 60 M M 10 18 24 60
22 71 66 69 -6 0 4 0.37 0.0 0 7.3 13 60 M M 8 1 18 70
23 73 64 69 -5 0 4 0.01 0.0 0 8.1 14 10 M M 10 1 19 10
24 77 61 69 -5 0 4 0.00 0.0 0 6.1 14 10 M M 6 20 10
25 83 60 72 -2 0 7 0.00 0.0 0 6.8 14 170 M M 0 18 160
26 87 64 76 3 0 11 0.00 0.0 0 10.3 18 180 M M 2 1 25 220
27 90 65 78 5 0 13 0.00 0.0 0 13.9 23 310 M M 7 44 350
28 79 58 69 -4 0 4 0.00 0.0 0 14.4 31 20 M M 4 41 350
29 82 55 69 -3 0 4 0.00 0.0 0 8.8 20 290 M M 0 27 340
30 91 63 77 5 0 12 0.00 0.0 0 7.5 14 190 M M 0 19 250
================================================================================
SM 2525 1990 2 319 4.40 0.0 234.6 M 119
================================================================================
AV 84.2 66.3 7.8 FASTST M M 4 MAX(MPH)
MISC ----> # 33 340 # 46 70
================================================================================
NOTES:
# LAST OF SEVERAL OCCURRENCES
COLUMN 17 PEAK WIND IN M.P.H.
PRELIMINARY LOCAL CLIMATOLOGICAL DATA (WS FORM: F-6) , PAGE 2
STATION: DALLAS EXECUTIVE
MONTH: SEPTEMBER
YEAR: 2020
LATITUDE: 32 40 N
LONGITUDE: 96 52 W
[TEMPERATURE DATA] [PRECIPITATION DATA] SYMBOLS USED IN COLUMN 16
AVERAGE MONTHLY: 75.3 TOTAL FOR MONTH: 4.40 1 = FOG OR MIST
DPTR FM NORMAL: -1.8 DPTR FM NORMAL: 1.54 2 = FOG REDUCING VISIBILITY
HIGHEST: 93 ON 7, 1 GRTST 24HR 1.33 ON 9- 9 TO 1/4 MILE OR LESS
LOWEST: 55 ON 29 3 = THUNDER
SNOW, ICE PELLETS, HAIL 4 = ICE PELLETS
TOTAL MONTH: 0.0 INCH 5 = HAIL
GRTST 24HR 0.0 6 = FREEZING RAIN OR DRIZZLE
GRTST DEPTH: 0 7 = DUSTSTORM OR SANDSTORM:
VSBY 1/2 MILE OR LESS
8 = SMOKE OR HAZE
[NO. OF DAYS WITH] [WEATHER - DAYS WITH] 9 = BLOWING SNOW
X = TORNADO
MAX 32 OR BELOW: 0 0.01 INCH OR MORE: 10
MAX 90 OR ABOVE: 8 0.10 INCH OR MORE: 9
MIN 32 OR BELOW: 0 0.50 INCH OR MORE: 3
MIN 0 OR BELOW: 0 1.00 INCH OR MORE: 1
[HDD (BASE 65) ]
TOTAL THIS MO. 2 CLEAR (SCALE 0-3) 15
DPTR FM NORMAL -3 PTCLDY (SCALE 4-7) 12
TOTAL FM JUL 1 2 CLOUDY (SCALE 8-10) 3
DPTR FM NORMAL -3
[CDD (BASE 65) ]
TOTAL THIS MO. 319
DPTR FM NORMAL -50 [PRESSURE DATA]
TOTAL FM JAN 1 2547 HIGHEST SLP M ON M
DPTR FM NORMAL 143 LOWEST SLP 29.69 ON 1
[REMARKS]
#FINAL-09-20#