000
CXUS51 KPHI 161913
CF6RDG
PRELIMINARY LOCAL CLIMATOLOGICAL DATA (WS FORM: F-6)
STATION: READING PA
MONTH: APRIL
YEAR: 2023
LATITUDE: 40 22 N
LONGITUDE: 75 58 W
TEMPERATURE IN F: :PCPN: SNOW: WIND :SUNSHINE: SKY :PK WND
================================================================================
1 2 3 4 5 6A 6B 7 8 9 10 11 12 13 14 15 16 17 18
12Z AVG MX 2MIN
DY MAX MIN AVG DEP HDD CDD WTR SNW DPTH SPD SPD DIR MIN PSBL S-S WX SPD DR
================================================================================
1 75 48 62 15 3 0 0.30 0.0 0 13.8 33 300 M M 7 13 43 300
2 51 37 44 -4 21 0 0.00 0.0 0 12.4 30 320 M M 3 36 320
3 64 30 47 -1 18 0 0.00 0.0 0 7.5 21 210 M M 1 27 190
4 77 44 61 13 4 0 0.00 0.0 0 3.8 15 190 M M 0 20 200
5 69 52 61 12 4 0 0.00 0.0 0 6.0 13 100 M M 4 20 70
6 80 52 66 17 0 1 0.06 0.0 0 6.3 24 340 M M 8 12 28 320
7 56 43 50 1 15 0 0.00 0.0 0 9.5 21 320 M M 2 25 310
8 54 35 45 -5 20 0 0.00 0.0 0 4.5 15 10 M M 0 19 360
9 61 31 46 -4 19 0 0.00 0.0 0 3.4 14 170 M M 0 19 160
10 67 32 50 -1 15 0 0.00 0.0 0 3.8 13 230 M M 0 17 230
11 75 38 57 6 8 0 0.00 0.0 0 6.7 18 250 M M 0 27 230
12 84 61 73 22 0 8 0.00 0.0 0 10.5 24 290 M M 0 32 280
13 87 55 71 19 0 6 0.00 0.0 0 7.2 17 230 M M 0 24 220
14 88 52 70 18 0 5 0.00 0.0 0 4.6 15 210 M M 0 8 20 190
15 76 58 67 15 0 2 0.04 0.0 0 4.0 17 170 M M 6 13 23 170
16 77 58 68 15 0 3 T 0.0 0 4.1 14 130 M M 7 128 19 130
17 67 51 59 6 6 0 0.26 0.0 0 11.3 24 260 M M 9 1 32 270
18 55 41 48 -6 17 0 T 0.0 0 13.1 24 310 M M 6 33 300
19 68 34 51 -3 14 0 0.00 0.0 0 8.1 21 280 M M 0 27 240
20 78 45 62 8 3 0 0.00 0.0 0 3.6 10 170 M M 1 13 190
21 82 49 66 11 0 1 0.00 0.0 0 5.4 14 110 M M 0 19 120
22 77 54 66 11 0 1 0.24 0.0 0 7.7 37 240 M M 6 138 52 270
23 66 42 54 -1 11 0 T 0.0 0 9.9 23 300 M M 4 1 30 300
24 59 36 48 -8 17 0 0.00 0.0 0 5.8 14 280 M M 2 20 270
25 59 35 47 -9 18 0 0.00 0.0 0 5.0 16 300 M M 1 20 290
26 64 40 52 -4 13 0 0.01 0.0 0 5.8 17 210 M M 6 23 210
27 65 46 56 -1 9 0 0.00 0.0 0 6.2 14 140 M M 7 1 21 130
28 54 49 52 -5 13 0 0.91 0.0 0 10.3 20 60 M M 9 1 29 70
29 59 49 54 -3 11 0 0.10 0.0 0 5.0 14 60 M M 10 18 23 120
30 59 51 55 -3 10 0 2.31 0.0 0 7.9 28 310 M M 10 13 37 300
================================================================================
SM 2053 1348 269 27 4.23 0.0 213.2 M 109
================================================================================
AV 68.4 44.9 7.1 FASTST M M 4 MAX(MPH)
MISC ----> 37 240 52 270
================================================================================
NOTES:
# LAST OF SEVERAL OCCURRENCES
COLUMN 17 PEAK WIND IN M.P.H.
PRELIMINARY LOCAL CLIMATOLOGICAL DATA (WS FORM: F-6) , PAGE 2
STATION: READING PA
MONTH: APRIL
YEAR: 2023
LATITUDE: 40 22 N
LONGITUDE: 75 58 W
[TEMPERATURE DATA] [PRECIPITATION DATA] SYMBOLS USED IN COLUMN 16
AVERAGE MONTHLY: 56.7 TOTAL FOR MONTH: 4.23 1 = FOG OR MIST
DPTR FM NORMAL: 4.2 DPTR FM NORMAL: 0.88 2 = FOG REDUCING VISIBILITY
HIGHEST: 88 ON 14 GRTST 24HR 2.31 ON 30-30 TO 1/4 MILE OR LESS
LOWEST: 30 ON 3 3 = THUNDER
SNOW, ICE PELLETS, HAIL 4 = ICE PELLETS
TOTAL MONTH: 0.0 INCH 5 = HAIL
GRTST 24HR 0.0 6 = FREEZING RAIN OR DRIZZLE
GRTST DEPTH: 0 7 = DUSTSTORM OR SANDSTORM:
VSBY 1/2 MILE OR LESS
8 = SMOKE OR HAZE
[NO. OF DAYS WITH] [WEATHER - DAYS WITH] 9 = BLOWING SNOW
X = TORNADO
MAX 32 OR BELOW: 0 0.01 INCH OR MORE: 9
MAX 90 OR ABOVE: 0 0.10 INCH OR MORE: 6
MIN 32 OR BELOW: 3 0.50 INCH OR MORE: 2
MIN 0 OR BELOW: 0 1.00 INCH OR MORE: 1
[HDD (BASE 65) ]
TOTAL THIS MO. 269 CLEAR (SCALE 0-3) 16
DPTR FM NORMAL -116 PTCLDY (SCALE 4-7) 10
TOTAL FM JUL 1 4188 CLOUDY (SCALE 8-10) 4
DPTR FM NORMAL -780
[CDD (BASE 65) ]
TOTAL THIS MO. 27
DPTR FM NORMAL 16 [PRESSURE DATA]
TOTAL FM JAN 1 27 HIGHEST SLP 30.57 ON 8
DPTR FM NORMAL 16 LOWEST SLP 29.17 ON 30
[REMARKS]
#FINAL-04-23#