000
CXUS51 KPHI 011401
CLMRDG
CLIMATE REPORT
NATIONAL WEATHER SERVICE MOUNT HOLLY NJ
1001 AM EDT SAT APR 01 2023
...................................
...THE READING PA CLIMATE SUMMARY FOR THE MONTH OF MARCH 2023...
CLIMATE NORMAL PERIOD: 1991 TO 2020
CLIMATE RECORD PERIOD: 1869 TO 2023
WEATHER OBSERVED NORMAL DEPART LAST YEAR`S
VALUE DATE(S) VALUE FROM VALUE
NORMAL
..............................................................
TEMPERATURE (F)
RECORD
HIGH 88 03/30/1998
LOW -2 03/10/1984
HIGHEST 66 MM MM 76
LOWEST 23 MM MM 18
AVG. MAXIMUM 52.8 51.0 1.8 55.3
AVG. MINIMUM 33.5 31.9 1.6 34.0
MEAN 43.2 41.5 1.7 44.6
DAYS MAX >= 90 0 0.0 0.0 0
DAYS MAX <= 32 0 1.0 -1.0 0
DAYS MIN <= 32 14 17.4 -3.4 13
DAYS MIN <= 0 0 0.0 0.0 0
PRECIPITATION (INCHES)
RECORD
MAXIMUM 7.19 1913
MINIMUM 0.62 2006
TOTALS 2.53 3.53 -1.00 3.48
DAILY AVG. 0.08 0.11 -0.03 0.11
DAYS >= .01 12 10.7 1.3 9
DAYS >= .10 5 6.3 -1.3 7
DAYS >= .50 1 2.3 -1.3 2
DAYS >= 1.00 0 0.6 -0.6 1
GREATEST
24 HR. TOTAL 0.89 03/03 TO 03/03 1.06
DEGREE DAYS
HEATING TOTAL 668 730 -62 623
SINCE 7/1 3919 4584 -665 MM
COOLING TOTAL 0 0 0 0
SINCE 1/1 0 0 0 MM
..............................................................
WIND (MPH)
AVERAGE WIND SPEED 8.7
HIGHEST WIND SPEED/DIRECTION 35/300 DATE 03/14
35/310 03/29
HIGHEST GUST SPEED/DIRECTION 49/290 DATE 03/14
SKY COVER
POSSIBLE SUNSHINE (PERCENT) MM
AVERAGE SKY COVER 0.46
NUMBER OF DAYS FAIR 14
NUMBER OF DAYS PC 10
NUMBER OF DAYS CLOUDY 7
AVERAGE RH (PERCENT) 58
WEATHER CONDITIONS. NUMBER OF DAYS WITH
THUNDERSTORM 2 MIXED PRECIP 0
HEAVY RAIN 4 RAIN 6
LIGHT RAIN 15 FREEZING RAIN 0
LT FREEZING RAIN 0 HEAVY SNOW 0
SNOW 0 LIGHT SNOW 4
SLEET 1 FOG 13
FOG W/VIS <= 1/4 MILE 3 HAZE 2
- INDICATES NEGATIVE NUMBERS.
R INDICATES RECORD WAS SET OR TIED.
MM INDICATES DATA IS MISSING.
T INDICATES TRACE AMOUNT.
$$