000
CXUS56 KPDT 011810
CF6RDM
PRELIMINARY LOCAL CLIMATOLOGICAL DATA (WS FORM: F-6)
STATION: REDMOND OR
MONTH: JULY
YEAR: 2022
LATITUDE: 44 16 N
LONGITUDE: 121 9 W
TEMPERATURE IN F: :PCPN: SNOW: WIND :SUNSHINE: SKY :PK WND
================================================================================
1 2 3 4 5 6A 6B 7 8 9 10 11 12 13 14 15 16 17 18
12Z AVG MX 2MIN
DY MAX MIN AVG DEP HDD CDD WTR SNW DPTH SPD SPD DIR MIN PSBL S-S WX SPD DR
================================================================================
1 87 46 67 3 0 2 0.00 M M 7.1 20 360 M M 0 26 340
2 83 47 65 0 0 0 0.08 M M 7.1 25 280 M M 3 3 28 300
3 79 52 66 1 0 1 0.12 M M 6.3 21 300 M M 3 3 25 290
4 81 48 65 0 0 0 T M M 5.9 16 300 M M 3 21 300
5 78 55 67 1 0 2 T M M 6.6 22 280 M M 9 26 270
6 82 54 68 2 0 3 0.00 M M 6.7 22 300 M M 7 27 310
7 83 60 72 6 0 7 0.00 M M 8.1 20 350 M M 5 26 10
8 87 52 70 3 0 5 0.00 M M 7.4 20 300 M M 3 26 320
9 89 53 71 4 0 6 0.00 M M 8.2 23 300 M M 2 32 280
10 86 47 67 0 0 2 0.00 M M 6.2 16 30 M M 0 19 30
11 96 50 73 5 0 8 0.00 M M 7.5 20 330 M M 0 26 330
12 98 54 76 8 0 11 0.00 M M 7.3 22 330 M M 0 28 350
13 92 56 74 6 0 9 0.00 M M 8.1 22 330 M M 0 25 330
14 95 49 72 4 0 7 0.00 M M 7.8 23 300 M M 0 29 290
15 94 54 74 6 0 9 0.00 M M 8.1 22 360 M M 0 26 330
16 93 52 73 4 0 8 0.00 M M 7.0 20 310 M M 0 25 330
17 88 50 69 0 0 4 0.00 M M 8.8 23 330 M M 0 30 340
18 86 41 64 -5 1 0 0.00 M M 6.1 15 330 M M 0 19 340
19 96 46 71 2 0 6 0.00 M M 7.7 21 340 M M 0 28 330
20 100 47 74 5 0 9 0.00 M M 7.3 21 310 M M 0 29 10
21 99 55 77 8 0 12 0.00 M M 9.9 23 320 M M 0 29 210
22 88 46 67 -3 0 2 0.00 M M 5.2 16 340 M M 0 20 350
23 90 43 67 -3 0 2 0.00 M M 5.2 18 340 M M 0 23 360
24 94 42 68 -2 0 3 0.00 M M 7.2 17 340 M M 0 23 310
25 100 47 74 4 0 9 0.00 M M 4.3 15 350 M M 0 18 20
26 103 52 78 8 0 13 0.00 M M 6.6 15 310 M M 0 21 340
27 104 60 82 12 0 17 0.00 M M 6.0 17 10 M M 0 22 360
28 107 56 82 12 0 17 0.00 M M 4.3 15 310 M M 0 8 21 310
29 109 58 84 14 0 19 0.00 M M 7.5 21 340 M M 0 28 340
30 108 60 84 14 0 19 0.00 M M 5.7 28 340 M M 0 8 35 340
31 105 68 87 17 0 22 T M M 7.1 32 320 M M 0 38 330
================================================================================
SM 2880 1600 1 234 0.20 M 214.3 M 35
================================================================================
AV 92.9 51.6 6.9 FASTST M M 1 MAX(MPH)
MISC ----> 32 320 38 330
================================================================================
NOTES:
# LAST OF SEVERAL OCCURRENCES
COLUMN 17 PEAK WIND IN M.P.H.
PRELIMINARY LOCAL CLIMATOLOGICAL DATA (WS FORM: F-6) , PAGE 2
STATION: REDMOND OR
MONTH: JULY
YEAR: 2022
LATITUDE: 44 16 N
LONGITUDE: 121 9 W
[TEMPERATURE DATA] [PRECIPITATION DATA] SYMBOLS USED IN COLUMN 16
AVERAGE MONTHLY: 72.3 TOTAL FOR MONTH: 0.20 1 = FOG OR MIST
DPTR FM NORMAL: 4.3 DPTR FM NORMAL: -0.20 2 = FOG REDUCING VISIBILITY
HIGHEST: 109 ON 29 GRTST 24HR 0.13 ON 2- 3 TO 1/4 MILE OR LESS
LOWEST: 41 ON 18 3 = THUNDER
SNOW, ICE PELLETS, HAIL 4 = ICE PELLETS
TOTAL MONTH: M 5 = HAIL
GRTST 24HR M ON M 6 = FREEZING RAIN OR DRIZZLE
GRTST DEPTH: M ON M 7 = DUSTSTORM OR SANDSTORM:
VSBY 1/2 MILE OR LESS
8 = SMOKE OR HAZE
[NO. OF DAYS WITH] [WEATHER - DAYS WITH] 9 = BLOWING SNOW
X = TORNADO
MAX 32 OR BELOW: 0 0.01 INCH OR MORE: 2
MAX 90 OR ABOVE: 18 0.10 INCH OR MORE: 1
MIN 32 OR BELOW: 0 0.50 INCH OR MORE: 0
MIN 0 OR BELOW: 0 1.00 INCH OR MORE: 0
[HDD (BASE 65) ]
TOTAL THIS MO. 1 CLEAR (SCALE 0-3) 27
DPTR FM NORMAL -43 PTCLDY (SCALE 4-7) 3
TOTAL FM JUL 1 1 CLOUDY (SCALE 8-10) 1
DPTR FM NORMAL -45
[CDD (BASE 65) ]
TOTAL THIS MO. 234
DPTR FM NORMAL 98 [PRESSURE DATA]
TOTAL FM JAN 1 275 HIGHEST SLP 30.27 ON 10
DPTR FM NORMAL 99 LOWEST SLP 29.74 ON 12
[REMARKS]
#FINAL-07-22#