000
CXUS56 KPDT 020532
CF6RDM
PRELIMINARY LOCAL CLIMATOLOGICAL DATA (WS FORM: F-6)
STATION: REDMOND OR
MONTH: MARCH
YEAR: 2020
LATITUDE: 44 16 N
LONGITUDE: 121 9 W
TEMPERATURE IN F: :PCPN: SNOW: WIND :SUNSHINE: SKY :PK WND
================================================================================
1 2 3 4 5 6A 6B 7 8 9 10 11 12 13 14 15 16 17 18
12Z AVG MX 2MIN
DY MAX MIN AVG DEP HDD CDD WTR SNW DPTH SPD SPD DIR MIN PSBL S-S WX SPD DR
================================================================================
1 46 13 30 -7 35 0 0.00 M M 4.0 13 340 M M 1 16 360
2 56 25 41 4 24 0 0.00 M M 7.7 20 290 M M 4 24 290
3 63 25 44 6 21 0 0.00 M M 6.1 22 310 M M 0 28 310
4 61 21 41 3 24 0 0.00 M M 3.6 13 350 M M 0 17 360
5 71 28 50 12 15 0 0.00 M M 6.6 22 190 M M 0 30 230
6 61 28 45 7 20 0 0.07 M M 6.4 18 330 M M 3 1 22 330
7 47 25 36 -2 29 0 0.01 M M 4.7 21 300 M M 8 1 27 300
8 46 21 34 -5 31 0 0.02 M M 2.3 8 280 M M 6 11 340
9 53 26 40 1 25 0 T M M 2.7 9 350 M M 3 1 12 330
10 62 17 40 1 25 0 0.00 M M 3.4 12 180 M M 0 15 190
11 61 25 43 4 22 0 0.00 M M 8.2 20 270 M M 0 27 280
12 56 13 35 -4 30 0 0.00 M M 4.6 15 340 M M 0 23 10
13 58 19 39 -1 26 0 0.08 M M 6.1 18 340 M M 5 1 26 340
14 37 21 29 -11 36 0 0.12 M M 11.7 21 330 M M 8 12 26 310
15 23 20 22 -18 43 0 0.04 M M 9.7 17 320 M M 10 1 22 320
16 36 19 28 -12 37 0 0.01 M M 7.1 15 330 M M 7 18 18 320
17 50 13 32 -8 33 0 0.00 M M 5.7 14 320 M M 0 17 320
18 52 28 40 0 25 0 0.00 M M 2.3 10 320 M M 5 14 310
19 60 20 40 0 25 0 0.00 M M 3.7 12 330 M M 1 17 70
20 62 26 44 3 21 0 0.00 M M 4.1 15 340 M M 2 19 320
21 63 24 44 3 21 0 0.00 M M 5.7 18 280 M M 0 22 290
22 66 23 45 4 20 0 0.00 M M 5.8 18 300 M M 0 23 290
23 53 27 40 -1 25 0 T M M 7.1 22 300 M M 4 27 270
24 49 23 36 -5 29 0 0.02 M M 5.6 23 290 M M 4 32 300
25 45 17 31 -10 34 0 0.01 M M 5.9 20 340 M M 4 24 340
26 50 19 35 -7 30 0 0.00 M M 7.7 20 300 M M 0 24 290
27 51 25 38 -4 27 0 T M M 5.2 16 300 M M 9 20 300
28 52 36 44 2 21 0 0.01 M M 6.3 15 270 M M 10 20 280
29 58 37 48 6 17 0 0.04 M M 9.2 22 300 M M 7 28 260
30 55 38 47 5 18 0 0.01 M M 12.3 32 230 M M 6 43 250
31 45 28 37 -5 28 0 0.10 M M 9.6 28 280 M M 7 18 34 280
================================================================================
SM 1648 730 817 0 0.54 M 191.1 M 114
================================================================================
AV 53.2 23.6 6.2 FASTST M M 4 MAX(MPH)
MISC ----> # 32 230 # 43 250
================================================================================
NOTES:
# LAST OF SEVERAL OCCURRENCES
COLUMN 17 PEAK WIND IN M.P.H.
PRELIMINARY LOCAL CLIMATOLOGICAL DATA (WS FORM: F-6) , PAGE 2
STATION: REDMOND OR
MONTH: MARCH
YEAR: 2020
LATITUDE: 44 16 N
LONGITUDE: 121 9 W
[TEMPERATURE DATA] [PRECIPITATION DATA] SYMBOLS USED IN COLUMN 16
AVERAGE MONTHLY: 38.4 TOTAL FOR MONTH: 0.54 1 = FOG OR MIST
DPTR FM NORMAL: -1.5 DPTR FM NORMAL: -0.12 2 = FOG REDUCING VISIBILITY
HIGHEST: 71 ON 5 GRTST 24HR 0.12 ON 14-14 TO 1/4 MILE OR LESS
LOWEST: 13 ON 17,12 3 = THUNDER
SNOW, ICE PELLETS, HAIL 4 = ICE PELLETS
TOTAL MONTH: M 5 = HAIL
GRTST 24HR M ON M 6 = FREEZING RAIN OR DRIZZLE
GRTST DEPTH: M ON M 7 = DUSTSTORM OR SANDSTORM:
VSBY 1/2 MILE OR LESS
8 = SMOKE OR HAZE
[NO. OF DAYS WITH] [WEATHER - DAYS WITH] 9 = BLOWING SNOW
X = TORNADO
MAX 32 OR BELOW: 1 0.01 INCH OR MORE: 13
MAX 90 OR ABOVE: 0 0.10 INCH OR MORE: 2
MIN 32 OR BELOW: 28 0.50 INCH OR MORE: 0
MIN 0 OR BELOW: 0 1.00 INCH OR MORE: 0
[HDD (BASE 65) ]
TOTAL THIS MO. 817 CLEAR (SCALE 0-3) 14
DPTR FM NORMAL 39 PTCLDY (SCALE 4-7) 13
TOTAL FM JUL 1 5038 CLOUDY (SCALE 8-10) 4
DPTR FM NORMAL -413
[CDD (BASE 65) ]
TOTAL THIS MO. 0
DPTR FM NORMAL 0 [PRESSURE DATA]
TOTAL FM JAN 1 0 HIGHEST SLP 30.35 ON 1
DPTR FM NORMAL 0 LOWEST SLP 29.47 ON 13
[REMARKS]
#FINAL-03-20#