000
CXUS52 KRAH 031012 RRA
CLSRDU
CLIMATE REPORT
NATIONAL WEATHER SERVICE RALEIGH NC
507 AM EST FRI DEC 03 2021
...................................
...THE RALEIGH NC CLIMATE SUMMARY FOR THE SEASON, FROM
9/1/2021 TO 11/30/2021...
CLIMATE NORMAL PERIOD 1991 TO 2020
CLIMATE RECORD PERIOD 1887 TO 2021
WEATHER OBSERVED NORMAL DEPART LAST YEAR`S
VALUE DATE(S) VALUE FROM VALUE
NORMAL
..............................................................
TEMPERATURE (F)
RECORD
HIGH 104 09/06/1954
LOW 11 11/25/1970
HIGHEST 93 09/08
LOWEST 24 11/24
AVG. MAXIMUM 74.2 72.8 1.4
AVG. MINIMUM 51.1 51.0 0.1
MEAN 62.7 61.9 0.8
DAYS MAX >= 90 5 4.9 0.1
DAYS MAX <= 32 0 0.0 0.0
DAYS MIN <= 32 9 8.5 0.5
DAYS MIN <= 0 0 0.0 0.0
PRECIPITATION (INCHES)
RECORD
MAXIMUM 25.44 1999
MINIMUM 2.34 1973
TOTALS 11.14 11.84 -0.70
DAYS >= .01 17 24.8 -7.8
DAYS >= 1.00 3 3.5 -0.5
GREATEST
24 HR. TOTAL 4.96 10/09 TO 10/09
DEGREE DAYS
HEATING TOTAL 545 586 -41
SINCE 7/1 545 587 -42
COOLING TOTAL 359 306 53
SINCE 1/1 1857 1802 55
..............................................................
WIND (MPH)
AVERAGE WIND SPEED 5.1
HIGHEST WIND SPEED/DIRECTION 29/230 DATE 09/01
HIGHEST GUST SPEED/DIRECTION 38/210 DATE 09/01
SKY COVER
POSSIBLE SUNSHINE (PERCENT) MM
AVERAGE SKY COVER 0.49
NUMBER OF DAYS FAIR 36
NUMBER OF DAYS PC 27
NUMBER OF DAYS CLOUDY 28
AVERAGE RH (PERCENT) 71
WEATHER CONDITIONS. NUMBER OF DAYS WITH
THUNDERSTORM 5 MIXED PRECIP 0
HEAVY RAIN 6 RAIN 10
LIGHT RAIN 23 FREEZING RAIN 0
LT FREEZING RAIN 0 HAIL 0
HEAVY SNOW 0 SNOW 0
LIGHT SNOW 0 SLEET 0
FOG 24 FOG W/VIS <= 1/4 MILE 0
HAZE 0
- INDICATES NEGATIVE NUMBERS.
R INDICATES RECORD WAS SET OR TIED.
MM INDICATES DATA IS MISSING.
T INDICATES TRACE AMOUNT.
$$