000
CXUS56 KBOI 011002
CF6REO
PRELIMINARY LOCAL CLIMATOLOGICAL DATA (WS FORM: F-6)
STATION: ROME OR
MONTH: JANUARY
YEAR: 2022
LATITUDE: 42 35 N
LONGITUDE: 117 52 W
TEMPERATURE IN F: :PCPN: SNOW: WIND :SUNSHINE: SKY :PK WND
================================================================================
1 2 3 4 5 6A 6B 7 8 9 10 11 12 13 14 15 16 17 18
12Z AVG MX 2MIN
DY MAX MIN AVG DEP HDD CDD WTR SNW DPTH SPD SPD DIR MIN PSBL S-S WX SPD DR
================================================================================
1 20 -4 8 -22 57 0 0.00 M M 7.7 16 170 M M 0 21 160
2 27 -2 13 -17 52 0 0.00 M M 5.2 20 200 M M 0 26 190
3 44 3 24 -6 41 0 0.01 M M 19.2 43 220 M M 0 62 230
4 41 32 37 7 28 0 0.06 M M 11.8 32 250 M M 0 45 260
5 47 36 42 12 23 0 0.00 M M 11.8 29 250 M M 0 43 240
6 54 37 46 16 19 0 0.00 M M 13.7 25 230 M M 0 39 220
7 51 34 43 13 22 0 0.00 M M 16.1 35 250 M M 0 46 240
8 41 25 33 3 32 0 0.00 M M 6.4 14 90 M M 0 20 240
9 42 19 31 1 34 0 0.00 M M 2.8 12 130 M M 0 18 130
10 38 19 29 -1 36 0 0.00 M M 3.5 10 100 M M 0 12 100
11 43 25 34 4 31 0 0.00 M M 3.5 10 40 M M 0 13 30
12 47 24 36 6 29 0 0.00 M M 4.2 10 70 M M 0 13 150
13 54 27 41 10 24 0 0.00 M M 5.2 18 260 M M 0 24 260
14 46 25 36 5 29 0 0.00 M M 4.9 10 170 M M 0 11 70
15 39 21 30 -1 35 0 0.00 M M 5.6 13 30 M M 0 16 30
16 29 25 27 -4 38 0 0.00 M M 2.3 8 170 M M M 8 270
17 26 25 26 -5 39 0 0.00 M M M M M M M M M M
18 36 25 31 0 34 0 0.00 M M 1.9 12 70 M M 0 16 70
19 M M M M M M M M M M M M M M M M M
20 49 29 39 8 26 0 0.01 M M 5.1 25 320 M M 0 37 310
21 43 26 35 4 30 0 0.00 M M 7.9 23 300 M M 0 31 300
22 47 22 35 4 30 0 0.00 M M 5.3 10 40 M M 0 14 40
23 32 25 29 -3 36 0 0.00 M M 2.6 9 80 M M 0 12 40
24 43 20 32 0 33 0 0.00 M M 3.5 16 30 M M 0 23 50
25 40 16 28 -4 37 0 0.00 M M 4.6 9 150 M M 0 12 80
26 37 16 27 -5 38 0 0.00 M M 4.5 12 50 M M 0 15 40
27 26 22 24 -8 41 0 0.00 M M 4.0 10 60 M M 0 14 40
28 33 17 25 -7 40 0 0.00 M M 4.1 10 40 M M 0 13 40
29 22 13 18 -14 47 0 0.00 M M 3.1 8 220 M M 0 12 220
30 33 17 25 -7 40 0 0.00 M M 2.3 8 80 M M 0 10 230
31 43 23 33 1 32 0 0.00 M M 10.1 23 330 M M 0 35 340
================================================================================
SM 1173 642 1033 0 0.08 M 182.9 M 0
================================================================================
AV 39.1 21.4 6.3 FASTST M M 0 MAX(MPH)
MISC ----> 43 220 62 230
================================================================================
NOTES:
# LAST OF SEVERAL OCCURRENCES
COLUMN 17 PEAK WIND IN M.P.H.
PRELIMINARY LOCAL CLIMATOLOGICAL DATA (WS FORM: F-6) , PAGE 2
STATION: ROME OR
MONTH: JANUARY
YEAR: 2022
LATITUDE: 42 35 N
LONGITUDE: 117 52 W
[TEMPERATURE DATA] [PRECIPITATION DATA] SYMBOLS USED IN COLUMN 16
AVERAGE MONTHLY: 30.3 TOTAL FOR MONTH: 0.08 1 = FOG OR MIST
DPTR FM NORMAL: -0.5 DPTR FM NORMAL: -0.76 2 = FOG REDUCING VISIBILITY
HIGHEST: 54 ON 13, 6 GRTST 24HR 0.32 ON 4- 5 TO 1/4 MILE OR LESS
LOWEST: -4 ON 1 3 = THUNDER
SNOW, ICE PELLETS, HAIL 4 = ICE PELLETS
TOTAL MONTH: M 5 = HAIL
GRTST 24HR M ON M 6 = FREEZING RAIN OR DRIZZLE
GRTST DEPTH: M ON M 7 = DUSTSTORM OR SANDSTORM:
VSBY 1/2 MILE OR LESS
8 = SMOKE OR HAZE
[NO. OF DAYS WITH] [WEATHER - DAYS WITH] 9 = BLOWING SNOW
X = TORNADO
MAX 32 OR BELOW: 7 0.01 INCH OR MORE: 3
MAX 90 OR ABOVE: 0 0.10 INCH OR MORE: 0
MIN 32 OR BELOW: 27 0.50 INCH OR MORE: 0
MIN 0 OR BELOW: 2 1.00 INCH OR MORE: 0
[HDD (BASE 65) ]
TOTAL THIS MO. 1033 CLEAR (SCALE 0-3) 28
DPTR FM NORMAL -26 PTCLDY (SCALE 4-7) 0
TOTAL FM JUL 1 3219 CLOUDY (SCALE 8-10) 3
DPTR FM NORMAL -422
[CDD (BASE 65) ]
TOTAL THIS MO. 0
DPTR FM NORMAL 0 [PRESSURE DATA]
TOTAL FM JAN 1 0 HIGHEST SLP M ON M
DPTR FM NORMAL 0 LOWEST SLP 29.57 ON 7
[REMARKS]
#FINAL-01-22#