000
CXUS56 KBOI 011002
CF6REO
PRELIMINARY LOCAL CLIMATOLOGICAL DATA (WS FORM: F-6)
STATION: ROME OR
MONTH: NOVEMBER
YEAR: 2021
LATITUDE: 42 35 N
LONGITUDE: 117 52 W
TEMPERATURE IN F: :PCPN: SNOW: WIND :SUNSHINE: SKY :PK WND
================================================================================
1 2 3 4 5 6A 6B 7 8 9 10 11 12 13 14 15 16 17 18
12Z AVG MX 2MIN
DY MAX MIN AVG DEP HDD CDD WTR SNW DPTH SPD SPD DIR MIN PSBL S-S WX SPD DR
================================================================================
1 53 40 47 4 18 0 0.27 M M 2.6 13 250 M M 0 17 260
2 58 34 46 3 19 0 0.00 M M 3.3 9 140 M M 0 11 140
3 64 33 49 7 16 0 0.00 M M 3.7 12 160 M M 0 18 60
4 63 40 52 10 13 0 0.00 M M 14.2 31 250 M M 0 41 220
5 59 35 47 5 18 0 0.00 M M 7.7 39 240 M M 0 60 260
6 53 38 46 5 19 0 0.02 M M 9.2 28 260 M M 0 37 260
7 49 24 37 -4 28 0 0.00 M M 5.1 13 70 M M 0 18 50
8 52 20 36 -4 29 0 0.00 M M 4.1 14 180 M M 0 17 190
9 59 40 50 10 15 0 0.03 M M 15.6 30 250 M M 0 43 250
10 51 36 44 4 21 0 0.00 M M 4.6 10 90 M M 0 14 80
11 59 38 49 10 16 0 0.03 M M 6.9 20 240 M M 0 24 250
12 71 30 51 12 14 0 0.00 M M 3.9 12 210 M M 0 15 280
13 65 39 52 14 13 0 0.00 M M 6.1 13 240 M M 0 15 240
14 73 43 58 20 7 0 0.00 M M 9.3 18 150 M M 0 26 150
15 66 45 56 18 9 0 0.00 M M 11.2 25 250 M M 0 38 230
16 56 18 37 0 28 0 0.00 M M 9.5 21 240 M M 0 29 230
17 46 13 30 -7 35 0 0.00 M M 5.7 15 50 M M 0 20 50
18 45 21 33 -3 32 0 0.04 M M 4.1 14 180 M M 0 20 210
19 58 38 48 12 17 0 0.00 M M 11.1 25 260 M M 0 35 250
20 49 22 36 0 29 0 0.00 M M 4.6 9 180 M M 0 13 90
21 49 16 33 -2 32 0 0.00 M M 3.8 12 150 M M 0 14 150
22 52 15 34 -1 31 0 0.00 M M 5.5 12 180 M M 0 13 170
23 49 23 36 2 29 0 0.00 M M 11.7 31 300 M M 0 43 290
24 44 14 29 -5 36 0 0.00 M M 4.9 14 170 M M 0 17 160
25 52 17 35 1 30 0 0.00 M M 5.6 13 180 M M 0 18 160
26 58 29 44 11 21 0 0.00 M M 5.1 17 160 M M 0 26 160
27 61 27 44 11 21 0 0.00 M M 4.6 12 160 M M 0 14 160
28 66 29 48 15 17 0 0.00 M M 6.7 15 160 M M 0 M M
29 64 27 46 14 19 0 0.00 M M 5.6 16 120 M M 0 22 130
30 59 23 41 9 24 0 0.00 M M 5.4 13 150 M M 0 14 160
================================================================================
SM 1703 867 656 0 0.39 M 201.4 M 0
================================================================================
AV 56.8 28.9 6.7 FASTST M M 0 MAX(MPH)
MISC ----> 39 240 60 260
================================================================================
NOTES:
# LAST OF SEVERAL OCCURRENCES
COLUMN 17 PEAK WIND IN M.P.H.
PRELIMINARY LOCAL CLIMATOLOGICAL DATA (WS FORM: F-6) , PAGE 2
STATION: ROME OR
MONTH: NOVEMBER
YEAR: 2021
LATITUDE: 42 35 N
LONGITUDE: 117 52 W
[TEMPERATURE DATA] [PRECIPITATION DATA] SYMBOLS USED IN COLUMN 16
AVERAGE MONTHLY: 42.8 TOTAL FOR MONTH: 0.39 1 = FOG OR MIST
DPTR FM NORMAL: 5.4 DPTR FM NORMAL: -0.15 2 = FOG REDUCING VISIBILITY
HIGHEST: 73 ON 14 GRTST 24HR 0.27 ON 1- 1 TO 1/4 MILE OR LESS
LOWEST: 13 ON 17 3 = THUNDER
SNOW, ICE PELLETS, HAIL 4 = ICE PELLETS
TOTAL MONTH: M 5 = HAIL
GRTST 24HR M ON M 6 = FREEZING RAIN OR DRIZZLE
GRTST DEPTH: M ON M 7 = DUSTSTORM OR SANDSTORM:
VSBY 1/2 MILE OR LESS
8 = SMOKE OR HAZE
[NO. OF DAYS WITH] [WEATHER - DAYS WITH] 9 = BLOWING SNOW
X = TORNADO
MAX 32 OR BELOW: 0 0.01 INCH OR MORE: 5
MAX 90 OR ABOVE: 0 0.10 INCH OR MORE: 1
MIN 32 OR BELOW: 17 0.50 INCH OR MORE: 0
MIN 0 OR BELOW: 0 1.00 INCH OR MORE: 0
[HDD (BASE 65) ]
TOTAL THIS MO. 656 CLEAR (SCALE 0-3) 30
DPTR FM NORMAL -172 PTCLDY (SCALE 4-7) 0
TOTAL FM JUL 1 1179 CLOUDY (SCALE 8-10) 0
DPTR FM NORMAL -308
[CDD (BASE 65) ]
TOTAL THIS MO. 0
DPTR FM NORMAL 0 [PRESSURE DATA]
TOTAL FM JAN 1 1016 HIGHEST SLP M ON M
DPTR FM NORMAL 357 LOWEST SLP 29.77 ON 9
[REMARKS]
#FINAL-11-21#