000
CXUS56 KBOI 011446
CF6REO
PRELIMINARY LOCAL CLIMATOLOGICAL DATA (WS FORM: F-6)
STATION: ROME OR
MONTH: DECEMBER
YEAR: 2020
LATITUDE: 42 35 N
LONGITUDE: 117 52 W
TEMPERATURE IN F: :PCPN: SNOW: WIND :SUNSHINE: SKY :PK WND
================================================================================
1 2 3 4 5 6A 6B 7 8 9 10 11 12 13 14 15 16 17 18
12Z AVG MX 2MIN
DY MAX MIN AVG DEP HDD CDD WTR SNW DPTH SPD SPD DIR MIN PSBL S-S WX SPD DR
================================================================================
1 40 13 27 -4 38 0 0.00 M M 5.0 12 150 M M 0 14 150
2 42 8 25 -5 40 0 0.00 M M 5.7 13 40 M M 0 16 50
3 42 9 26 -4 39 0 0.00 M M 4.2 9 180 M M 0 10 170
4 40 10 25 -5 40 0 0.00 M M 3.9 12 180 M M 0 14 360
5 43 8 26 -4 39 0 0.00 M M 3.9 12 150 M M 0 13 150
6 46 18 32 3 33 0 0.00 M M 4.4 12 160 M M 0 13 160
7 46 13 30 1 35 0 0.00 M M 4.5 10 150 M M 0 13 320
8 46 10 28 -1 37 0 0.00 M M 5.3 12 190 M M 0 13 70
9 45 9 27 -2 38 0 0.00 M M 4.6 14 170 M M 0 16 160
10 43 11 27 -1 38 0 0.00 M M 4.4 9 170 M M 0 11 90
11 41 19 30 2 35 0 0.00 M M 8.1 17 240 M M 0 27 220
12 38 10 24 -4 41 0 0.00 M M 4.3 13 160 M M 0 15 170
13 34 18 26 -2 39 0 0.13 M M 3.8 10 300 M M 0 13 220
14 34 22 28 0 37 0 0.02 M M 4.8 12 50 M M 0 16 50
15 40 16 28 0 37 0 0.00 M M 7.7 22 160 M M 0 29 160
16 45 29 37 9 28 0 0.00 M M 12.0 23 170 M M 0 31 170
17 47 31 39 11 26 0 0.07 M M 9.9 23 330 M M 0 31 220
18 44 22 33 5 32 0 0.00 M M 12.0 26 170 M M 0 37 170
19 50 29 40 12 25 0 0.00 M M 11.2 18 160 M M 0 24 160
20 60 41 51 23 14 0 0.00 M M 14.7 30 240 M M 0 43 230
21 59 39 49 21 16 0 0.00 M M 13.9 23 170 M M 0 31 160
22 48 21 35 7 30 0 0.00 M M 12.1 31 260 M M 0 42 270
23 39 10 25 -3 40 0 0.00 M M 6.2 12 170 M M 0 15 150
24 39 7 23 -5 42 0 0.00 M M 3.9 12 160 M M 0 16 160
25 38 9 24 -4 41 0 0.00 M M 3.8 13 160 M M 0 17 250
26 47 22 35 7 30 0 0.05 M M 10.3 30 240 M M 0 40 240
27 37 10 24 -4 41 0 0.00 M M 4.6 12 30 M M 0 16 90
28 37 11 24 -4 41 0 0.00 M M 7.0 12 40 M M 0 16 40
29 44 6 25 -3 40 0 0.00 M M 7.4 17 160 M M 0 24 160
30 49 27 38 10 27 0 0.00 M M 12.1 26 260 M M 0 42 260
31 46 23 35 7 30 0 0.00 M M 6.9 20 270 M M 0 26 270
================================================================================
SM 1349 531 1069 0 0.27 M 222.6 M 0
================================================================================
AV 43.5 17.1 7.2 FASTST M M 0 MAX(MPH)
MISC ----> 31 260 43 230
================================================================================
NOTES:
# LAST OF SEVERAL OCCURRENCES
COLUMN 17 PEAK WIND IN M.P.H.
PRELIMINARY LOCAL CLIMATOLOGICAL DATA (WS FORM: F-6) , PAGE 2
STATION: ROME OR
MONTH: DECEMBER
YEAR: 2020
LATITUDE: 42 35 N
LONGITUDE: 117 52 W
[TEMPERATURE DATA] [PRECIPITATION DATA] SYMBOLS USED IN COLUMN 16
AVERAGE MONTHLY: 30.3 TOTAL FOR MONTH: 0.27 1 = FOG OR MIST
DPTR FM NORMAL: 1.9 DPTR FM NORMAL: -0.55 2 = FOG REDUCING VISIBILITY
HIGHEST: 60 ON 20 GRTST 24HR 0.15 ON 13-14 TO 1/4 MILE OR LESS
LOWEST: 6 ON 29 3 = THUNDER
SNOW, ICE PELLETS, HAIL 4 = ICE PELLETS
TOTAL MONTH: M 5 = HAIL
GRTST 24HR M ON M 6 = FREEZING RAIN OR DRIZZLE
GRTST DEPTH: M ON M 7 = DUSTSTORM OR SANDSTORM:
VSBY 1/2 MILE OR LESS
8 = SMOKE OR HAZE
[NO. OF DAYS WITH] [WEATHER - DAYS WITH] 9 = BLOWING SNOW
X = TORNADO
MAX 32 OR BELOW: 0 0.01 INCH OR MORE: 4
MAX 90 OR ABOVE: 0 0.10 INCH OR MORE: 1
MIN 32 OR BELOW: 29 0.50 INCH OR MORE: 0
MIN 0 OR BELOW: 0 1.00 INCH OR MORE: 0
[HDD (BASE 65) ]
TOTAL THIS MO. 1069 CLEAR (SCALE 0-3) 31
DPTR FM NORMAL -65 PTCLDY (SCALE 4-7) 0
TOTAL FM JUL 1 2358 CLOUDY (SCALE 8-10) 0
DPTR FM NORMAL -386
[CDD (BASE 65) ]
TOTAL THIS MO. 0
DPTR FM NORMAL 0 [PRESSURE DATA]
TOTAL FM JAN 1 835 HIGHEST SLP 30.67 ON 23
DPTR FM NORMAL 328 LOWEST SLP 29.71 ON 22
[REMARKS]
#FINAL-12-20#