000
CXUS56 KBOI 011002
CF6REO
PRELIMINARY LOCAL CLIMATOLOGICAL DATA (WS FORM: F-6)
STATION: ROME OR
MONTH: SEPTEMBER
YEAR: 2020
LATITUDE: 42 35 N
LONGITUDE: 117 52 W
TEMPERATURE IN F: :PCPN: SNOW: WIND :SUNSHINE: SKY :PK WND
================================================================================
1 2 3 4 5 6A 6B 7 8 9 10 11 12 13 14 15 16 17 18
12Z AVG MX 2MIN
DY MAX MIN AVG DEP HDD CDD WTR SNW DPTH SPD SPD DIR MIN PSBL S-S WX SPD DR
================================================================================
1 87 42 65 -1 0 0 0.00 M M 5.3 13 160 M M 0 17 160
2 99 50 75 9 0 10 0.00 M M 5.5 18 310 M M 0 28 300
3 98 49 74 9 0 9 0.00 M M 5.1 12 30 M M 0 17 50
4 103 50 77 12 0 12 0.00 M M 4.8 20 150 M M 0 28 140
5 106 61 84 19 0 19 0.00 M M 7.1 21 270 M M 0 29 270
6 95 53 74 10 0 9 0.00 M M 6.5 14 310 M M 0 20 270
7 92 50 71 7 0 6 0.00 M M 15.5 32 360 M M 0 45 350
8 70 39 55 -9 10 0 0.00 M M 8.9 23 30 M M 0 32 20
9 80 32 56 -7 9 0 0.00 M M 6.7 15 20 M M 0 22 40
10 88 37 63 0 2 0 0.00 M M 4.6 12 50 M M 0 14 20
11 93 41 67 5 0 2 0.00 M M 6.7 14 320 M M 0 19 270
12 93 46 70 8 0 5 0.00 M M 6.0 13 40 M M 0 17 40
13 97 42 70 8 0 5 0.00 M M 7.4 20 210 M M 0 27 200
14 91 53 72 11 0 7 0.00 M M 8.1 22 230 M M 0 27 230
15 88 50 69 8 0 4 0.00 M M 4.8 12 170 M M 0 14 170
16 91 46 69 9 0 4 0.00 M M 5.9 13 150 M M 0 15 50
17 91 48 70 10 0 5 0.00 M M 5.6 14 270 M M 0 18 260
18 76 48 62 3 3 0 0.01 M M 11.1 35 170 M M 0 47 190
19 74 44 59 0 6 0 0.00 M M 5.6 13 330 M M 0 17 250
20 81 36 59 1 6 0 0.00 M M 3.4 13 290 M M 0 18 280
21 88 38 63 5 2 0 0.00 M M 5.5 17 210 M M 0 24 200
22 85 57 71 13 0 6 0.00 M M 9.4 22 240 M M 0 30 240
23 85 53 69 12 0 4 0.00 M M 9.1 21 250 M M 0 28 250
24 78 46 62 5 3 0 0.00 M M 12.9 23 270 M M 0 33 230
25 80 39 60 4 5 0 0.00 M M 12.7 28 250 M M 0 38 260
26 72 52 62 6 3 0 0.00 M M 8.9 23 260 M M 0 31 230
27 68 36 52 -3 13 0 0.00 M M 6.1 15 50 M M 0 20 60
28 76 33 55 0 10 0 0.00 M M 5.4 13 50 M M 0 17 40
29 86 35 61 7 4 0 0.00 M M 4.0 10 160 M M 0 14 360
30 89 41 65 11 0 0 0.00 M M 5.2 12 160 M M 0 17 30
================================================================================
SM 2600 1347 76 107 0.01 M 213.8 M 0
================================================================================
AV 86.7 44.9 7.1 FASTST M M 0 MAX(MPH)
MISC ----> 35 170 47 190
================================================================================
NOTES:
# LAST OF SEVERAL OCCURRENCES
COLUMN 17 PEAK WIND IN M.P.H.
PRELIMINARY LOCAL CLIMATOLOGICAL DATA (WS FORM: F-6) , PAGE 2
STATION: ROME OR
MONTH: SEPTEMBER
YEAR: 2020
LATITUDE: 42 35 N
LONGITUDE: 117 52 W
[TEMPERATURE DATA] [PRECIPITATION DATA] SYMBOLS USED IN COLUMN 16
AVERAGE MONTHLY: 65.8 TOTAL FOR MONTH: 0.01 1 = FOG OR MIST
DPTR FM NORMAL: 5.5 DPTR FM NORMAL: -0.39 2 = FOG REDUCING VISIBILITY
HIGHEST: 106 ON 5 GRTST 24HR 0.01 ON 18-18 TO 1/4 MILE OR LESS
LOWEST: 32 ON 9 3 = THUNDER
SNOW, ICE PELLETS, HAIL 4 = ICE PELLETS
TOTAL MONTH: M 5 = HAIL
GRTST 24HR M ON M 6 = FREEZING RAIN OR DRIZZLE
GRTST DEPTH: M ON M 7 = DUSTSTORM OR SANDSTORM:
VSBY 1/2 MILE OR LESS
8 = SMOKE OR HAZE
[NO. OF DAYS WITH] [WEATHER - DAYS WITH] 9 = BLOWING SNOW
X = TORNADO
MAX 32 OR BELOW: 0 0.01 INCH OR MORE: 1
MAX 90 OR ABOVE: 12 0.10 INCH OR MORE: 0
MIN 32 OR BELOW: 1 0.50 INCH OR MORE: 0
MIN 0 OR BELOW: 0 1.00 INCH OR MORE: 0
[HDD (BASE 65) ]
TOTAL THIS MO. 76 CLEAR (SCALE 0-3) 30
DPTR FM NORMAL -107 PTCLDY (SCALE 4-7) 0
TOTAL FM JUL 1 84 CLOUDY (SCALE 8-10) 0
DPTR FM NORMAL -140
[CDD (BASE 65) ]
TOTAL THIS MO. 107
DPTR FM NORMAL 67 [PRESSURE DATA]
TOTAL FM JAN 1 832 HIGHEST SLP M ON M
DPTR FM NORMAL 326 LOWEST SLP 29.78 ON 7
[REMARKS]
#FINAL-09-20#