000
CXUS56 KBOI 011002
CF6REO
PRELIMINARY LOCAL CLIMATOLOGICAL DATA (WS FORM: F-6)
STATION: ROME OR
MONTH: JULY
YEAR: 2020
LATITUDE: 42 35 N
LONGITUDE: 117 52 W
TEMPERATURE IN F: :PCPN: SNOW: WIND :SUNSHINE: SKY :PK WND
================================================================================
1 2 3 4 5 6A 6B 7 8 9 10 11 12 13 14 15 16 17 18
12Z AVG MX 2MIN
DY MAX MIN AVG DEP HDD CDD WTR SNW DPTH SPD SPD DIR MIN PSBL S-S WX SPD DR
================================================================================
1 80 44 62 -7 3 0 0.00 M M 8.9 23 260 M M 0 33 250
2 84 43 64 -5 1 0 0.00 M M 5.6 13 270 M M 0 22 340
3 91 49 70 1 0 5 0.00 M M 9.4 26 210 M M 0 42 230
4 90 49 70 0 0 5 0.00 M M 7.3 22 260 M M 0 34 290
5 90 51 71 1 0 6 0.00 M M 4.5 16 270 M M 0 24 300
6 94 49 72 2 0 7 0.00 M M 8.1 23 250 M M 0 32 250
7 84 61 73 3 0 8 0.00 M M 11.0 21 260 M M 0 30 220
8 84 48 66 -5 0 1 0.00 M M 6.4 15 40 M M 0 20 80
9 93 46 70 -1 0 5 0.00 M M 5.8 23 290 M M 0 32 280
10 92 57 75 4 0 10 0.00 M M 7.2 17 270 M M 0 25 260
11 101 52 77 6 0 12 0.00 M M 10.7 26 260 M M 0 37 270
12 96 59 78 6 0 13 0.00 M M 9.9 21 360 M M 0 28 280
13 87 53 70 -2 0 5 0.00 M M 8.2 20 360 M M 0 26 360
14 89 46 68 -4 0 3 0.00 M M 6.5 17 20 M M 0 24 20
15 92 45 69 -3 0 4 0.00 M M 6.2 14 20 M M 0 19 10
16 98 49 74 2 0 9 0.00 M M 5.6 17 240 M M 0 26 230
17 99 55 77 5 0 12 0.00 M M 10.4 26 280 M M 0 41 220
18 96 53 75 3 0 10 0.00 M M 5.6 17 20 M M 0 23 60
19 99 52 76 4 0 11 0.00 M M 6.7 20 270 M M 0 26 250
20 99 53 76 4 0 11 0.00 M M 5.6 17 40 M M 0 23 20
21 102 53 78 6 0 13 0.00 M M 7.0 23 150 M M 0 33 150
22 95 68 82 9 0 17 0.03 M M 9.4 32 250 M M 0 48 240
23 91 60 76 3 0 11 0.00 M M 7.2 18 350 M M 0 31 330
24 92 60 76 3 0 11 0.00 M M 7.2 44 270 M M 0 61 270
25 93 55 74 1 0 9 0.00 M M 6.2 16 30 M M 0 24 20
26 97 50 74 1 0 9 0.00 M M 7.4 20 170 M M 0 27 170
27 96 59 78 5 0 13 0.00 M M 7.3 32 190 M M 0 43 190
28 93 60 77 5 0 12 0.01 M M 8.1 22 130 M M 0 3 29 230
29 100 56 78 6 0 13 0.00 M M 6.6 18 50 M M 0 24 50
30 107 55 81 9 0 16 0.00 M M 6.4 20 240 M M 0 29 40
31 105 62 84 12 0 19 0.00 M M 8.3 17 260 M M 0 25 240
================================================================================
SM 2909 1652 4 280 0.04 M 230.7 M 0
================================================================================
AV 93.8 53.3 7.4 FASTST M M 0 MAX(MPH)
MISC ----> 44 270 61 270
================================================================================
NOTES:
# LAST OF SEVERAL OCCURRENCES
COLUMN 17 PEAK WIND IN M.P.H.
PRELIMINARY LOCAL CLIMATOLOGICAL DATA (WS FORM: F-6) , PAGE 2
STATION: ROME OR
MONTH: JULY
YEAR: 2020
LATITUDE: 42 35 N
LONGITUDE: 117 52 W
[TEMPERATURE DATA] [PRECIPITATION DATA] SYMBOLS USED IN COLUMN 16
AVERAGE MONTHLY: 73.6 TOTAL FOR MONTH: 0.04 1 = FOG OR MIST
DPTR FM NORMAL: 2.1 DPTR FM NORMAL: -0.31 2 = FOG REDUCING VISIBILITY
HIGHEST: 107 ON 30 GRTST 24HR 0.03 ON 22-22 TO 1/4 MILE OR LESS
LOWEST: 43 ON 2 3 = THUNDER
SNOW, ICE PELLETS, HAIL 4 = ICE PELLETS
TOTAL MONTH: M 5 = HAIL
GRTST 24HR M ON M 6 = FREEZING RAIN OR DRIZZLE
GRTST DEPTH: M ON M 7 = DUSTSTORM OR SANDSTORM:
VSBY 1/2 MILE OR LESS
8 = SMOKE OR HAZE
[NO. OF DAYS WITH] [WEATHER - DAYS WITH] 9 = BLOWING SNOW
X = TORNADO
MAX 32 OR BELOW: 0 0.01 INCH OR MORE: 2
MAX 90 OR ABOVE: 25 0.10 INCH OR MORE: 0
MIN 32 OR BELOW: 0 0.50 INCH OR MORE: 0
MIN 0 OR BELOW: 0 1.00 INCH OR MORE: 0
[HDD (BASE 65) ]
TOTAL THIS MO. 4 CLEAR (SCALE 0-3) 31
DPTR FM NORMAL -10 PTCLDY (SCALE 4-7) 0
TOTAL FM JUL 1 4 CLOUDY (SCALE 8-10) 0
DPTR FM NORMAL -7
[CDD (BASE 65) ]
TOTAL THIS MO. 280
DPTR FM NORMAL 65 [PRESSURE DATA]
TOTAL FM JAN 1 429 HIGHEST SLP M ON M
DPTR FM NORMAL 142 LOWEST SLP 29.63 ON 6
[REMARKS]
#FINAL-07-20#