000
CXUS56 KBOI 011002
CF6REO
PRELIMINARY LOCAL CLIMATOLOGICAL DATA (WS FORM: F-6)
STATION: ROME OR
MONTH: APRIL
YEAR: 2020
LATITUDE: 42 35 N
LONGITUDE: 117 52 W
TEMPERATURE IN F: :PCPN: SNOW: WIND :SUNSHINE: SKY :PK WND
================================================================================
1 2 3 4 5 6A 6B 7 8 9 10 11 12 13 14 15 16 17 18
12Z AVG MX 2MIN
DY MAX MIN AVG DEP HDD CDD WTR SNW DPTH SPD SPD DIR MIN PSBL S-S WX SPD DR
================================================================================
1 45 30 38 -4 27 0 0.01 M M 7.1 20 350 M M 0 27 290
2 47 20 34 -9 31 0 0.00 M M 5.9 17 250 M M 0 24 230
3 51 18 35 -8 30 0 0.00 M M 6.3 22 240 M M 0 27 240
4 58 18 38 -5 27 0 0.04 M M 8.5 25 240 M M 0 32 250
5 57 31 44 1 21 0 0.00 M M 5.0 21 230 M M 0 26 240
6 52 35 44 1 21 0 0.01 M M 5.7 17 140 M M 0 20 140
7 65 25 45 1 20 0 0.00 M M 4.7 12 350 M M 0 15 350
8 70 28 49 5 16 0 0.00 M M 8.0 17 10 M M 0 25 50
9 74 28 51 7 14 0 0.00 M M 7.8 20 150 M M 0 26 150
10 73 37 55 11 10 0 0.00 M M 6.6 17 150 M M 0 22 310
11 66 37 52 8 13 0 0.00 M M 13.7 30 300 M M 0 40 310
12 55 19 37 -8 28 0 0.00 M M 7.9 20 330 M M 0 26 300
13 53 13 33 -12 32 0 0.00 M M 7.4 17 340 M M 0 24 20
14 65 18 42 -3 23 0 0.00 M M 8.5 22 300 M M 0 28 300
15 62 37 50 5 15 0 0.02 M M 12.1 29 300 M M 0 36 300
16 54 23 39 -7 26 0 0.00 M M 7.4 18 10 M M 0 23 40
17 65 12 39 -7 26 0 0.00 M M 5.5 15 60 M M 0 20 70
18 70 21 46 0 19 0 0.00 M M 8.7 25 290 M M 0 30 290
19 66 34 50 4 15 0 0.00 M M 5.6 14 240 M M 0 17 230
20 70 30 50 3 15 0 0.00 M M 6.4 16 30 M M 0 21 50
21 73 31 52 5 13 0 0.00 M M 6.7 23 310 M M 0 28 310
22 69 35 52 5 13 0 0.13 M M 10.3 25 260 M M 0 36 240
23 64 40 52 4 13 0 0.06 M M 11.5 25 290 M M 0 34 310
24 69 32 51 3 14 0 0.00 M M 6.4 16 340 M M 0 23 320
25 78 37 58 10 7 0 0.00 M M 8.1 22 260 M M 0 28 250
26 77 42 60 12 5 0 0.00 M M 5.3 15 270 M M 0 20 270
27 73 45 59 10 6 0 0.00 M M 9.0 22 260 M M 0 27 250
28 78 38 58 9 7 0 0.00 M M 4.5 13 50 M M 0 17 30
29 85 39 62 13 3 0 0.00 M M 8.0 22 240 M M 0 27 260
30 72 44 58 8 7 0 0.11 M M 8.1 33 280 M M 0 42 270
================================================================================
SM 1956 897 517 0 0.38 M 226.7 M 0
================================================================================
AV 65.2 29.9 7.6 FASTST M M 0 MAX(MPH)
MISC ----> 33 280 42 270
================================================================================
NOTES:
# LAST OF SEVERAL OCCURRENCES
COLUMN 17 PEAK WIND IN M.P.H.
PRELIMINARY LOCAL CLIMATOLOGICAL DATA (WS FORM: F-6) , PAGE 2
STATION: ROME OR
MONTH: APRIL
YEAR: 2020
LATITUDE: 42 35 N
LONGITUDE: 117 52 W
[TEMPERATURE DATA] [PRECIPITATION DATA] SYMBOLS USED IN COLUMN 16
AVERAGE MONTHLY: 47.6 TOTAL FOR MONTH: 0.38 1 = FOG OR MIST
DPTR FM NORMAL: 1.8 DPTR FM NORMAL: -0.60 2 = FOG REDUCING VISIBILITY
HIGHEST: 85 ON 29 GRTST 24HR 0.19 ON 22-23 TO 1/4 MILE OR LESS
LOWEST: 12 ON 17 3 = THUNDER
SNOW, ICE PELLETS, HAIL 4 = ICE PELLETS
TOTAL MONTH: M 5 = HAIL
GRTST 24HR M ON M 6 = FREEZING RAIN OR DRIZZLE
GRTST DEPTH: M ON M 7 = DUSTSTORM OR SANDSTORM:
VSBY 1/2 MILE OR LESS
8 = SMOKE OR HAZE
[NO. OF DAYS WITH] [WEATHER - DAYS WITH] 9 = BLOWING SNOW
X = TORNADO
MAX 32 OR BELOW: 0 0.01 INCH OR MORE: 7
MAX 90 OR ABOVE: 0 0.10 INCH OR MORE: 2
MIN 32 OR BELOW: 17 0.50 INCH OR MORE: 0
MIN 0 OR BELOW: 0 1.00 INCH OR MORE: 0
[HDD (BASE 65) ]
TOTAL THIS MO. 517 CLEAR (SCALE 0-3) 30
DPTR FM NORMAL -62 PTCLDY (SCALE 4-7) 0
TOTAL FM JUL 1 5704 CLOUDY (SCALE 8-10) 0
DPTR FM NORMAL -391
[CDD (BASE 65) ]
TOTAL THIS MO. 0
DPTR FM NORMAL 0 [PRESSURE DATA]
TOTAL FM JAN 1 0 HIGHEST SLP M ON M
DPTR FM NORMAL 0 LOWEST SLP 29.51 ON 5
[REMARKS]
#FINAL-04-20#