000
CXUS53 KGRB 041424
CF6RHI
PRELIMINARY LOCAL CLIMATOLOGICAL DATA (WS FORM: F-6)
STATION: RHINELANDER WI
MONTH: AUGUST
YEAR: 2020
LATITUDE: 45 37 N
LONGITUDE: 89 27 W
TEMPERATURE IN F: :PCPN: SNOW: WIND :SUNSHINE: SKY :PK WND
================================================================================
1 2 3 4 5 6A 6B 7 8 9 10 11 12 13 14 15 16 17 18
12Z AVG MX 2MIN
DY MAX MIN AVG DEP HDD CDD WTR SNW DPTH SPD SPD DIR MIN PSBL S-S WX SPD DR
================================================================================
1 83 52 68 1 0 3 0.00 0.0 0 2.5 9 270 M M 2 1 15 290
2 66 51 59 -7 6 0 T 0.0 0 5.6 15 30 M M 9 27 360
3 65 48 57 -9 8 0 0.00 0.0 0 4.5 13 50 M M 5 23 30
4 69 42 56 -10 9 0 0.00 0.0 0 2.8 8 340 M M 2 1 M M
5 76 40 58 -8 7 0 0.00 0.0 0 4.0 14 250 M M 2 12 20 270
6 79 48 64 -2 1 0 0.00 0.0 0 3.3 13 220 M M 2 1 19 260
7 80 52 66 0 0 1 0.00 0.0 0 6.6 16 200 M M 6 25 200
8 79 62 71 5 0 6 0.56 0.0 0 6.9 20 290 M M 8 13 31 290
9 85 64 75 9 0 10 T 0.0 0 6.9 18 190 M M 2 1 34 170
10 77 54 66 0 0 1 0.01 0.0 0 6.1 14 240 M M 4 13 22 230
11 83 48 66 0 0 1 0.00 0.0 0 7.7 17 270 M M 0 26 280
12 84 56 70 4 0 5 0.09 0.0 0 2.8 13 220 M M 1 1 21 230
13 79 62 71 5 0 6 0.24 0.0 0 6.0 12 170 M M 5 1 19 170
14 82 57 70 4 0 5 0.04 0.0 0 6.7 15 190 M M 0 1 23 260
15 73 51 62 -3 3 0 0.06 0.0 0 6.4 21 270 M M 5 128 29 260
16 78 48 63 -2 2 0 T 0.0 0 4.7 14 270 M M 3 128 18 270
17 75 47 61 -4 4 0 0.00 0.0 0 M M M M M 1 12 M M
18 75 44 60 -5 5 0 0.00 0.0 0 3.0 13 280 M M 0 2 17 320
19 81 50 66 1 0 1 T 0.0 0 7.3 16 220 M M 4 25 230
20 79 63 71 6 0 6 0.04 0.0 0 6.9 16 260 M M 3 1 24 260
21 84 61 73 9 0 8 0.24 0.0 0 5.5 16 80 M M 5 13 23 90
22 74 59 67 3 0 2 0.11 0.0 0 2.4 10 280 M M 7 123 15 290
23 82 60 71 7 0 6 0.38 0.0 0 2.7 16 260 M M 2 123 23 290
24 83 59 71 7 0 6 0.00 0.0 0 4.2 12 270 M M 5 12 17 280
25 82 51 67 3 0 2 0.00 0.0 0 4.3 12 130 M M 4 12 17 170
26 86 67 77 14 0 12 T 0.0 0 7.5 22 220 M M 3 13 36 230
27 83 63 73 10 0 8 0.00 0.0 0 3.3 10 80 M M 2 12 15 90
28 73 62 68 5 0 3 0.57 0.0 0 8.6 20 270 M M 9 1 28 280
29 68 45 57 -5 8 0 T 0.0 0 7.8 18 300 M M 4 1 31 300
30 70 41 56 -6 9 0 0.00 0.0 0 3.8 12 140 M M 4 12 18 140
31 65 46 56 -6 9 0 0.50 0.0 0 6.9 18 300 M M 6 1 31 280
================================================================================
SM 2398 1653 71 92 2.84 0.0 157.7 M 115
================================================================================
AV 77.4 53.3 5.3 FASTST M M 4 MAX(MPH)
MISC ----> # 22 220 # 36 230
================================================================================
NOTES:
# LAST OF SEVERAL OCCURRENCES
COLUMN 17 PEAK WIND IN M.P.H.
PRELIMINARY LOCAL CLIMATOLOGICAL DATA (WS FORM: F-6) , PAGE 2
STATION: RHINELANDER WI
MONTH: AUGUST
YEAR: 2020
LATITUDE: 45 37 N
LONGITUDE: 89 27 W
[TEMPERATURE DATA] [PRECIPITATION DATA] SYMBOLS USED IN COLUMN 16
AVERAGE MONTHLY: 65.3 TOTAL FOR MONTH: 2.84 1 = FOG OR MIST
DPTR FM NORMAL: 0.4 DPTR FM NORMAL: -0.45 2 = FOG REDUCING VISIBILITY
HIGHEST: 86 ON 26 GRTST 24HR 0.57 ON 28-28 TO 1/4 MILE OR LESS
LOWEST: 40 ON 5 3 = THUNDER
SNOW, ICE PELLETS, HAIL 4 = ICE PELLETS
TOTAL MONTH: 0.0 INCH 5 = HAIL
GRTST 24HR 0.0 6 = FREEZING RAIN OR DRIZZLE
GRTST DEPTH: 0 7 = DUSTSTORM OR SANDSTORM:
VSBY 1/2 MILE OR LESS
8 = SMOKE OR HAZE
[NO. OF DAYS WITH] [WEATHER - DAYS WITH] 9 = BLOWING SNOW
X = TORNADO
MAX 32 OR BELOW: 0 0.01 INCH OR MORE: 12
MAX 90 OR ABOVE: 0 0.10 INCH OR MORE: 7
MIN 32 OR BELOW: 0 0.50 INCH OR MORE: 3
MIN 0 OR BELOW: 0 1.00 INCH OR MORE: 0
[HDD (BASE 65) ]
TOTAL THIS MO. 71 CLEAR (SCALE 0-3) 14
DPTR FM NORMAL -5 PTCLDY (SCALE 4-7) 14
TOTAL FM JUL 1 86 CLOUDY (SCALE 8-10) 3
DPTR FM NORMAL -41
[CDD (BASE 65) ]
TOTAL THIS MO. 92
DPTR FM NORMAL 21 [PRESSURE DATA]
TOTAL FM JAN 1 352 HIGHEST SLP 30.19 ON 4
DPTR FM NORMAL 111 LOWEST SLP 29.60 ON 28
[REMARKS]
#FINAL-08-20#