333
CXUS51 KAKQ 040921
CF6RIC
PRELIMINARY LOCAL CLIMATOLOGICAL DATA (WS FORM: F-6)
STATION: RICHMOND VA
MONTH: MARCH
YEAR: 2020
LATITUDE: 37 30 N
LONGITUDE: 77 20 W
TEMPERATURE IN F: :PCPN: SNOW: WIND :SUNSHINE: SKY :PK WND
================================================================================
1 2 3 4 5 6A 6B 7 8 9 10 11 12 13 14 15 16 17 18
12Z AVG MX 2MIN
DY MAX MIN AVG DEP HDD CDD WTR SNW DPTH SPD SPD DIR MIN PSBL S-S WX SPD DR
================================================================================
1 54 21 38 -6 27 0 0.00 0.0 0 5.4 13 210 M M 1 25 210
2 69 35 52 8 13 0 T 0.0 0 13.2 30 220 M M 5 41 210
3 65 46 56 11 9 0 T 0.0 0 11.9 26 190 M M 6 36 220
4 63 39 51 6 14 0 0.00 0.0 0 8.2 21 280 M M 6 26 280
5 55 39 47 2 18 0 0.00 0.0 0 8.4 17 10 M M 9 24 360
6 59 39 49 4 16 0 0.04 0.0 0 10.3 26 330 M M 8 1 34 340
7 54 38 46 0 19 0 0.00 0.0 0 15.4 30 330 M M 4 37 330
8 62 28 45 -1 20 0 0.00 0.0 0 6.3 15 210 M M 0 19 210
9 73 39 56 10 9 0 0.00 0.0 0 11.1 20 220 M M 5 24 220
10 70 56 63 16 2 0 T 0.0 0 16.3 31 230 M M 9 37 230
11 68 49 59 12 6 0 0.00 0.0 0 6.6 14 170 M M 7 19 30
12 65 47 56 9 9 0 0.00 0.0 0 5.3 12 100 M M 9 14 120
13 80 51 66 18 0 1 0.15 0.0 0 12.3 22 260 M M 8 1 29 230
14 62 48 55 7 10 0 T 0.0 0 6.7 15 10 M M 8 19 20
15 52 44 48 0 17 0 T 0.0 0 9.1 16 20 M M 10 22 20
16 58 42 50 2 15 0 0.00 0.0 0 8.1 17 60 M M 9 21 60
17 68 41 55 6 10 0 T 0.0 0 6.4 17 20 M M 8 23 30
18 59 50 55 6 10 0 0.08 0.0 0 9.5 18 20 M M 8 1 23 20
19 82 50 66 17 0 1 0.12 0.0 0 8.9 17 210 M M 7 1 23 210
20 88 65 77 27 0 12 0.08 0.0 0 16.2 32 230 M M 8 40 240
21 65 48 57 7 8 0 0.12 0.0 0 9.9 24 360 M M 9 29 20
22 56 45 51 1 14 0 T 0.0 0 9.5 16 90 M M 10 21 90
23 49 42 46 -5 19 0 0.80 0.0 0 7.5 22 300 M M 10 1 25 300
24 58 40 49 -2 16 0 0.01 0.0 0 5.1 13 110 M M 9 1 19 20
25 50 45 48 -3 17 0 0.75 0.0 0 10.3 20 350 M M 10 1 25 350
26 58 41 50 -2 15 0 0.00 0.0 0 8.1 18 190 M M 7 1 24 180
27 71 50 61 9 4 0 0.01 0.0 0 6.8 15 350 M M 7 18 200
28 79 56 68 16 0 3 0.00 0.0 0 5.6 15 40 M M 7 19 90
29 88 54 71 18 0 6 0.00 0.0 0 8.7 22 260 M M 8 12 29 260
30 75 55 65 12 0 0 0.00 0.0 0 9.5 24 220 M M 6 31 230
31 56 44 50 -3 15 0 0.50 0.0 0 7.4 20 50 M M 8 1 25 50
================================================================================
SM 2011 1387 332 23 2.66 0.0 284.0 M 226
================================================================================
AV 64.9 44.7 9.2 FASTST M M 7 MAX(MPH)
MISC ----> # 32 230 # 41 210
================================================================================
NOTES:
# LAST OF SEVERAL OCCURRENCES
COLUMN 17 PEAK WIND IN M.P.H.
PRELIMINARY LOCAL CLIMATOLOGICAL DATA (WS FORM: F-6) , PAGE 2
STATION: RICHMOND VA
MONTH: MARCH
YEAR: 2020
LATITUDE: 37 30 N
LONGITUDE: 77 20 W
[TEMPERATURE DATA] [PRECIPITATION DATA] SYMBOLS USED IN COLUMN 16
AVERAGE MONTHLY: 54.8 TOTAL FOR MONTH: 2.66 1 = FOG OR MIST
DPTR FM NORMAL: 6.2 DPTR FM NORMAL: -1.38 2 = FOG REDUCING VISIBILITY
HIGHEST: 88 ON 29,20 GRTST 24HR 0.80 ON 23-23 TO 1/4 MILE OR LESS
LOWEST: 21 ON 1 3 = THUNDER
SNOW, ICE PELLETS, HAIL 4 = ICE PELLETS
TOTAL MONTH: 0.0 INCH 5 = HAIL
GRTST 24HR 0.0 6 = FREEZING RAIN OR DRIZZLE
GRTST DEPTH: 0 7 = DUSTSTORM OR SANDSTORM:
VSBY 1/2 MILE OR LESS
8 = SMOKE OR HAZE
[NO. OF DAYS WITH] [WEATHER - DAYS WITH] 9 = BLOWING SNOW
X = TORNADO
MAX 32 OR BELOW: 0 0.01 INCH OR MORE: 11
MAX 90 OR ABOVE: 0 0.10 INCH OR MORE: 6
MIN 32 OR BELOW: 2 0.50 INCH OR MORE: 3
MIN 0 OR BELOW: 0 1.00 INCH OR MORE: 0
[HDD (BASE 65) ]
TOTAL THIS MO. 332 CLEAR (SCALE 0-3) 2
DPTR FM NORMAL -184 PTCLDY (SCALE 4-7) 18
TOTAL FM JUL 1 2893 CLOUDY (SCALE 8-10) 11
DPTR FM NORMAL -559
[CDD (BASE 65) ]
TOTAL THIS MO. 23
DPTR FM NORMAL 17 [PRESSURE DATA]
TOTAL FM JAN 1 23 HIGHEST SLP 30.63 ON 8
DPTR FM NORMAL 17 LOWEST SLP 29.58 ON 3
[REMARKS]
#FINAL-03-20#