000
CXUS53 KGJT 011230
CLARIL
CLIMATE REPORT
NATIONAL WEATHER SERVICE GRAND JUNCTION CO
530 AM MST FRI JAN 01 2021
...................................
...THE RIFLE CO CLIMATE SUMMARY FOR THE YEAR OF 2020...
CLIMATE NORMAL PERIOD 1981 TO 2010
CLIMATE RECORD PERIOD 9999 TO 9999
WEATHER OBSERVED NORMAL DEPART LAST YEAR`S
VALUE DATE(S) VALUE FROM VALUE DATE(S)
NORMAL
................................................................
TEMPERATURE (F)
RECORD
HIGH MM MM
LOW MM MM
HIGHEST 102 08/18 MM MM 98 09/01
LOWEST -6 10/27 MM MM -11 01/02
AVG. MAXIMUM 66.0 63.2 2.8 63.0
AVG. MINIMUM 33.8 33.4 0.4 33.4
MEAN 49.9 48.3 1.6 48.2
DAYS MAX >= 90 76 42.0 34.0 61
DAYS MAX <= 32 24 23.3 0.7 22
DAYS MIN <= 32 166 171.0 -5.0 172
DAYS MIN <= 0 5 6.6 -1.6 4
PRECIPITATION (INCHES)
RECORD
MAXIMUM MM MM
MINIMUM MM MM
TOTALS 3.28 14.30 -11.02 12.02
DAILY AVG. 0.01 0.04 -0.03 0.03
DAYS >= .01 39 MM MM 81
DAYS >= .10 9 MM MM 35
DAYS >= .50 1 MM MM 4
DAYS >= 1.00 0 MM MM 1
GREATEST
24 HR. TOTAL 0.80 MM 1.45
STORM TOTAL 0.10 MM
(MM/DD(HH)) MM
SNOWFALL (INCHES)
RECORDS
TOTAL MM MM
24 HR TOTAL MM
SNOW DEPTH MM MM
TOTALS MM MM MM MM
LIQUID EQUIV MM MM MM MM
SINCE 7/1 MM MM MM MM
LIQUID 7/1 MM MM MM MM
SNOWDEPTH AVG. MM MM
DAYS >= TRACE MM MM MM MM
DAYS >= 1.0 MM MM MM MM
GREATEST
SNOW DEPTH MM MM MM
24 HR TOTAL MM MM
STORM TOTAL MM MM
(MM/DD(HH)) MM
DEGREE DAYS
HEATING TOTAL 6306 6624 -318 6696
SINCE 7/1 2597 2764 -167 2723
COOLING TOTAL 903 541 362 695
SINCE 1/1 903 541 362 695
FREEZE DATES
RECORD
EARLIEST MM
LATEST MM
EARLIEST 09/28
LATEST 05/08
................................................................
WIND (MPH)
AVERAGE WIND SPEED 5.6
RESULTANT WIND SPEED/DIRECTION 2/260
HIGHEST WIND SPEED/DIRECTION 47/150 DATE 05/30
HIGHEST GUST SPEED/DIRECTION 64/170 DATE 05/30
SKY COVER
POSSIBLE SUNSHINE (PERCENT) MM
AVERAGE SKY COVER 0.25
NUMBER OF DAYS FAIR 260
NUMBER OF DAYS PC 71
NUMBER OF DAYS CLOUDY 35
AVERAGE RH (PERCENT) 46
WEATHER CONDITIONS. NUMBER OF DAYS WITH
THUNDERSTORM 26 MIXED PRECIP 0
HEAVY RAIN 4 RAIN 13
LIGHT RAIN 79 FREEZING RAIN 1
LT FREEZING RAIN 1 HAIL 0
HEAVY SNOW 10 SNOW 19
LIGHT SNOW 45 SLEET 0
FOG 50 FOG W/VIS <= 1/4 MILE 12
HAZE 81
- INDICATES NEGATIVE NUMBERS.
R INDICATES RECORD WAS SET OR TIED.
MM INDICATES DATA IS MISSING.
T INDICATES TRACE AMOUNT.
$$