000
CXUS56 KSGX 170941
CF6RIV
PRELIMINARY LOCAL CLIMATOLOGICAL DATA (WS FORM: F-6)
STATION: RIVERSIDE/MARCH ARB CA
MONTH: MARCH
YEAR: 2023
LATITUDE: 33 53 N
LONGITUDE: 117-15 E
TEMPERATURE IN F: :PCPN: SNOW: WIND :SUNSHINE: SKY :PK WND
================================================================================
1 2 3 4 5 6A 6B 7 8 9 10 11 12 13 14 15 16 17 18
12Z AVG MX 2MIN
DY MAX MIN AVG DEP HDD CDD WTR SNW DPTH SPD SPD DIR MIN PSBL S-S WX SPD DR
================================================================================
1 49 34 42 M 23 0 0.37 M M 7.3 18 280 M M 6 13 33 260
2 58 31 45 M 20 0 0.00 M M 3.4 9 230 M M 0 M M
3 61 32 47 M 18 0 0.00 M M 1.4 9 290 M M 0 1 M M
4 56 34 45 M 20 0 0.00 M M 2.9 10 160 M M 4 M M
5 54 40 47 M 18 0 0.00 M M 3.1 9 290 M M 6 M M
6 58 43 51 M 14 0 0.01 M M 4.6 9 300 M M 6 1 M M
7 59 37 48 M 17 0 0.00 M M 3.2 9 320 M M 2 M M
8 59 34 47 M 18 0 0.00 M M 2.6 9 290 M M 2 M M
9 68 38 53 M 12 0 0.00 0.0 M 2.4 8 320 M M 0 M M
10 55 51 53 M 12 0 0.35 0.0 M 5.6 14 140 M M 10 1 M M
11 66 54 60 M 5 0 0.01 0.0 M 5.2 9 330 M M 8 1 M M
12 66 50 58 M 7 0 T M M 4.8 12 300 M M 5 M M
13 66 50 58 M 7 0 0.00 M M 3.6 12 290 M M 5 M M
14 58 49 54 M 11 0 0.51 M M 5.3 14 140 M M 7 1 18 140
15 64 49 57 M 8 0 0.68 M M 9.5 17 170 M M 9 1 20 160
16 59 44 52 M 13 0 0.00 M M 4.5 8 160 M M 8 M M
17 69 39 54 M 11 0 0.00 M M 2.4 9 100 M M 2 12 M M
18 70 40 55 M 10 0 0.00 M M 2.3 12 110 M M 0 M M
19 62 48 55 M 10 0 0.03 M M 4.8 12 170 M M 7 1 M M
20 61 49 55 M 10 0 0.08 M M 7.9 15 140 M M 7 M M
21 58 44 51 M 14 0 1.04 M M 10.3 23 140 M M 9 1 25 180
22 57 43 50 M 15 0 0.16 M M 5.3 14 180 M M 7 18 200
23 55 42 49 M 16 0 0.01 M M 4.0 12 330 M M 8 M M
24 61 41 51 M 14 0 0.00 M M 4.8 9 310 M M 3 12 M M
25 62 35 49 M 16 0 0.00 M M 3.3 10 290 M M 1 M M
26 62 34 48 M 17 0 0.00 M M 3.0 10 300 M M 0 18 300
27 65 33 49 M 16 0 0.00 M M 6.7 20 60 M M 0 23 60
28 69 36 53 M 12 0 0.00 M M 3.3 13 310 M M 0 17 310
29 55 38 47 M 18 0 0.14 M M 7.0 14 120 M M 6 1 M M
30 51 39 45 M 20 0 0.22 M M 3.7 12 140 M M 7 1 M M
31 63 35 49 M 16 0 0.00 M M 2.2 7 290 M M 2 1 M M
================================================================================
SM 1876 1266 438 0 3.61 0.0 140.2 M 137
================================================================================
AV 60.5 40.8 4.5 FASTST M M 4 MAX(MPH)
MISC ----> 23 140 33 260
================================================================================
NOTES:
# LAST OF SEVERAL OCCURRENCES
COLUMN 17 PEAK WIND IN M.P.H.
PRELIMINARY LOCAL CLIMATOLOGICAL DATA (WS FORM: F-6) , PAGE 2
STATION: RIVERSIDE/MARCH ARB CA
MONTH: MARCH
YEAR: 2023
LATITUDE: 33 53 N
LONGITUDE: 117-15 E
[TEMPERATURE DATA] [PRECIPITATION DATA] SYMBOLS USED IN COLUMN 16
AVERAGE MONTHLY: 50.7 TOTAL FOR MONTH: 3.61 1 = FOG OR MIST
DPTR FM NORMAL: 0.0 DPTR FM NORMAL: M 2 = FOG REDUCING VISIBILITY
HIGHEST: 70 ON 18 GRTST 24HR 1.04 ON 21-21 TO 1/4 MILE OR LESS
LOWEST: 31 ON 2 3 = THUNDER
SNOW, ICE PELLETS, HAIL 4 = ICE PELLETS
TOTAL MONTH: 0.0 INCH 5 = HAIL
GRTST 24HR 0.0 6 = FREEZING RAIN OR DRIZZLE
GRTST DEPTH: M ON M 7 = DUSTSTORM OR SANDSTORM:
VSBY 1/2 MILE OR LESS
8 = SMOKE OR HAZE
[NO. OF DAYS WITH] [WEATHER - DAYS WITH] 9 = BLOWING SNOW
X = TORNADO
MAX 32 OR BELOW: 0 0.01 INCH OR MORE: 13
MAX 90 OR ABOVE: 0 0.10 INCH OR MORE: 8
MIN 32 OR BELOW: 2 0.50 INCH OR MORE: 3
MIN 0 OR BELOW: 0 1.00 INCH OR MORE: 1
[HDD (BASE 65) ]
TOTAL THIS MO. 438 CLEAR (SCALE 0-3) 12
DPTR FM NORMAL M PTCLDY (SCALE 4-7) 16
TOTAL FM JUL 1 2181 CLOUDY (SCALE 8-10) 3
DPTR FM NORMAL M
[CDD (BASE 65) ]
TOTAL THIS MO. 0
DPTR FM NORMAL M [PRESSURE DATA]
TOTAL FM JAN 1 0 HIGHEST SLP M ON M
DPTR FM NORMAL M LOWEST SLP M ON M
[REMARKS]
#FINAL-03-23#