594
CXUS55 KRIW 010945
CF6RIW
PRELIMINARY LOCAL CLIMATOLOGICAL DATA (WS FORM: F-6)
STATION: RIVERTON WY
MONTH: JULY
YEAR: 2020
LATITUDE: 43 2 N
LONGITUDE: 108 27 W
TEMPERATURE IN F: :PCPN: SNOW: WIND :SUNSHINE: SKY :PK WND
================================================================================
1 2 3 4 5 6A 6B 7 8 9 10 11 12 13 14 15 16 17 18
12Z AVG MX 2MIN
DY MAX MIN AVG DEP HDD CDD WTR SNW DPTH SPD SPD DIR MIN PSBL S-S WX SPD DR
================================================================================
1 80 43 62 -6 3 0 0.00 0.0 0 11.2 29 250 M M 0 39 230
2 87 50 69 0 0 4 0.00 0.0 0 8.2 16 230 M M 0 24 210
3 93 57 75 6 0 10 0.00 0.0 0 10.1 23 210 M M 0 34 230
4 94 59 77 7 0 12 T 0.0 0 9.2 21 20 M M 0 27 240
5 91 57 74 4 0 9 0.00 0.0 0 8.3 18 290 M M 0 26 290
6 94 56 75 5 0 10 0.00 0.0 0 7.9 25 270 M M 0 37 280
7 96 62 79 9 0 14 0.00 0.0 0 15.7 37 240 M M 0 48 240
8 87 50 69 -2 0 4 0.00 0.0 0 11.5 33 270 M M 0 43 270
9 90 55 73 2 0 8 0.00 0.0 0 8.1 15 290 M M 0 21 290
10 93 55 74 3 0 9 0.00 0.0 0 13.9 36 270 M M 0 47 270
11 93 51 72 1 0 7 0.00 0.0 0 8.3 20 270 M M 0 27 240
12 97 57 77 5 0 12 0.00 0.0 0 11.6 33 270 M M 0 42 270
13 90 55 73 1 0 8 0.00 0.0 0 10.0 25 20 M M 0 36 10
14 81 51 66 -6 0 1 0.00 0.0 0 8.6 21 30 M M 1 29 30
15 87 50 69 -3 0 4 0.00 0.0 0 7.9 21 10 M M 0 30 360
16 92 59 76 4 0 11 0.00 0.0 0 6.2 17 300 M M 0 26 280
17 96 62 79 7 0 14 0.00 0.0 0 10.4 32 310 M M 0 44 310
18 88 60 74 1 0 9 0.00 0.0 0 10.1 21 20 M M 0 28 360
19 92 57 75 2 0 10 0.00 0.0 0 8.9 24 10 M M 0 37 10
20 89 55 72 -1 0 7 0.00 0.0 0 9.3 25 20 M M 0 34 20
21 89 55 72 -1 0 7 0.00 0.0 0 6.3 15 70 M M 0 20 60
22 93 58 76 3 0 11 T 0.0 0 11.0 36 200 M M 1 50 200
23 91 60 76 3 0 11 T 0.0 0 10.1 36 200 M M 2 3 51 200
24 87 61 74 1 0 9 0.00 0.0 0 6.3 29 270 M M 0 36 270
25 91 56 74 1 0 9 0.00 0.0 0 9.7 31 310 M M 1 42 300
26 90 57 74 1 0 9 0.00 0.0 0 8.3 18 40 M M 0 25 30
27 88 59 74 1 0 9 0.00 0.0 0 7.9 28 250 M M 0 34 260
28 79 58 69 -4 0 4 0.03 0.0 0 9.6 22 270 M M 3 3 27 260
29 82 59 71 -2 0 6 0.00 0.0 0 9.2 20 10 M M 4 28 10
30 89 57 73 0 0 8 0.00 0.0 0 8.8 18 70 M M 0 24 70
31 92 56 74 1 0 9 T 0.0 0 7.1 31 330 M M 0 44 100
================================================================================
SM 2781 1737 3 255 0.03 0.0 289.7 M 12
================================================================================
AV 89.7 56.0 9.3 FASTST M M 0 MAX(MPH)
MISC ----> # 37 240 # 51 200
================================================================================
NOTES:
# LAST OF SEVERAL OCCURRENCES
COLUMN 17 PEAK WIND IN M.P.H.
PRELIMINARY LOCAL CLIMATOLOGICAL DATA (WS FORM: F-6) , PAGE 2
STATION: RIVERTON WY
MONTH: JULY
YEAR: 2020
LATITUDE: 43 2 N
LONGITUDE: 108 27 W
[TEMPERATURE DATA] [PRECIPITATION DATA] SYMBOLS USED IN COLUMN 16
AVERAGE MONTHLY: 72.9 TOTAL FOR MONTH: 0.03 1 = FOG OR MIST
DPTR FM NORMAL: 1.2 DPTR FM NORMAL: -0.86 2 = FOG REDUCING VISIBILITY
HIGHEST: 97 ON 12 GRTST 24HR 0.03 ON 28-28 TO 1/4 MILE OR LESS
LOWEST: 43 ON 1 3 = THUNDER
SNOW, ICE PELLETS, HAIL 4 = ICE PELLETS
TOTAL MONTH: 0.0 INCH 5 = HAIL
GRTST 24HR 0.0 6 = FREEZING RAIN OR DRIZZLE
GRTST DEPTH: 0 7 = DUSTSTORM OR SANDSTORM:
VSBY 1/2 MILE OR LESS
8 = SMOKE OR HAZE
[NO. OF DAYS WITH] [WEATHER - DAYS WITH] 9 = BLOWING SNOW
X = TORNADO
MAX 32 OR BELOW: 0 0.01 INCH OR MORE: 1
MAX 90 OR ABOVE: 18 0.10 INCH OR MORE: 0
MIN 32 OR BELOW: 0 0.50 INCH OR MORE: 0
MIN 0 OR BELOW: 0 1.00 INCH OR MORE: 0
[HDD (BASE 65) ]
TOTAL THIS MO. 3 CLEAR (SCALE 0-3) 30
DPTR FM NORMAL -9 PTCLDY (SCALE 4-7) 1
TOTAL FM JUL 1 3 CLOUDY (SCALE 8-10) 0
DPTR FM NORMAL -9
[CDD (BASE 65) ]
TOTAL THIS MO. 255
DPTR FM NORMAL 35 [PRESSURE DATA]
TOTAL FM JAN 1 342 HIGHEST SLP 30.14 ON 11
DPTR FM NORMAL 47 LOWEST SLP 29.55 ON 7
[REMARKS]
#FINAL-07-20#