000
CXUS54 KCRP 011300
CF6RKP
PRELIMINARY LOCAL CLIMATOLOGICAL DATA (WS FORM: F-6)
STATION: ROCKPORT
MONTH: NOVEMBER
YEAR: 2020
LATITUDE: 28 4 N
LONGITUDE: 97 3 W
TEMPERATURE IN F: :PCPN: SNOW: WIND :SUNSHINE: SKY :PK WND
================================================================================
1 2 3 4 5 6A 6B 7 8 9 10 11 12 13 14 15 16 17 18
12Z AVG MX 2MIN
DY MAX MIN AVG DEP HDD CDD WTR SNW DPTH SPD SPD DIR MIN PSBL S-S WX SPD DR
================================================================================
1 83 55 69 -2 0 4 0.00 0.0 0 7.5 17 40 M M 0 1 21 40
2 75 54 65 -6 0 0 0.00 0.0 0 8.0 15 30 M M 0 1 20 40
3 77 52 65 -6 0 0 0.00 0.0 0 6.2 12 100 M M 0 1 14 110
4 82 54 68 -2 0 3 0.00 0.0 0 6.5 12 120 M M 1 1 15 130
5 82 59 71 1 0 6 0.00 0.0 0 5.6 13 130 M M 1 12 16 130
6 81 62 72 2 0 7 0.00 0.0 0 7.9 14 90 M M 1 12 18 110
7 82 65 74 4 0 9 0.00 0.0 0 9.4 14 100 M M 0 1 18 100
8 83 64 74 5 0 9 0.00 0.0 0 7.5 15 100 M M 3 12 19 100
9 84 67 76 7 0 11 0.00 0.0 0 7.7 15 140 M M 1 1 18 140
10 85 63 74 5 0 9 0.00 0.0 0 4.9 13 140 M M 1 12 16 140
11 83 62 73 5 0 8 0.00 0.0 0 5.7 13 140 M M 3 12 16 130
12 83 67 75 7 0 10 0.00 0.0 0 6.8 12 120 M M 3 12 14 120
13 83 72 78 10 0 13 0.00 0.0 0 8.5 14 130 M M 4 18 110
14 85 75 80 13 0 15 0.00 0.0 0 9.9 18 160 M M 3 1 28 150
15 81 62 72 5 0 7 0.01 0.0 0 11.9 29 10 M M 4 12 35 10
16 77 55 66 -1 0 1 0.00 0.0 0 10.4 15 90 M M 0 19 100
17 76 56 66 0 0 1 0.00 0.0 0 10.5 17 40 M M 0 22 30
18 80 55 68 2 0 3 0.00 0.0 0 7.7 13 100 M M 0 16 100
19 82 57 70 4 0 5 0.00 0.0 0 4.3 13 140 M M 1 12 17 120
20 83 61 72 7 0 7 0.00 0.0 0 5.9 17 110 M M 3 12 21 110
21 81 67 74 9 0 9 T 0.0 0 9.8 16 120 M M 7 1 20 120
22 82 65 74 9 0 9 T 0.0 0 7.5 14 80 M M 6 18 100
23 77 61 69 5 0 4 T 0.0 0 12.9 22 100 M M 5 29 100
24 82 73 78 14 0 13 T 0.0 0 12.2 20 150 M M 6 1 31 140
25 81 67 74 10 0 9 0.00 0.0 0 9.5 20 30 M M 6 25 20
26 82 62 72 9 0 7 0.00 0.0 0 7.3 9 150 M M 5 18 M M
27 84 72 78 15 0 13 0.00 0.0 0 9.4 17 150 M M 6 18 22 160
28 72 65 69 6 0 4 1.72 0.0 0 18.4 31 70 M M 10 13 43 70
29 71 52 62 0 3 0 T 0.0 0 14.7 23 340 M M 4 1 28 350
30 62 38 50 -12 15 0 0.00 0.0 0 12.8 23 340 M M 0 29 350
================================================================================
SM 2401 1839 18 196 1.73 0.0 267.3 M 84
================================================================================
AV 80.0 61.3 8.9 FASTST M M 3 MAX(MPH)
MISC ----> # 31 70 # 43 70
================================================================================
NOTES:
# LAST OF SEVERAL OCCURRENCES
COLUMN 17 PEAK WIND IN M.P.H.
PRELIMINARY LOCAL CLIMATOLOGICAL DATA (WS FORM: F-6) , PAGE 2
STATION: ROCKPORT
MONTH: NOVEMBER
YEAR: 2020
LATITUDE: 28 4 N
LONGITUDE: 97 3 W
[TEMPERATURE DATA] [PRECIPITATION DATA] SYMBOLS USED IN COLUMN 16
AVERAGE MONTHLY: 70.7 TOTAL FOR MONTH: 1.73 1 = FOG OR MIST
DPTR FM NORMAL: 3.9 DPTR FM NORMAL: -1.11 2 = FOG REDUCING VISIBILITY
HIGHEST: 85 ON 14,10 GRTST 24HR 1.72 ON 28-28 TO 1/4 MILE OR LESS
LOWEST: 38 ON 30 3 = THUNDER
SNOW, ICE PELLETS, HAIL 4 = ICE PELLETS
TOTAL MONTH: 0.0 INCH 5 = HAIL
GRTST 24HR 0.0 6 = FREEZING RAIN OR DRIZZLE
GRTST DEPTH: 0 7 = DUSTSTORM OR SANDSTORM:
VSBY 1/2 MILE OR LESS
8 = SMOKE OR HAZE
[NO. OF DAYS WITH] [WEATHER - DAYS WITH] 9 = BLOWING SNOW
X = TORNADO
MAX 32 OR BELOW: 0 0.01 INCH OR MORE: 2
MAX 90 OR ABOVE: 0 0.10 INCH OR MORE: 1
MIN 32 OR BELOW: 0 0.50 INCH OR MORE: 1
MIN 0 OR BELOW: 0 1.00 INCH OR MORE: 1
[HDD (BASE 65) ]
TOTAL THIS MO. 18 CLEAR (SCALE 0-3) 19
DPTR FM NORMAL -61 PTCLDY (SCALE 4-7) 10
TOTAL FM JUL 1 57 CLOUDY (SCALE 8-10) 1
DPTR FM NORMAL -29
[CDD (BASE 65) ]
TOTAL THIS MO. 196
DPTR FM NORMAL 64 [PRESSURE DATA]
TOTAL FM JAN 1 3997 HIGHEST SLP 30.47 ON 30
DPTR FM NORMAL 374 LOWEST SLP 29.79 ON 10
[REMARKS]
#FINAL-11-20#