166
CXUS55 KREV 020028 AAA
CF6RNO
PRELIMINARY LOCAL CLIMATOLOGICAL DATA (WS FORM: F-6)
STATION: RENO-TAHOE INTL AIRPORT NV
MONTH: DECEMBER
YEAR: 2020
LATITUDE: 39 30 N
LONGITUDE: 119 47 W
TEMPERATURE IN F: :PCPN: SNOW: WIND :SUNSHINE: SKY :PK WND
================================================================================
1 2 3 4 5 6A 6B 7 8 9 10 11 12 13 14 15 16 17 18
12Z AVG MX 2MIN
DY MAX MIN AVG DEP HDD CDD WTR SNW DPTH SPD SPD DIR MIN PSBL S-S WX SPD DR
================================================================================
1 50 24 37 -1 28 0 0.00 0.0 0 3.4 14 80 M M 0 19 70
2 49 22 36 -1 29 0 0.00 0.0 0 1.8 12 100 M M 0 15 100
3 51 20 36 -1 29 0 0.00 0.0 0 0.8 7 270 M M 2 11 280
4 51 22 37 0 28 0 0.00 0.0 0 0.9 7 110 M M 4 11 260
5 52 20 36 -1 29 0 0.00 0.0 0 1.0 7 160 M M 3 10 220
6 51 24 38 2 27 0 0.00 0.0 0 4.0 16 10 M M 3 19 360
7 52 23 38 2 27 0 0.00 0.0 0 2.9 13 50 M M 1 16 60
8 52 20 36 0 29 0 0.00 0.0 0 0.9 7 290 M M 1 14 270
9 54 20 37 1 28 0 0.00 0.0 0 2.7 14 360 M M 5 16 360
10 50 26 38 2 27 0 0.00 0.0 0 2.6 18 270 M M 1 29 290
11 51 30 41 5 24 0 0.00 0.0 0 7.6 25 270 M M 7 34 280
12 47 31 39 4 26 0 0.02 T 0 8.7 26 290 M M 8 18 31 290
13 46 28 37 2 28 0 0.15 T 0 3.1 17 270 M M 9 1 21 260
14 41 28 35 0 30 0 0.00 0.0 0 6.1 16 320 M M 7 1 20 340
15 46 25 36 1 29 0 0.00 0.0 0 2.4 12 10 M M 6 14 10
16 52 25 39 4 26 0 0.00 0.0 0 2.9 26 150 M M 6 1 32 160
17 51 27 39 4 26 0 0.04 0.0 0 9.4 24 170 M M 7 1 33 180
18 46 21 34 -1 31 0 0.00 0.0 0 0.9 7 250 M M 3 12 270
19 52 20 36 1 29 0 0.00 0.0 0 1.7 8 270 M M 5 12 190
20 55 21 38 4 27 0 0.00 0.0 0 0.8 6 300 M M 3 11 290
21 56 22 39 5 26 0 0.00 0.0 0 2.3 23 170 M M 4 27 170
22 48 26 37 3 28 0 0.00 0.0 0 10.4 29 290 M M 3 37 290
23 41 18 30 -4 35 0 0.00 0.0 0 4.6 18 70 M M 1 21 80
24 42 18 30 -4 35 0 0.00 0.0 0 1.0 9 360 M M 7 10 360
25 54 22 38 4 27 0 T 0.0 0 12.0 41 170 M M 7 48 170
26 47 26 37 3 28 0 T 0.0 0 8.5 29 240 M M 5 37 250
27 39 23 31 -3 34 0 0.00 0.0 0 3.8 14 80 M M 9 17 140
28 40 27 34 0 31 0 0.01 0.1 T 2.7 10 10 M M 8 1 13 10
29 44 18 31 -3 34 0 0.00 0.0 0 1.4 6 200 M M 4 18 8 230
30 52 21 37 3 28 0 T 0.0 0 4.3 24 330 M M 7 28 320
31 44 25 35 1 30 0 0.06 T T 4.4 23 330 M M 5 1 25 330
================================================================================
SM 1506 723 893 0 0.28 0.1 120.0 M 141
================================================================================
AV 48.6 23.3 3.9 FASTST M M 5 MAX(MPH)
MISC ----> 41 170 48 170
================================================================================
NOTES:
# LAST OF SEVERAL OCCURRENCES
COLUMN 17 PEAK WIND IN M.P.H.
PRELIMINARY LOCAL CLIMATOLOGICAL DATA (WS FORM: F-6) , PAGE 2
STATION: RENO-TAHOE INTL AIRPORT NV
MONTH: DECEMBER
YEAR: 2020
LATITUDE: 39 30 N
LONGITUDE: 119 47 W
[TEMPERATURE DATA] [PRECIPITATION DATA] SYMBOLS USED IN COLUMN 16
AVERAGE MONTHLY: 36.0 TOTAL FOR MONTH: 0.28 1 = FOG OR MIST
DPTR FM NORMAL: 0.7 DPTR FM NORMAL: -0.75 2 = FOG REDUCING VISIBILITY
HIGHEST: 56 ON 21 GRTST 24HR 0.15 ON 13-13 TO 1/4 MILE OR LESS
LOWEST: 18 ON 23,24,29 3 = THUNDER
SNOW, ICE PELLETS, HAIL 4 = ICE PELLETS
TOTAL MONTH: 0.1 INCH 5 = HAIL
GRTST 24HR 0.1 ON 28-28 6 = FREEZING RAIN OR DRIZZLE
GRTST DEPTH: T 7 = DUSTSTORM OR SANDSTORM:
VSBY 1/2 MILE OR LESS
8 = SMOKE OR HAZE
[NO. OF DAYS WITH] [WEATHER - DAYS WITH] 9 = BLOWING SNOW
X = TORNADO
MAX 32 OR BELOW: 0 0.01 INCH OR MORE: 5
MAX 90 OR ABOVE: 0 0.10 INCH OR MORE: 1
MIN 32 OR BELOW: 31 0.50 INCH OR MORE: 0
MIN 0 OR BELOW: 0 1.00 INCH OR MORE: 0
[HDD (BASE 65) ]
TOTAL THIS MO. 893 CLEAR (SCALE 0-3) 12
DPTR FM NORMAL -28 PTCLDY (SCALE 4-7) 17
TOTAL FM JUL 1 1820 CLOUDY (SCALE 8-10) 2
DPTR FM NORMAL -207
[CDD (BASE 65) ]
TOTAL THIS MO. 0
DPTR FM NORMAL 0 [PRESSURE DATA]
TOTAL FM JAN 1 1176 HIGHEST SLP M ON M
DPTR FM NORMAL 337 LOWEST SLP 25.69 ON 31
[REMARKS]
THE AVERAGE TEMPERATURE FOR DECEMBER 2020 AT THE RENO-TAHOE
INTERNATIONAL AIRPORT WAS 36.0 DEGREES WHICH IS 0.7 DEGREES ABOVE
NORMAL. THE HIGHEST TEMPERATURE FOR DECEMBER WAS 56 DEGREES WHICH
OCCURRED ON THE 21ST. THE LOWEST TEMPERATURE FOR THE MONTH WAS 18
DEGREES WHICH OCCURRED ON THE 23RD, 24TH AND 29TH.
FOR DECEMBER 2020, 0.28 INCHES OF PRECIPITATION WAS RECORDED AT THE RENO-
TAHOE INTERNATIONAL AIRPORT. THIS IS 0.75 INCHES BELOW NORMAL. THE TOTAL
SNOWFALL FOR THE MONTH WAS 0.1 INCH, WHICH IS 4.8 INCHES BELOW NORMAL.
THE AVERAGE WIND SPEED FOR DECEMBER 2020 WAS 3.9 MPH. THE PEAK WIND GUST
FOR THE MONTH WAS 48 MPH FROM THE SOUTH ON THE 25TH.
#FINAL-12-20#