000
CXUS53 KARX 010733
CLSRST
CLIMATE REPORT
NATIONAL WEATHER SERVICE LA CROSSE WI
233 AM CDT WED SEP 01 2021
...................................
...THE ROCHESTER MN CLIMATE SUMMARY FOR THE SEASON, FROM
6/1/2021 TO 8/31/2021...
CLIMATE NORMAL PERIOD 1991 TO 2020
CLIMATE RECORD PERIOD 1886 TO 2021
WEATHER OBSERVED NORMAL DEPART LAST YEAR`S
VALUE DATE(S) VALUE FROM VALUE DATE(S)
NORMAL
................................................................
TEMPERATURE (F)
RECORD
HIGH 108 07/14/1936
LOW 31 06/09/1937
HIGHEST 95 06/05 93 06/02
06/10
LOWEST 46 06/21 46 08/04
AVG. MAXIMUM 81.8 78.6 3.2 81.5
AVG. MINIMUM 60.5 58.8 1.7 59.8
MEAN 71.2 68.7 2.5 70.7
DAYS MAX >= 90 10 3.8 6.2 6
DAYS MAX <= 32 0 0.0 0.0 0
DAYS MIN <= 32 0 0.0 0.0 0
DAYS MIN <= 0 0 0.0 0.0 0
PRECIPITATION (INCHES)
RECORD
MAXIMUM 23.34 2000
MINIMUM 3.78 1910
TOTALS 12.33 13.66 -1.33 12.75
DAYS >= .01 28 33.0 -5.0 31
DAYS >= .10 18 20.6 -2.6 18
DAYS >= .50 10 9.6 0.4 9
DAYS >= 1.00 2 3.7 -1.7 4
GREATEST
24 HR. TOTAL 3.79 0MM26 TO 08/27 2.01
SNOWFALL (INCHES)
RECORDS
TOTAL 0.0 2020
SNOW DEPTH 0 08/31/2020
TOTALS 0.0 0.0 0.0 0.0
SNOWDEPTH AVG. 0 0
DAYS >= TRACE 0 0.0 0.0 0
DAYS >= 1.0 0 0.0 0.0 0
GREATEST
SNOW DEPTH 0 0 MM
DEGREE DAYS
HEATING TOTAL 22 94 -72 41
COOLING TOTAL 600 440 160 582
................................................................
WIND (MPH)
AVERAGE WIND SPEED 8.3
HIGHEST WIND SPEED/DIRECTION 38/190 DATE 08/28
HIGHEST GUST SPEED/DIRECTION 60/190 DATE 08/28
AVERAGE RH (PERCENT) 72
WEATHER CONDITIONS. NUMBER OF DAYS WITH
THUNDERSTORM 19 MIXED PRECIP 0
HEAVY RAIN 13 RAIN 19
LIGHT RAIN 34 FREEZING RAIN 0
LT FREEZING RAIN 0 HAIL 0
HEAVY SNOW 0 SNOW 0
LIGHT SNOW 0 SLEET 0
FOG 37 FOG W/VIS <= 1/4 MILE 3
HAZE 12
- INDICATES NEGATIVE NUMBERS.
R INDICATES RECORD WAS SET OR TIED.
MM INDICATES DATA IS MISSING.
T INDICATES TRACE AMOUNT.
$$