000
CXUS53 KARX 020403
CLSRST
CLIMATE REPORT
NATIONAL WEATHER SERVICE LA CROSSE WI
1003 PM CST WED MAR 01 2023
...................................
...THE ROCHESTER MN CLIMATE SUMMARY FOR THE SEASON, FROM
12/1/2022 TO 2/28/2023...
CLIMATE NORMAL PERIOD 1991 TO 2020
CLIMATE RECORD PERIOD 1886 TO 2023
WEATHER OBSERVED NORMAL DEPART LAST YEAR`S
VALUE DATE(S) VALUE FROM VALUE DATE(S)
NORMAL
................................................................
TEMPERATURE (F)
RECORD
HIGH 64 12/04/2017
LOW -42 01/07/1887
HIGHEST 41 12/02 64 12/15
LOWEST -17 01/31 -21 01/26
AVG. MAXIMUM 26.1 25.8 0.3 25.3
AVG. MINIMUM 11.5 10.4 1.1 6.8
MEAN 18.8 18.1 0.7 16.1
DAYS MAX >= 90 0 0.0 0.0 0
DAYS MAX <= 32 55 62.0 -7.0 62
DAYS MIN <= 32 89 87.3 1.7 87
DAYS MIN <= 0 20 23.3 -3.3 29
PRECIPITATION (INCHES)
RECORD
MAXIMUM 6.30 2018
MINIMUM 0.71 1928
TOTALS 6.57 3.29 3.28 2.65
DAYS >= .01 31 27.0 4.0 MM
DAYS >= .10 18 9.9 8.1 MM
DAYS >= .50 3 1.1 1.9 MM
DAYS >= 1.00 1 0.1 0.9 MM
GREATEST
24 HR. TOTAL 1.20 0.63 12/10 TO 12/11
SNOWFALL (INCHES)
RECORDS
TOTAL 68.2 2018
SNOW DEPTH 29 12/26/2010
12/25/2010
12/21/2010
TOTALS 43.4 35.3 8.1 28.2
SNOWDEPTH AVG. 6 3
DAYS >= TRACE 45 24.8 20.2 MM
DAYS >= 1.0 13 10.8 2.2 MM
GREATEST
SNOW DEPTH 12 12/26 7 12/11
12/27
12/28
12/12
DEGREE DAYS
HEATING TOTAL 4137 4224 -87 4379
COOLING TOTAL 0 0 0 0
................................................................
WIND (MPH)
AVERAGE WIND SPEED 12.6
HIGHEST WIND SPEED/DIRECTION 37/300 DATE 02/20
HIGHEST GUST SPEED/DIRECTION 48/290 DATE 12/23
AVERAGE RH (PERCENT) 82
WEATHER CONDITIONS. NUMBER OF DAYS WITH
THUNDERSTORM 0 MIXED PRECIP 0
HEAVY RAIN 2 RAIN 4
LIGHT RAIN 10 FREEZING RAIN 3
LT FREEZING RAIN 6 HAIL 0
HEAVY SNOW 3 SNOW 11
LIGHT SNOW 46 SLEET 0
FOG 57 FOG W/VIS <= 1/4 MILE 15
HAZE 16
- INDICATES NEGATIVE NUMBERS.
R INDICATES RECORD WAS SET OR TIED.
MM INDICATES DATA IS MISSING.
T INDICATES TRACE AMOUNT.
$$
BOYNE