000
CXUS53 KARX 012123
CLSRST
CLIMATE REPORT
NATIONAL WEATHER SERVICE LA CROSSE WI
423 PM CDT THU SEP 01 2022
...................................
...THE ROCHESTER MN CLIMATE SUMMARY FOR THE SEASON, FROM
6/1/2022 TO 8/31/2022...
CLIMATE NORMAL PERIOD 1991 TO 2020
CLIMATE RECORD PERIOD 1886 TO 2022
WEATHER OBSERVED NORMAL DEPART LAST YEAR`S
VALUE DATE(S) VALUE FROM VALUE DATE(S)
NORMAL
................................................................
TEMPERATURE (F)
RECORD
HIGH 108 07/14/1936
LOW 31 06/09/1937
HIGHEST 96 06/20 95 06/05
06/10
LOWEST 48 06/02 46 06/21
AVG. MAXIMUM 79.4 78.6 0.8 81.8
AVG. MINIMUM 59.7 58.8 0.9 60.5
MEAN 69.5 68.7 0.8 71.2
DAYS MAX >= 90 4 3.8 0.2 10
DAYS MAX <= 32 0 0.0 0.0 0
DAYS MIN <= 32 0 0.0 0.0 0
DAYS MIN <= 0 0 0.0 0.0 0
PRECIPITATION (INCHES)
RECORD
MAXIMUM 23.34 2000
MINIMUM 3.78 1910
TOTALS 15.82 13.66 2.16 12.33
DAYS >= .01 32 33.0 -1.0 28
DAYS >= .10 19 20.6 -1.6 18
DAYS >= .50 10 9.6 0.4 10
DAYS >= 1.00 5 3.7 1.3 2
GREATEST
24 HR. TOTAL 3.09 07/23 TO 07/23 3.79 08/26 TO 08/27
SNOWFALL (INCHES)
RECORDS
TOTAL 0.0 2020
SNOW DEPTH 0 08/31/2020
TOTALS 0.0 0.0 0.0 0.0
SNOWDEPTH AVG. 0 0
DAYS >= TRACE 0 0.0 0.0 0
DAYS >= 1.0 0 0.0 0.0 0
GREATEST
SNOW DEPTH 0 0 MM
DEGREE DAYS
HEATING TOTAL 33 94 -61 22
COOLING TOTAL 473 440 33 600
................................................................
WIND (MPH)
AVERAGE WIND SPEED 9.5
HIGHEST WIND SPEED/DIRECTION 51/240 DATE 06/21
HIGHEST GUST SPEED/DIRECTION 52/030 DATE 07/23
AVERAGE RH (PERCENT) 73
WEATHER CONDITIONS. NUMBER OF DAYS WITH
THUNDERSTORM 22 MIXED PRECIP 0
HEAVY RAIN 13 RAIN 15
LIGHT RAIN 39 FREEZING RAIN 0
LT FREEZING RAIN 0 HAIL 0
HEAVY SNOW 0 SNOW 0
LIGHT SNOW 0 SLEET 0
FOG 42 FOG W/VIS <= 1/4 MILE 11
HAZE 1
- INDICATES NEGATIVE NUMBERS.
R INDICATES RECORD WAS SET OR TIED.
MM INDICATES DATA IS MISSING.
T INDICATES TRACE AMOUNT.
$$
BOYNE