000
CXUS55 KTWC 010855
CF6SAD
PRELIMINARY LOCAL CLIMATOLOGICAL DATA (WS FORM: F-6)
STATION: SAFFORD AZ AIRPORT
MONTH: JUNE
YEAR: 2021
LATITUDE: 32 50 N
LONGITUDE: 109 38 W
TEMPERATURE IN F: :PCPN: SNOW: WIND :SUNSHINE: SKY :PK WND
================================================================================
1 2 3 4 5 6A 6B 7 8 9 10 11 12 13 14 15 16 17 18
12Z AVG MX 2MIN
DY MAX MIN AVG DEP HDD CDD WTR SNW DPTH SPD SPD DIR MIN PSBL S-S WX SPD DR
================================================================================
1 96 67 82 3 0 17 0.00 M M 8.1 33 30 M M 0 3 46 10
2 100 64 82 2 0 17 0.00 M M 9.5 23 300 M M 0 32 300
3 102 69 86 6 0 21 0.00 M M 10.0 26 300 M M 1 39 310
4 99 78 89 9 0 24 0.00 M M 14.4 24 320 M M 0 34 300
5 101 76 89 8 0 24 0.00 M M 19.3 35 280 M M 1 49 280
6 102 72 87 6 0 22 0.00 M M 12.2 24 300 M M 1 36 290
7 99 63 81 0 0 16 0.00 M M 7.6 20 320 M M 0 26 320
8 98 63 81 -1 0 16 0.00 M M 6.5 16 320 M M 0 22 320
9 103 58 81 -1 0 16 0.00 M M 5.6 21 300 M M 1 27 310
10 103 61 82 0 0 17 0.00 M M 8.6 22 310 M M 1 29 320
11 104 63 84 2 0 19 0.00 M M 7.8 17 330 M M 2 24 290
12 110 63 87 4 0 22 0.00 M M 6.5 18 310 M M 3 26 330
13 113 73 93 10 0 28 0.00 M M 6.7 24 290 M M 3 32 280
14 113 73 93 10 0 28 0.00 M M 6.5 43 20 M M 4 38 54 20
15 110 80 95 11 0 30 0.00 M M 10.8 26 140 M M 4 37 110
16 110 79 95 11 0 30 T M M 9.6 36 40 M M 3 3 48 40
17 107 81 94 10 0 29 0.00 M M 10.7 21 150 M M M 28 160
18 109 73 91 7 0 26 0.00 M M 7.7 15 150 M M 3 8 21 150
19 113 77 95 11 0 30 0.00 M M 9.0 24 30 M M 3 33 30
20 110 87 99 14 0 34 0.00 M M 16.1 32 280 M M 4 46 250
21 105 84 95 10 0 30 0.00 M M 18.9 32 310 M M M 44 310
22 107 71 89 4 0 24 0.00 M M 11.1 32 270 M M 0 43 260
23 102 80 91 6 0 26 0.00 M M 14.2 30 300 M M 2 39 310
24 100 73 87 2 0 22 0.00 M M 10.1 22 290 M M 4 32 270
25 102 78 90 4 0 25 0.00 M M 11.7 25 310 M M 3 35 330
26 103 70 87 1 0 22 0.00 M M 9.1 24 330 M M 2 31 330
27 101 70 86 0 0 21 0.00 M M 9.5 28 120 M M 2 38 37 120
28 94 70 82 -4 0 17 T M M 10.7 25 130 M M 1 3 35 130
29 94 65 80 -6 0 15 0.00 M M 10.2 21 130 M M 3 29 130
30 92 71 82 -4 0 17 0.00 M M 8.4 17 270 M M 1 25 160
================================================================================
SM 3102 2152 0 685 T M 307.1 M 52
================================================================================
AV103.4 71.7 10.2 FASTST M M 2 MAX(MPH)
MISC ----> 43 20 54 20
================================================================================
NOTES:
# LAST OF SEVERAL OCCURRENCES
COLUMN 17 PEAK WIND IN M.P.H.
PRELIMINARY LOCAL CLIMATOLOGICAL DATA (WS FORM: F-6) , PAGE 2
STATION: SAFFORD AZ AIRPORT
MONTH: JUNE
YEAR: 2021
LATITUDE: 32 50 N
LONGITUDE: 109 38 W
[TEMPERATURE DATA] [PRECIPITATION DATA] SYMBOLS USED IN COLUMN 16
AVERAGE MONTHLY: 87.6 TOTAL FOR MONTH: T 1 = FOG OR MIST
DPTR FM NORMAL: 4.2 DPTR FM NORMAL: -0.24 2 = FOG REDUCING VISIBILITY
HIGHEST: 113 ON 19,14 GRTST 24HR T ON 31- 1 TO 1/4 MILE OR LESS
LOWEST: 58 ON 9 3 = THUNDER
SNOW, ICE PELLETS, HAIL 4 = ICE PELLETS
TOTAL MONTH: M 5 = HAIL
GRTST 24HR M ON M 6 = FREEZING RAIN OR DRIZZLE
GRTST DEPTH: M ON M 7 = DUSTSTORM OR SANDSTORM:
VSBY 1/2 MILE OR LESS
8 = SMOKE OR HAZE
[NO. OF DAYS WITH] [WEATHER - DAYS WITH] 9 = BLOWING SNOW
X = TORNADO
MAX 32 OR BELOW: 0 0.01 INCH OR MORE: 0
MAX 90 OR ABOVE: 30 0.10 INCH OR MORE: 0
MIN 32 OR BELOW: 0 0.50 INCH OR MORE: 0
MIN 0 OR BELOW: 0 1.00 INCH OR MORE: 0
[HDD (BASE 65) ]
TOTAL THIS MO. 0 CLEAR (SCALE 0-3) 21
DPTR FM NORMAL 0 PTCLDY (SCALE 4-7) 7
TOTAL FM JUL 1 2073 CLOUDY (SCALE 8-10) 2
DPTR FM NORMAL -102
[CDD (BASE 65) ]
TOTAL THIS MO. 685
DPTR FM NORMAL 135 [PRESSURE DATA]
TOTAL FM JAN 1 1135 HIGHEST SLP M ON M
DPTR FM NORMAL 229 LOWEST SLP 29.44 ON 19
[REMARKS]
#FINAL-06-21#