000
CXUS55 KTWC 010855
CF6SAD
PRELIMINARY LOCAL CLIMATOLOGICAL DATA (WS FORM: F-6)
STATION: SAFFORD AZ AIRPORT
MONTH: OCTOBER
YEAR: 2020
LATITUDE: 32 50 N
LONGITUDE: 109 38 W
TEMPERATURE IN F: :PCPN: SNOW: WIND :SUNSHINE: SKY :PK WND
================================================================================
1 2 3 4 5 6A 6B 7 8 9 10 11 12 13 14 15 16 17 18
12Z AVG MX 2MIN
DY MAX MIN AVG DEP HDD CDD WTR SNW DPTH SPD SPD DIR MIN PSBL S-S WX SPD DR
================================================================================
1 99 54 77 3 0 12 0.00 M M 6.1 16 120 M M 0 20 100
2 96 65 81 8 0 16 0.00 M M 8.2 15 130 M M 0 20 130
3 99 54 77 4 0 12 0.00 M M 6.9 21 290 M M 0 26 300
4 93 62 78 6 0 13 0.00 M M 6.8 15 110 M M 0 8 20 150
5 98 53 76 4 0 11 0.00 M M 7.2 23 290 M M M 31 290
6 98 55 77 6 0 12 0.00 M M 2.7 13 260 M M M 17 270
7 97 51 74 3 0 9 0.00 M M 4.2 12 130 M M M 8 21 130
8 97 52 75 5 0 10 0.00 M M 3.9 13 330 M M M 8 17 330
9 95 55 75 5 0 10 0.00 M M 4.7 13 350 M M M 25 360
10 93 51 72 2 0 7 0.00 M M 5.3 14 310 M M M 17 300
11 90 55 73 4 0 8 0.00 M M 8.1 23 320 M M M 32 310
12 92 52 72 3 0 7 0.00 M M 5.5 13 100 M M 0 16 120
13 96 52 74 6 0 9 0.00 M M 3.5 12 120 M M 0 17 140
14 97 51 74 6 0 9 0.00 M M 7.9 23 300 M M 0 32 300
15 96 54 75 8 0 10 0.00 M M 8.2 16 280 M M 0 24 260
16 89 56 73 6 0 8 0.00 M M 7.9 17 150 M M 0 27 150
17 93 62 78 12 0 13 0.00 M M 9.2 18 320 M M 0 25 320
18 92 50 71 5 0 6 0.00 M M 7.7 21 300 M M 0 27 310
19 91 49 70 4 0 5 0.00 M M 5.1 15 300 M M 0 19 270
20 91 48 70 5 0 5 0.00 M M 3.5 9 330 M M 0 13 320
21 92 47 70 5 0 5 0.00 M M 4.9 15 300 M M 0 20 330
22 89 51 70 6 0 5 0.00 M M 4.2 13 270 M M 0 17 270
23 89 51 70 6 0 5 0.00 M M 4.7 10 350 M M 0 15 130
24 84 53 69 5 0 4 0.00 M M 4.3 13 310 M M 0 17 310
25 84 54 69 6 0 4 0.00 M M 7.6 33 270 M M 1 45 270
26 68 44 56 -7 9 0 T M M 14.9 25 310 M M 6 36 310
27 47 37 42 -20 23 0 0.32 M M 5.4 15 300 M M 8 1 23 290
28 60 30 45 -17 20 0 0.00 M M 3.7 10 150 M M 0 14 120
29 73 41 57 -5 8 0 0.00 M M 12.2 21 110 M M 0 29 130
30 77 50 64 3 1 0 0.00 M M 7.2 15 130 M M 0 21 130
31 83 45 64 3 1 0 0.00 M M 5.2 15 130 M M 0 19 130
================================================================================
SM 2738 1584 62 215 0.32 M 196.9 M 15
================================================================================
AV 88.3 51.1 6.4 FASTST M M 1 MAX(MPH)
MISC ----> 33 270 45 270
================================================================================
NOTES:
# LAST OF SEVERAL OCCURRENCES
COLUMN 17 PEAK WIND IN M.P.H.
PRELIMINARY LOCAL CLIMATOLOGICAL DATA (WS FORM: F-6) , PAGE 2
STATION: SAFFORD AZ AIRPORT
MONTH: OCTOBER
YEAR: 2020
LATITUDE: 32 50 N
LONGITUDE: 109 38 W
[TEMPERATURE DATA] [PRECIPITATION DATA] SYMBOLS USED IN COLUMN 16
AVERAGE MONTHLY: 69.7 TOTAL FOR MONTH: 0.32 1 = FOG OR MIST
DPTR FM NORMAL: 2.6 DPTR FM NORMAL: -0.76 2 = FOG REDUCING VISIBILITY
HIGHEST: 99 ON 3, 1 GRTST 24HR 0.32 ON 26-27 TO 1/4 MILE OR LESS
LOWEST: 30 ON 28 3 = THUNDER
SNOW, ICE PELLETS, HAIL 4 = ICE PELLETS
TOTAL MONTH: M 5 = HAIL
GRTST 24HR M ON M 6 = FREEZING RAIN OR DRIZZLE
GRTST DEPTH: M ON M 7 = DUSTSTORM OR SANDSTORM:
VSBY 1/2 MILE OR LESS
8 = SMOKE OR HAZE
[NO. OF DAYS WITH] [WEATHER - DAYS WITH] 9 = BLOWING SNOW
X = TORNADO
MAX 32 OR BELOW: 0 0.01 INCH OR MORE: 1
MAX 90 OR ABOVE: 20 0.10 INCH OR MORE: 1
MIN 32 OR BELOW: 1 0.50 INCH OR MORE: 0
MIN 0 OR BELOW: 0 1.00 INCH OR MORE: 0
[HDD (BASE 65) ]
TOTAL THIS MO. 62 CLEAR (SCALE 0-3) 22
DPTR FM NORMAL 4 PTCLDY (SCALE 4-7) 1
TOTAL FM JUL 1 62 CLOUDY (SCALE 8-10) 8
DPTR FM NORMAL 3
[CDD (BASE 65) ]
TOTAL THIS MO. 215
DPTR FM NORMAL 92 [PRESSURE DATA]
TOTAL FM JAN 1 3349 HIGHEST SLP M ON M
DPTR FM NORMAL 744 LOWEST SLP 29.59 ON 25
[REMARKS]
#FINAL-10-20#