000
CXUS55 KTWC 010855
CF6SAD
PRELIMINARY LOCAL CLIMATOLOGICAL DATA (WS FORM: F-6)
STATION: SAFFORD AZ AIRPORT
MONTH: AUGUST
YEAR: 2023
LATITUDE: 32 50 N
LONGITUDE: 109 38 W
TEMPERATURE IN F: :PCPN: SNOW: WIND :SUNSHINE: SKY :PK WND
================================================================================
1 2 3 4 5 6A 6B 7 8 9 10 11 12 13 14 15 16 17 18
12Z AVG MX 2MIN
DY MAX MIN AVG DEP HDD CDD WTR SNW DPTH SPD SPD DIR MIN PSBL S-S WX SPD DR
================================================================================
1 103 69 86 1 0 21 0.00 M M 6.4 17 280 M M 0 22 280
2 105 76 91 6 0 26 0.00 M M 8.7 18 310 M M 1 27 270
3 105 76 91 6 0 26 0.00 M M 8.3 15 280 M M 0 21 270
4 108 76 92 7 0 27 0.00 M M 7.0 17 300 M M 0 23 320
5 111 73 92 7 0 27 0.00 M M 9.1 23 320 M M 0 32 330
6 109 82 96 11 0 31 0.00 M M 14.2 25 290 M M 0 35 290
7 103 77 90 5 0 25 T M M 10.9 35 170 M M 1 3 47 170
8 99 74 87 2 0 22 0.00 M M 10.0 24 290 M M 1 3 36 340
9 102 72 87 2 0 22 0.00 M M 7.9 23 280 M M 0 32 280
10 100 75 88 3 0 23 T M M 8.0 17 200 M M 0 38 28 260
11 85 69 77 -8 0 12 0.15 M M 7.6 22 280 M M 6 1 28 320
12 98 69 84 -1 0 19 0.00 M M 10.3 28 280 M M 1 3 34 280
13 94 65 80 -5 0 15 0.00 M M 4.6 15 280 M M 0 20 310
14 95 73 84 -1 0 19 0.05 M M 10.7 20 50 M M 3 33 80
15 97 71 84 -1 0 19 0.00 M M 9.3 20 130 M M 1 39 150
16 103 77 90 5 0 25 0.00 M M 8.5 16 300 M M 0 3 22 300
17 106 73 90 5 0 25 T M M 8.5 23 310 M M 1 3 33 310
18 103 72 88 3 0 23 0.01 M M 9.6 31 150 M M 1 3 41 150
19 98 66 82 -3 0 17 0.00 M M 6.3 22 310 M M 0 3 31 310
20 102 75 89 4 0 24 0.30 M M 10.4 45 130 M M 1 38 60 140
21 103 71 87 3 0 22 0.02 M M 10.2 25 120 M M M 3 40 100
22 102 70 86 2 0 21 T M M 8.2 23 190 M M M 3 34 120
23 84 72 78 -6 0 13 T M M 9.0 26 120 M M M 35 120
24 94 69 82 -2 0 17 0.00 M M 6.1 17 250 M M 1 3 24 240
25 102 72 87 3 0 22 0.00 M M 9.2 35 110 M M M 45 110
26 100 77 89 5 0 24 T M M 9.3 35 60 M M M 3 41 60
27 102 77 90 6 0 25 0.00 M M 5.4 12 80 M M M 17 90
28 105 75 90 6 0 25 0.00 M M 8.3 28 10 M M 0 3 39 20
29 102 76 89 5 0 24 0.00 M M 9.7 21 110 M M 0 27 110
30 103 80 92 9 0 27 0.00 M M 11.1 16 80 M M 0 3 23 90
31 104 69 87 4 0 22 0.00 M M 6.6 20 330 M M 0 29 310
================================================================================
SM 3127 2268 0 690 0.53 M 269.4 M 18
================================================================================
AV100.9 73.2 8.7 FASTST M M 1 MAX(MPH)
MISC ----> 45 130 60 140
================================================================================
NOTES:
# LAST OF SEVERAL OCCURRENCES
COLUMN 17 PEAK WIND IN M.P.H.
PRELIMINARY LOCAL CLIMATOLOGICAL DATA (WS FORM: F-6) , PAGE 2
STATION: SAFFORD AZ AIRPORT
MONTH: AUGUST
YEAR: 2023
LATITUDE: 32 50 N
LONGITUDE: 109 38 W
[TEMPERATURE DATA] [PRECIPITATION DATA] SYMBOLS USED IN COLUMN 16
AVERAGE MONTHLY: 87.0 TOTAL FOR MONTH: 0.53 1 = FOG OR MIST
DPTR FM NORMAL: 2.4 DPTR FM NORMAL: -0.75 2 = FOG REDUCING VISIBILITY
HIGHEST: 111 ON 5 GRTST 24HR 0.32 ON 20-21 TO 1/4 MILE OR LESS
LOWEST: 65 ON 13 3 = THUNDER
SNOW, ICE PELLETS, HAIL 4 = ICE PELLETS
TOTAL MONTH: M 5 = HAIL
GRTST 24HR M ON M 6 = FREEZING RAIN OR DRIZZLE
GRTST DEPTH: M ON M 7 = DUSTSTORM OR SANDSTORM:
VSBY 1/2 MILE OR LESS
8 = SMOKE OR HAZE
[NO. OF DAYS WITH] [WEATHER - DAYS WITH] 9 = BLOWING SNOW
X = TORNADO
MAX 32 OR BELOW: 0 0.01 INCH OR MORE: 5
MAX 90 OR ABOVE: 29 0.10 INCH OR MORE: 2
MIN 32 OR BELOW: 0 0.50 INCH OR MORE: 0
MIN 0 OR BELOW: 0 1.00 INCH OR MORE: 0
[HDD (BASE 65) ]
TOTAL THIS MO. 0 CLEAR (SCALE 0-3) 24
DPTR FM NORMAL 0 PTCLDY (SCALE 4-7) 1
TOTAL FM JUL 1 0 CLOUDY (SCALE 8-10) 6
DPTR FM NORMAL 0
[CDD (BASE 65) ]
TOTAL THIS MO. 690
DPTR FM NORMAL 82 [PRESSURE DATA]
TOTAL FM JAN 1 2402 HIGHEST SLP M ON M
DPTR FM NORMAL 239 LOWEST SLP 29.61 ON 31
[REMARKS]
#FINAL-08-23#