000
CXUS56 KLOX 011255
CF6SBA
PRELIMINARY LOCAL CLIMATOLOGICAL DATA (WS FORM: F-6)
STATION: SANTA BARBARA AIRPORT CA
MONTH: JANUARY
YEAR: 2021
LATITUDE: 34 25 N
LONGITUDE: 119 50 W
TEMPERATURE IN F: :PCPN: SNOW: WIND :SUNSHINE: SKY :PK WND
================================================================================
1 2 3 4 5 6A 6B 7 8 9 10 11 12 13 14 15 16 17 18
12Z AVG MX 2MIN
DY MAX MIN AVG DEP HDD CDD WTR SNW DPTH SPD SPD DIR MIN PSBL S-S WX SPD DR
================================================================================
1 65 37 51 -1 14 0 0.00 M M 3.6 16 250 M M 0 21 250
2 62 38 50 -2 15 0 0.00 M M 3.3 9 260 M M 0 12 250
3 60 42 51 -1 14 0 0.00 M M 4.0 10 140 M M 1 13 140
4 72 43 58 6 7 0 0.00 M M 4.9 21 270 M M 3 1 29 270
5 61 40 51 -1 14 0 0.00 M M 3.0 12 140 M M 0 18 14 140
6 71 39 55 3 10 0 0.00 M M 2.9 10 160 M M 0 13 160
7 73 38 56 4 9 0 0.00 M M 3.0 12 260 M M 0 18 15 240
8 79 36 58 6 7 0 0.00 M M 4.0 20 340 M M 0 25 350
9 71 39 55 3 10 0 0.00 M M 3.3 16 120 M M 0 22 130
10 67 37 52 0 13 0 0.00 M M 2.3 9 240 M M 0 18 11 220
11 67 36 52 0 13 0 0.00 M M 2.3 12 130 M M 0 1 13 140
12 68 37 53 1 12 0 0.00 M M 2.5 10 250 M M 0 12 250
13 70 39 55 3 10 0 0.00 M M 2.1 8 150 M M 1 18 14 130
14 84 42 63 11 2 0 0.00 M M 2.5 10 230 M M 0 8 12 250
15 82 42 62 10 3 0 0.00 M M 2.9 8 250 M M 0 11 200
16 87 42 65 13 0 0 0.00 M M 3.1 12 140 M M 0 8 15 150
17 84 46 65 13 0 0 0.00 M M 2.9 9 270 M M 0 8 12 240
18 75 43 59 7 6 0 0.00 M M 2.1 9 270 M M 0 10 190
19 73 47 60 8 5 0 0.00 M M 6.9 18 30 M M 4 8 25 30
20 74 46 60 8 5 0 0.00 M M 4.3 16 270 M M 0 19 270
21 70 42 56 4 9 0 0.00 M M 2.9 12 260 M M 0 1 14 270
22 61 41 51 -1 14 0 0.00 M M 5.4 20 310 M M 5 24 310
23 59 40 50 -2 15 0 0.02 M M 4.5 15 270 M M 6 19 270
24 65 38 52 0 13 0 0.03 M M 7.7 23 270 M M 2 29 280
25 55 44 50 -2 15 0 0.29 M M 16.4 26 300 M M 6 5 38 320
26 57 40 49 -3 16 0 0.00 M M 9.9 21 260 M M 3 27 350
27 54 48 51 -1 14 0 1.37 M M 15.3 23 110 M M 10 18 33 120
28 55 49 52 -1 13 0 2.24 M M 13.0 26 90 M M 10 18 33 90
29 55 42 49 -4 16 0 0.33 M M 4.4 14 140 M M 7 1 30 140
30 58 37 48 -5 17 0 0.00 M M 3.1 12 260 M M 1 15 250
31 63 37 50 -3 15 0 0.00 M M 2.1 10 260 M M 1 13 260
================================================================================
SM 2097 1267 326 0 4.28 M 150.6 M 60
================================================================================
AV 67.6 40.9 4.9 FASTST M M 2 MAX(MPH)
MISC ----> # 26 300 38 320
================================================================================
NOTES:
# LAST OF SEVERAL OCCURRENCES
COLUMN 17 PEAK WIND IN M.P.H.
PRELIMINARY LOCAL CLIMATOLOGICAL DATA (WS FORM: F-6) , PAGE 2
STATION: SANTA BARBARA AIRPORT CA
MONTH: JANUARY
YEAR: 2021
LATITUDE: 34 25 N
LONGITUDE: 119 50 W
[TEMPERATURE DATA] [PRECIPITATION DATA] SYMBOLS USED IN COLUMN 16
AVERAGE MONTHLY: 54.3 TOTAL FOR MONTH: 4.28 1 = FOG OR MIST
DPTR FM NORMAL: 2.2 DPTR FM NORMAL: 0.78 2 = FOG REDUCING VISIBILITY
HIGHEST: 87 ON 16 GRTST 24HR 2.24 ON 28-28 TO 1/4 MILE OR LESS
LOWEST: 36 ON 11, 8 3 = THUNDER
SNOW, ICE PELLETS, HAIL 4 = ICE PELLETS
TOTAL MONTH: M 5 = HAIL
GRTST 24HR M ON M 6 = FREEZING RAIN OR DRIZZLE
GRTST DEPTH: M ON M 7 = DUSTSTORM OR SANDSTORM:
VSBY 1/2 MILE OR LESS
8 = SMOKE OR HAZE
[NO. OF DAYS WITH] [WEATHER - DAYS WITH] 9 = BLOWING SNOW
X = TORNADO
MAX 32 OR BELOW: 0 0.01 INCH OR MORE: 6
MAX 90 OR ABOVE: 0 0.10 INCH OR MORE: 4
MIN 32 OR BELOW: 0 0.50 INCH OR MORE: 2
MIN 0 OR BELOW: 0 1.00 INCH OR MORE: 2
[HDD (BASE 65) ]
TOTAL THIS MO. 326 CLEAR (SCALE 0-3) 23
DPTR FM NORMAL -74 PTCLDY (SCALE 4-7) 6
TOTAL FM JUL 1 1048 CLOUDY (SCALE 8-10) 2
DPTR FM NORMAL -234
[CDD (BASE 65) ]
TOTAL THIS MO. 0
DPTR FM NORMAL 0 [PRESSURE DATA]
TOTAL FM JAN 1 0 HIGHEST SLP 30.30 ON 12
DPTR FM NORMAL 0 LOWEST SLP 29.63 ON 19
[REMARKS]
#FINAL-01-21#