000
CXUS53 KMKX 010810
CF6SBM
PRELIMINARY LOCAL CLIMATOLOGICAL DATA (WS FORM: F-6)
STATION: SHEBOYGAN WI
MONTH: JUNE
YEAR: 2022
LATITUDE: 43 46 N
LONGITUDE: 87 51 W
TEMPERATURE IN F: :PCPN: SNOW: WIND :SUNSHINE: SKY :PK WND
================================================================================
1 2 3 4 5 6A 6B 7 8 9 10 11 12 13 14 15 16 17 18
12Z AVG MX 2MIN
DY MAX MIN AVG DEP HDD CDD WTR SNW DPTH SPD SPD DIR MIN PSBL S-S WX SPD DR
================================================================================
1 72 53 63 3 2 0 0.00 M M 7.8 14 330 M M 1 20 320
2 77 47 62 2 3 0 0.00 M M 6.7 18 320 M M 0 26 280
3 75 47 61 0 4 0 0.00 M M 10.0 28 270 M M 0 39 270
4 73 42 58 -3 7 0 0.00 M M 5.8 15 240 M M 0 23 200
5 61 53 57 -5 8 0 0.69 M M 4.4 10 80 M M 9 1 16 80
6 62 54 58 -4 7 0 0.79 M M 6.9 13 30 M M 9 1 15 40
7 69 53 61 -1 4 0 0.00 M M 6.4 13 330 M M 5 16 320
8 58 49 54 -8 11 0 0.98 M M 4.4 16 170 M M 8 12 21 180
9 78 47 63 0 2 0 0.00 M M 7.6 17 290 M M 2 12 28 310
10 81 52 67 4 0 2 0.00 M M 7.8 16 250 M M 5 23 250
11 71 57 64 1 1 0 T M M 6.8 12 240 M M 7 1 17 260
12 63 50 57 -7 8 0 T M M 9.1 17 60 M M 3 1 23 80
13 69 50 60 -4 5 0 0.41 M M 6.4 18 60 M M 4 1238 26 50
14 86 62 74 10 0 9 0.00 M M 6.6 21 170 M M 5 128 31 170
15 92 69 81 16 0 16 1.27 M M 12.6 33 210 M M 2 13 48 210
16 87 64 76 11 0 11 0.00 M M 9.9 31 270 M M 0 45 270
17 83 52 68 3 0 3 0.00 0.0 0 10.4 28 60 M M 1 34 70
18 68 47 58 -7 7 0 0.00 0.0 0 7.5 17 50 M M 0 22 60
19 75 47 61 -5 4 0 0.00 M M 5.9 14 180 M M 0 19 180
20 94 60 77 11 0 12 0.00 M M 9.5 18 200 M M 0 23 230
21 96 66 81 15 0 16 T M M 12.2 26 260 M M 0 37 250
22 84 57 71 5 0 6 0.00 M M 9.1 18 300 M M 0 8 26 280
23 80 53 67 0 0 2 0.00 M M 6.4 14 170 M M 0 19 170
24 93 62 78 11 0 13 0.00 M M 8.1 16 180 M M 0 22 170
25 76 63 70 3 0 5 0.03 M M 5.8 21 200 M M 5 12 28 200
26 79 57 68 1 0 3 0.00 M M 12.8 25 280 M M 2 12 39 310
27 74 48 61 -7 4 0 0.00 M M 8.3 21 300 M M 0 31 300
28 88 53 71 3 0 6 0.12 M M 10.0 23 270 M M 4 1 31 280
29 74 56 65 -3 0 0 0.00 M M 4.6 12 110 M M 4 12 16 100
30 91 62 77 9 0 12 T M M 12.8 24 220 M M 2 32 210
================================================================================
SM 2329 1632 77 116 4.29 0.0 242.6 M 78
================================================================================
AV 77.6 54.4 8.1 FASTST M M 3 MAX(MPH)
MISC ----> 33 210 48 210
================================================================================
NOTES:
# LAST OF SEVERAL OCCURRENCES
COLUMN 17 PEAK WIND IN M.P.H.
PRELIMINARY LOCAL CLIMATOLOGICAL DATA (WS FORM: F-6) , PAGE 2
STATION: SHEBOYGAN WI
MONTH: JUNE
YEAR: 2022
LATITUDE: 43 46 N
LONGITUDE: 87 51 W
[TEMPERATURE DATA] [PRECIPITATION DATA] SYMBOLS USED IN COLUMN 16
AVERAGE MONTHLY: 66.0 TOTAL FOR MONTH: 4.29 1 = FOG OR MIST
DPTR FM NORMAL: 1.5 DPTR FM NORMAL: 0.52 2 = FOG REDUCING VISIBILITY
HIGHEST: 96 ON 21 GRTST 24HR 1.27 ON 5- 6 TO 1/4 MILE OR LESS
LOWEST: 42 ON 4 3 = THUNDER
SNOW, ICE PELLETS, HAIL 4 = ICE PELLETS
TOTAL MONTH: 0.0 INCH 5 = HAIL
GRTST 24HR 0.0 6 = FREEZING RAIN OR DRIZZLE
GRTST DEPTH: 0 7 = DUSTSTORM OR SANDSTORM:
VSBY 1/2 MILE OR LESS
8 = SMOKE OR HAZE
[NO. OF DAYS WITH] [WEATHER - DAYS WITH] 9 = BLOWING SNOW
X = TORNADO
MAX 32 OR BELOW: 0 0.01 INCH OR MORE: 7
MAX 90 OR ABOVE: 5 0.10 INCH OR MORE: 6
MIN 32 OR BELOW: 0 0.50 INCH OR MORE: 4
MIN 0 OR BELOW: 0 1.00 INCH OR MORE: 1
[HDD (BASE 65) ]
TOTAL THIS MO. 77 CLEAR (SCALE 0-3) 18
DPTR FM NORMAL -16 PTCLDY (SCALE 4-7) 10
TOTAL FM JUL 1 6953 CLOUDY (SCALE 8-10) 2
DPTR FM NORMAL -618
[CDD (BASE 65) ]
TOTAL THIS MO. 116
DPTR FM NORMAL 38 [PRESSURE DATA]
TOTAL FM JAN 1 143 HIGHEST SLP M ON M
DPTR FM NORMAL 52 LOWEST SLP 29.66 ON 15
[REMARKS]
#FINAL-06-22#