000
CXUS53 KMKX 010910
CF6SBM
PRELIMINARY LOCAL CLIMATOLOGICAL DATA (WS FORM: F-6)
STATION: SHEBOYGAN WI
MONTH: JANUARY
YEAR: 2022
LATITUDE: 43 46 N
LONGITUDE: 87 51 W
TEMPERATURE IN F: :PCPN: SNOW: WIND :SUNSHINE: SKY :PK WND
================================================================================
1 2 3 4 5 6A 6B 7 8 9 10 11 12 13 14 15 16 17 18
12Z AVG MX 2MIN
DY MAX MIN AVG DEP HDD CDD WTR SNW DPTH SPD SPD DIR MIN PSBL S-S WX SPD DR
================================================================================
1 29 16 23 2 42 0 T M M 14.3 21 340 M M 10 31 350
2 20 9 15 -6 50 0 0.00 M M 9.4 21 350 M M 5 26 340
3 24 5 15 -6 50 0 0.00 M M 9.6 20 220 M M 0 23 220
4 34 14 24 3 41 0 0.00 M M 12.2 22 190 M M 1 31 180
5 32 17 25 5 40 0 0.01 M M 17.1 31 260 M M 9 1 40 270
6 20 6 13 -7 52 0 T M M 11.3 18 300 M M 9 18 26 290
7 17 4 11 -9 54 0 0.00 M M 8.5 17 210 M M 4 23 210
8 28 14 21 1 44 0 0.00 M M 16.2 26 180 M M 7 1 36 170
9 29 4 17 -3 48 0 0.00 M M 16.3 26 300 M M 3 42 280
10 4 -3 1 -19 64 0 0.00 M M 11.4 21 300 M M 0 30 300
11 34 -3 16 -4 49 0 0.00 M M 12.5 29 180 M M 1 37 190
12 37 26 32 13 33 0 0.00 M M 6.0 13 280 M M 5 22 280
13 37 25 31 12 34 0 0.00 M M 6.8 23 50 M M 10 1 29 50
14 25 15 20 1 45 0 T M M 12.2 22 50 M M 9 1 28 50
15 19 0 10 -9 55 0 T M M 8.4 20 50 M M 9 18 25 50
16 24 -3 11 -8 54 0 T M M 6.7 14 190 M M 4 18 340
17 29 21 25 6 40 0 0.00 M M 10.6 20 300 M M 10 28 300
18 39 27 33 14 32 0 0.00 M M 12.7 26 180 M M 8 35 180
19 37 8 23 4 42 0 0.00 M M 15.9 25 300 M M 3 38 310
20 11 -1 5 -14 60 0 0.00 M M 7.5 13 310 M M 0 22 320
21 23 -2 11 -8 54 0 0.00 M M 9.7 23 200 M M 0 32 190
22 26 13 20 1 45 0 T M M 15.2 28 210 M M 7 1 36 280
23 13 4 9 -10 56 0 0.01 M M 8.8 15 360 M M 4 1 23 340
24 16 8 12 -7 53 0 0.04 M M 8.0 17 320 M M 8 1 24 320
25 8 -4 2 -17 63 0 0.00 M M 10.7 17 280 M M 0 24 310
26 15 -13 1 -18 64 0 0.00 M M 12.9 23 200 M M 0 31 200
27 31 11 21 2 44 0 0.00 M M 12.8 23 230 M M 7 32 210
28 18 5 12 -7 53 0 0.00 M M 8.6 13 320 M M 3 18 310
29 23 11 17 -2 48 0 T M M 7.4 15 200 M M 10 8 18 200
30 28 9 19 0 46 0 0.00 M M 5.7 14 340 M M 4 19 360
31 34 10 22 3 43 0 0.00 M M 10.2 23 180 M M 7 33 160
================================================================================
SM 764 253 1498 0 0.06 M 335.6 M 157
================================================================================
AV 24.6 8.2 10.8 FASTST M M 5 MAX(MPH)
MISC ----> 31 260 42 280
================================================================================
NOTES:
# LAST OF SEVERAL OCCURRENCES
COLUMN 17 PEAK WIND IN M.P.H.
PRELIMINARY LOCAL CLIMATOLOGICAL DATA (WS FORM: F-6) , PAGE 2
STATION: SHEBOYGAN WI
MONTH: JANUARY
YEAR: 2022
LATITUDE: 43 46 N
LONGITUDE: 87 51 W
[TEMPERATURE DATA] [PRECIPITATION DATA] SYMBOLS USED IN COLUMN 16
AVERAGE MONTHLY: 16.4 TOTAL FOR MONTH: 0.06 1 = FOG OR MIST
DPTR FM NORMAL: -3.0 DPTR FM NORMAL: -1.04 2 = FOG REDUCING VISIBILITY
HIGHEST: 39 ON 18 GRTST 24HR 0.15 ON 1- 1 TO 1/4 MILE OR LESS
LOWEST: -13 ON 26 3 = THUNDER
SNOW, ICE PELLETS, HAIL 4 = ICE PELLETS
TOTAL MONTH: M 5 = HAIL
GRTST 24HR M ON M 6 = FREEZING RAIN OR DRIZZLE
GRTST DEPTH: M ON M 7 = DUSTSTORM OR SANDSTORM:
VSBY 1/2 MILE OR LESS
8 = SMOKE OR HAZE
[NO. OF DAYS WITH] [WEATHER - DAYS WITH] 9 = BLOWING SNOW
X = TORNADO
MAX 32 OR BELOW: 24 0.01 INCH OR MORE: 3
MAX 90 OR ABOVE: 0 0.10 INCH OR MORE: 0
MIN 32 OR BELOW: 31 0.50 INCH OR MORE: 0
MIN 0 OR BELOW: 8 1.00 INCH OR MORE: 0
[HDD (BASE 65) ]
TOTAL THIS MO. 1498 CLEAR (SCALE 0-3) 10
DPTR FM NORMAL 83 PTCLDY (SCALE 4-7) 13
TOTAL FM JUL 1 3719 CLOUDY (SCALE 8-10) 8
DPTR FM NORMAL -529
[CDD (BASE 65) ]
TOTAL THIS MO. 0
DPTR FM NORMAL 0 [PRESSURE DATA]
TOTAL FM JAN 1 0 HIGHEST SLP 30.66 ON 20
DPTR FM NORMAL 0 LOWEST SLP 29.38 ON 5
[REMARKS]
#FINAL-01-22#