000
CXUS53 KMKX 010810
CF6SBM
PRELIMINARY LOCAL CLIMATOLOGICAL DATA (WS FORM: F-6)
STATION: SHEBOYGAN WI
MONTH: APRIL
YEAR: 2021
LATITUDE: 43 46 N
LONGITUDE: 87 51 W
TEMPERATURE IN F: :PCPN: SNOW: WIND :SUNSHINE: SKY :PK WND
================================================================================
1 2 3 4 5 6A 6B 7 8 9 10 11 12 13 14 15 16 17 18
12Z AVG MX 2MIN
DY MAX MIN AVG DEP HDD CDD WTR SNW DPTH SPD SPD DIR MIN PSBL S-S WX SPD DR
================================================================================
1 39 22 31 -7 34 0 0.00 M M 8.9 20 340 M M 1 27 340
2 47 24 36 -3 29 0 0.00 M M 11.1 23 170 M M 0 34 170
3 68 31 50 11 15 0 0.00 M M 8.6 18 250 M M 0 26 290
4 62 32 47 7 18 0 0.00 M M 5.9 17 160 M M 0 18 26 150
5 76 39 58 18 7 0 0.00 M M 10.3 25 210 M M 0 18 31 190
6 81 50 66 26 0 1 T M M 7.1 22 210 M M 2 3 30 210
7 73 48 61 20 4 0 0.04 M M 7.4 17 170 M M 3 138 26 160
8 64 48 56 15 9 0 0.36 M M 7.4 20 170 M M 8 18 27 180
9 55 44 50 8 15 0 0.03 M M 7.4 14 190 M M 9 1 18 200
10 57 42 50 8 15 0 0.44 M M 11.8 31 30 M M 9 12 44 30
11 60 42 51 9 14 0 0.04 0.0 0 4.6 22 30 M M 7 12 29 50
12 63 40 52 9 13 0 T 0.0 0 9.8 24 270 M M 5 33 250
13 47 37 42 -1 23 0 T M M 9.8 23 240 M M 8 31 240
14 43 35 39 -4 26 0 T M M 10.5 18 280 M M 9 25 270
15 49 34 42 -2 23 0 T M M 9.8 22 350 M M 10 32 340
16 50 31 41 -3 24 0 T M M 5.0 12 70 M M 2 17 50
17 55 30 43 -1 22 0 0.00 M M 5.8 16 350 M M 0 21 350
18 55 29 42 -3 23 0 0.00 M M 5.0 13 160 M M 5 18 120
19 50 35 43 -2 22 0 0.04 M M 13.1 23 300 M M 9 34 300
20 42 27 35 -10 30 0 0.00 M M 5.1 15 80 M M 5 22 50
21 39 27 33 -13 32 0 0.16 M M 5.5 12 200 M M 9 12 16 160
22 55 26 41 -5 24 0 0.00 M M 6.9 17 140 M M 0 26 160
23 63 32 48 2 17 0 0.00 M M 9.8 20 190 M M 2 1 27 260
24 60 38 49 3 16 0 0.11 M M 6.6 18 10 M M 10 1 29 30
25 43 32 38 -9 27 0 T M M 9.2 21 340 M M 3 28 30
26 55 37 46 -1 19 0 T M M 11.0 20 130 M M 8 31 160
27 61 44 53 6 12 0 0.00 M M 11.6 23 40 M M 2 31 30
28 53 42 48 0 17 0 T M M 8.8 20 310 M M 9 13 26 340
29 71 43 57 9 8 0 T M M 9.7 28 330 M M 5 138 38 340
30 54 35 45 -3 20 0 T M M 9.3 23 350 M M 4 34 360
================================================================================
SM 1690 1076 558 1 1.22 0.0 252.8 M 144
================================================================================
AV 56.3 35.9 8.4 FASTST M M 5 MAX(MPH)
MISC ----> 31 30 44 30
================================================================================
NOTES:
# LAST OF SEVERAL OCCURRENCES
COLUMN 17 PEAK WIND IN M.P.H.
PRELIMINARY LOCAL CLIMATOLOGICAL DATA (WS FORM: F-6) , PAGE 2
STATION: SHEBOYGAN WI
MONTH: APRIL
YEAR: 2021
LATITUDE: 43 46 N
LONGITUDE: 87 51 W
[TEMPERATURE DATA] [PRECIPITATION DATA] SYMBOLS USED IN COLUMN 16
AVERAGE MONTHLY: 46.1 TOTAL FOR MONTH: 1.22 1 = FOG OR MIST
DPTR FM NORMAL: 2.5 DPTR FM NORMAL: -1.80 2 = FOG REDUCING VISIBILITY
HIGHEST: 81 ON 6 GRTST 24HR 0.48 ON 10-11 TO 1/4 MILE OR LESS
LOWEST: 22 ON 1 3 = THUNDER
SNOW, ICE PELLETS, HAIL 4 = ICE PELLETS
TOTAL MONTH: 0.0 INCH 5 = HAIL
GRTST 24HR 0.0 6 = FREEZING RAIN OR DRIZZLE
GRTST DEPTH: 0 7 = DUSTSTORM OR SANDSTORM:
VSBY 1/2 MILE OR LESS
8 = SMOKE OR HAZE
[NO. OF DAYS WITH] [WEATHER - DAYS WITH] 9 = BLOWING SNOW
X = TORNADO
MAX 32 OR BELOW: 0 0.01 INCH OR MORE: 8
MAX 90 OR ABOVE: 0 0.10 INCH OR MORE: 4
MIN 32 OR BELOW: 12 0.50 INCH OR MORE: 0
MIN 0 OR BELOW: 0 1.00 INCH OR MORE: 0
[HDD (BASE 65) ]
TOTAL THIS MO. 558 CLEAR (SCALE 0-3) 11
DPTR FM NORMAL -83 PTCLDY (SCALE 4-7) 11
TOTAL FM JUL 1 6459 CLOUDY (SCALE 8-10) 8
DPTR FM NORMAL -721
[CDD (BASE 65) ]
TOTAL THIS MO. 1
DPTR FM NORMAL 1 [PRESSURE DATA]
TOTAL FM JAN 1 1 HIGHEST SLP M ON M
DPTR FM NORMAL 1 LOWEST SLP 29.28 ON 11
[REMARKS]
#FINAL-04-21#