000
CXUS51 KAKQ 010710
CF6SBY
PRELIMINARY LOCAL CLIMATOLOGICAL DATA (WS FORM: F-6)
STATION: SALISBURY MD
MONTH: MARCH
YEAR: 2024
LATITUDE: 38 20 N
LONGITUDE: 75 30 W
TEMPERATURE IN F: :PCPN: SNOW: WIND :SUNSHINE: SKY :PK WND
================================================================================
1 2 3 4 5 6A 6B 7 8 9 10 11 12 13 14 15 16 17 18
12Z AVG MX 2MIN
DY MAX MIN AVG DEP HDD CDD WTR SNW DPTH SPD SPD DIR MIN PSBL S-S WX SPD DR
================================================================================
1 49 24 37 -4 28 0 0.01 0.0 0 6.0 17 120 M M 1 30 110
2 62 43 53 11 12 0 1.41 0.0 0 11.7 25 110 M M 10 1 36 110
3 69 43 56 14 9 0 0.00 0.0 0 3.4 9 120 M M 3 12 14 300
4 64 47 56 14 9 0 0.12 0.0 0 8.8 18 50 M M 7 1 27 60
5 56 47 52 10 13 0 0.21 0.0 0 8.8 21 60 M M 9 1 27 60
6 54 48 51 9 14 0 2.16 0.0 0 6.8 18 50 M M 10 1 23 50
7 59 51 55 12 10 0 0.14 0.0 0 7.7 20 320 M M 10 1 26 320
8 55 43 49 6 16 0 0.00 0.0 0 8.0 17 110 M M 4 22 110
9 61 43 52 9 13 0 0.48 0.0 0 11.8 25 150 M M 8 1 38 160
10 56 40 48 4 17 0 T 0.0 0 17.2 30 280 M M 6 47 260
11 55 40 48 4 17 0 0.00 0.0 0 16.2 32 290 M M 2 50 290
12 69 38 54 10 11 0 0.00 0.0 0 8.1 18 240 M M 0 26 250
13 74 39 57 13 8 0 0.00 0.0 0 3.4 13 230 M M 0 18 220
14 78 39 59 15 6 0 0.00 0.0 0 4.4 16 210 M M 0 21 200
15 72 52 62 17 3 0 0.05 0.0 0 10.0 23 360 M M 4 1 34 20
16 61 41 51 6 14 0 0.01 0.0 0 7.1 15 10 M M 2 20 220
17 69 47 58 13 7 0 T 0.0 0 9.7 18 250 M M 2 27 240
18 54 36 45 -1 20 0 0.00 0.0 0 13.0 25 310 M M 2 38 320
19 49 34 42 -4 23 0 0.00 0.0 0 9.4 22 310 M M 2 31 320
20 67 31 49 3 16 0 0.00 0.0 0 11.9 31 340 M M 1 50 330
21 45 28 37 -9 28 0 0.00 0.0 0 8.5 18 310 M M 0 32 310
22 55 25 40 -7 25 0 0.00 0.0 0 6.5 17 110 M M 5 24 110
23 60 34 47 0 18 0 1.24 0.0 0 17.3 35 330 M M 9 1 46 330
24 49 30 40 -8 25 0 0.00 0.0 0 9.9 23 30 M M 0 33 20
25 50 32 41 -7 24 0 0.00 0.0 0 9.1 22 60 M M 0 29 40
26 48 32 40 -8 25 0 0.00 0.0 0 7.3 15 50 M M 8 21 50
27 51 41 46 -2 19 0 0.21 0.0 0 4.7 14 100 M M 10 1 17 90
28 49 44 47 -2 18 0 1.83 0.0 0 7.4 14 330 M M 10 1 21 320
29 60 35 48 -1 17 0 0.00 0.0 0 10.9 26 300 M M 0 36 290
30 65 37 51 2 14 0 0.00 0.0 0 6.5 18 330 M M 1 25 340
31 62 42 52 2 13 0 0.01 0.0 0 4.3 15 10 M M 3 22 340
================================================================================
SM 1827 1206 492 0 7.88 0.0 275.8 M 129
================================================================================
AV 58.9 38.9 8.9 FASTST M M 4 MAX(MPH)
MISC ----> 35 330 # 50 290
================================================================================
NOTES:
# LAST OF SEVERAL OCCURRENCES
COLUMN 17 PEAK WIND IN M.P.H.
PRELIMINARY LOCAL CLIMATOLOGICAL DATA (WS FORM: F-6) , PAGE 2
STATION: SALISBURY MD
MONTH: MARCH
YEAR: 2024
LATITUDE: 38 20 N
LONGITUDE: 75 30 W
[TEMPERATURE DATA] [PRECIPITATION DATA] SYMBOLS USED IN COLUMN 16
AVERAGE MONTHLY: 48.9 TOTAL FOR MONTH: 7.88 1 = FOG OR MIST
DPTR FM NORMAL: 3.6 DPTR FM NORMAL: 3.71 2 = FOG REDUCING VISIBILITY
HIGHEST: 78 ON 14 GRTST 24HR 2.30 ON 6- 7 TO 1/4 MILE OR LESS
LOWEST: 24 ON 1 3 = THUNDER
SNOW, ICE PELLETS, HAIL 4 = ICE PELLETS
TOTAL MONTH: 0.0 INCH 5 = HAIL
GRTST 24HR 0.0 6 = FREEZING RAIN OR DRIZZLE
GRTST DEPTH: 0 7 = DUSTSTORM OR SANDSTORM:
VSBY 1/2 MILE OR LESS
8 = SMOKE OR HAZE
[NO. OF DAYS WITH] [WEATHER - DAYS WITH] 9 = BLOWING SNOW
X = TORNADO
MAX 32 OR BELOW: 0 0.01 INCH OR MORE: 13
MAX 90 OR ABOVE: 0 0.10 INCH OR MORE: 9
MIN 32 OR BELOW: 7 0.50 INCH OR MORE: 4
MIN 0 OR BELOW: 0 1.00 INCH OR MORE: 4
[HDD (BASE 65) ]
TOTAL THIS MO. 492 CLEAR (SCALE 0-3) 17
DPTR FM NORMAL -122 PTCLDY (SCALE 4-7) 6
TOTAL FM JUL 1 3207 CLOUDY (SCALE 8-10) 8
DPTR FM NORMAL -544
[CDD (BASE 65) ]
TOTAL THIS MO. 0
DPTR FM NORMAL -2 [PRESSURE DATA]
TOTAL FM JAN 1 0 HIGHEST SLP M ON M
DPTR FM NORMAL -2 LOWEST SLP 29.49 ON 9
[REMARKS]
#FINAL-03-24#