000
CXUS51 KAKQ 010833
CF6SBY
PRELIMINARY LOCAL CLIMATOLOGICAL DATA (WS FORM: F-6)
STATION: SALISBURY MD
MONTH: JUNE
YEAR: 2020
LATITUDE: 38 20 N
LONGITUDE: 75 30 W
TEMPERATURE IN F: :PCPN: SNOW: WIND :SUNSHINE: SKY :PK WND
================================================================================
1 2 3 4 5 6A 6B 7 8 9 10 11 12 13 14 15 16 17 18
12Z AVG MX 2MIN
DY MAX MIN AVG DEP HDD CDD WTR SNW DPTH SPD SPD DIR MIN PSBL S-S WX SPD DR
================================================================================
1 73 50 62 -5 3 0 0.00 0.0 0 8.3 17 280 M M 1 21 280
2 75 52 64 -4 1 0 T 0.0 0 7.1 14 230 M M 5 20 210
3 91 70 81 13 0 16 0.00 0.0 0 11.6 18 250 M M 1 29 250
4 93 69 81 13 0 16 0.00 0.0 0 6.1 16 180 M M 1 22 140
5 88 70 79 10 0 14 0.12 0.0 0 9.6 25 200 M M 4 33 190
6 93 72 83 14 0 18 0.02 0.0 0 7.8 17 260 M M 5 1 23 280
7 83 59 71 2 0 6 0.00 0.0 0 7.7 18 330 M M 2 27 320
8 84 55 70 0 0 5 0.00 0.0 0 4.6 17 320 M M 0 21 320
9 91 54 73 3 0 8 0.00 0.0 0 4.4 13 210 M M 0 17 210
10 92 71 82 12 0 17 0.00 0.0 0 10.6 20 180 M M 1 25 210
11 82 72 77 6 0 12 0.77 0.0 0 10.4 23 210 M M 9 13 30 200
12 87 64 76 5 0 11 T 0.0 0 5.0 13 360 M M 3 1 18 40
13 82 58 70 -1 0 5 0.00 0.0 0 6.5 15 30 M M 0 20 360
14 76 56 66 -6 0 1 0.00 0.0 0 8.0 17 40 M M 0 22 50
15 74 59 67 -5 0 2 0.00 0.0 0 13.2 23 60 M M 5 30 30
16 72 61 67 -5 0 2 T 0.0 0 14.5 24 50 M M 7 31 60
17 67 61 64 -9 1 0 0.62 0.0 0 11.2 22 50 M M 10 13 26 40
18 82 64 73 0 0 8 0.00 0.0 0 6.6 16 120 M M 4 1 22 110
19 87 62 75 2 0 10 0.00 0.0 0 4.4 17 180 M M 3 23 140
20 85 66 76 2 0 11 0.18 0.0 0 5.6 16 140 M M 5 8 21 140
21 84 68 76 2 0 11 0.00 0.0 0 3.6 14 210 M M 4 13 16 140
22 89 65 77 3 0 12 0.00 0.0 0 4.2 16 120 M M 4 12 20 170
23 91 70 81 7 0 16 0.00 0.0 0 7.3 20 200 M M 1 28 190
24 87 66 77 3 0 12 0.00 0.0 0 8.8 21 310 M M 2 30 300
25 83 68 76 1 0 11 1.38 0.0 0 4.5 25 340 M M 3 138 36 330
26 88 64 76 1 0 11 0.00 0.0 0 5.8 16 310 M M 1 1 21 320
27 91 71 81 6 0 16 T 0.0 0 8.7 21 240 M M 2 28 250
28 90 73 82 7 0 17 0.00 0.0 0 4.7 15 240 M M 1 18 240
29 91 70 81 5 0 16 0.00 0.0 0 4.8 17 10 M M 2 22 350
30 90 67 79 3 0 14 0.00 0.0 0 4.1 15 160 M M 3 19 160
================================================================================
SM 2541 1927 5 298 3.09 0.0 219.7 M 89
================================================================================
AV 84.7 64.2 7.3 FASTST M M 3 MAX(MPH)
MISC ----> # 25 200 # 36 330
================================================================================
NOTES:
# LAST OF SEVERAL OCCURRENCES
COLUMN 17 PEAK WIND IN M.P.H.
PRELIMINARY LOCAL CLIMATOLOGICAL DATA (WS FORM: F-6) , PAGE 2
STATION: SALISBURY MD
MONTH: JUNE
YEAR: 2020
LATITUDE: 38 20 N
LONGITUDE: 75 30 W
[TEMPERATURE DATA] [PRECIPITATION DATA] SYMBOLS USED IN COLUMN 16
AVERAGE MONTHLY: 74.5 TOTAL FOR MONTH: 3.09 1 = FOG OR MIST
DPTR FM NORMAL: 2.5 DPTR FM NORMAL: -0.62 2 = FOG REDUCING VISIBILITY
HIGHEST: 93 ON 6, 4 GRTST 24HR 1.38 ON 25-25 TO 1/4 MILE OR LESS
LOWEST: 50 ON 1 3 = THUNDER
SNOW, ICE PELLETS, HAIL 4 = ICE PELLETS
TOTAL MONTH: 0.0 INCH 5 = HAIL
GRTST 24HR 0.0 6 = FREEZING RAIN OR DRIZZLE
GRTST DEPTH: 0 7 = DUSTSTORM OR SANDSTORM:
VSBY 1/2 MILE OR LESS
8 = SMOKE OR HAZE
[NO. OF DAYS WITH] [WEATHER - DAYS WITH] 9 = BLOWING SNOW
X = TORNADO
MAX 32 OR BELOW: 0 0.01 INCH OR MORE: 6
MAX 90 OR ABOVE: 10 0.10 INCH OR MORE: 5
MIN 32 OR BELOW: 0 0.50 INCH OR MORE: 3
MIN 0 OR BELOW: 0 1.00 INCH OR MORE: 1
[HDD (BASE 65) ]
TOTAL THIS MO. 5 CLEAR (SCALE 0-3) 19
DPTR FM NORMAL -14 PTCLDY (SCALE 4-7) 9
TOTAL FM JUL 1 3705 CLOUDY (SCALE 8-10) 2
DPTR FM NORMAL -736
[CDD (BASE 65) ]
TOTAL THIS MO. 298
DPTR FM NORMAL 71 [PRESSURE DATA]
TOTAL FM JAN 1 373 HIGHEST SLP 30.36 ON 15
DPTR FM NORMAL 62 LOWEST SLP 29.69 ON 24
[REMARKS]
#FINAL-06-20#