000
CXUS56 KLOX 011155
CF6SDB
PRELIMINARY LOCAL CLIMATOLOGICAL DATA (WS FORM: F-6)
STATION: SANDBERG CA
MONTH: MAY
YEAR: 2021
LATITUDE: 34 45 N
LONGITUDE: 118 44 W
TEMPERATURE IN F: :PCPN: SNOW: WIND :SUNSHINE: SKY :PK WND
================================================================================
1 2 3 4 5 6A 6B 7 8 9 10 11 12 13 14 15 16 17 18
12Z AVG MX 2MIN
DY MAX MIN AVG DEP HDD CDD WTR SNW DPTH SPD SPD DIR MIN PSBL S-S WX SPD DR
================================================================================
1 75 56 66 10 0 1 0.00 M M 15.7 30 320 M M 0 51 340
2 64 47 56 0 9 0 0.00 M M 25.2 45 310 M M 0 53 310
3 73 53 63 7 2 0 0.00 M M 15.1 23 330 M M 0 38 340
4 84 59 72 16 0 7 0.00 M M 10.3 16 190 M M 0 26 190
5 87 63 75 18 0 10 0.00 M M 11.7 18 160 M M 0 29 150
6 83 61 72 15 0 7 0.00 M M 11.8 21 310 M M 0 30 300
7 74 53 64 7 1 0 0.00 M M 19.2 50 300 M M 0 62 300
8 77 50 64 6 1 0 0.00 M M 19.5 40 320 M M 0 51 320
9 74 55 65 7 0 0 0.00 M M 17.4 28 330 M M 0 36 330
10 78 56 67 9 0 2 0.00 M M 12.3 22 320 M M 0 32 310
11 86 60 73 15 0 8 0.00 M M 11.9 18 320 M M 0 23 340
12 87 65 76 17 0 11 0.00 M M 11.7 20 200 M M 0 31 140
13 84 65 75 16 0 10 0.00 M M 12.4 21 320 M M 0 35 340
14 81 53 67 8 0 2 0.00 M M 12.1 21 330 M M 0 31 320
15 65 45 55 -4 10 0 0.00 M M 12.9 18 170 M M 3 128 25 170
16 59 46 53 -7 12 0 0.01 M M 14.4 20 170 M M 7 128 31 200
17 75 52 64 4 1 0 0.00 M M 15.4 29 320 M M 1 54 320
18 73 52 63 3 2 0 0.00 M M 21.9 39 310 M M 0 55 320
19 79 52 66 6 0 1 0.00 M M 21.1 43 320 M M 0 59 310
20 59 42 51 -10 14 0 0.00 M M 27.0 39 330 M M 0 51 310
21 59 40 50 -11 15 0 0.00 M M 16.3 25 320 M M 2 41 310
22 62 43 53 -8 12 0 0.00 M M 13.3 22 320 M M 0 35 330
23 69 47 58 -4 7 0 0.00 M M 13.2 24 330 M M 0 37 320
24 83 53 68 6 0 3 0.00 M M 13.6 20 320 M M 0 31 340
25 78 60 69 7 0 4 0.00 M M 14.1 29 330 M M 0 43 330
26 79 58 69 7 0 4 0.00 M M 11.4 20 310 M M 0 32 330
27 77 57 67 4 0 2 0.00 M M 17.3 25 320 M M 0 37 330
28 80 55 68 5 0 3 0.00 M M 15.9 25 330 M M 0 38 330
29 78 59 69 6 0 4 0.00 M M 14.6 30 300 M M 0 36 340
30 93 62 78 14 0 13 0.00 M M 14.9 27 330 M M 0 36 330
31 98 71 85 21 0 20 0.00 M M 12.1 20 300 M M 0 37 340
================================================================================
SM 2373 1690 86 112 0.01 M 475.6 M 13
================================================================================
AV 76.5 54.5 15.3 FASTST M M 0 MAX(MPH)
MISC ----> 50 300 62 300
================================================================================
NOTES:
# LAST OF SEVERAL OCCURRENCES
COLUMN 17 PEAK WIND IN M.P.H.
PRELIMINARY LOCAL CLIMATOLOGICAL DATA (WS FORM: F-6) , PAGE 2
STATION: SANDBERG CA
MONTH: MAY
YEAR: 2021
LATITUDE: 34 45 N
LONGITUDE: 118 44 W
[TEMPERATURE DATA] [PRECIPITATION DATA] SYMBOLS USED IN COLUMN 16
AVERAGE MONTHLY: 65.5 TOTAL FOR MONTH: 0.01 1 = FOG OR MIST
DPTR FM NORMAL: 5.8 DPTR FM NORMAL: -0.40 2 = FOG REDUCING VISIBILITY
HIGHEST: 98 ON 31 GRTST 24HR 0.01 ON 16-16 TO 1/4 MILE OR LESS
LOWEST: 40 ON 21 3 = THUNDER
SNOW, ICE PELLETS, HAIL 4 = ICE PELLETS
TOTAL MONTH: M 5 = HAIL
GRTST 24HR M ON M 6 = FREEZING RAIN OR DRIZZLE
GRTST DEPTH: M ON M 7 = DUSTSTORM OR SANDSTORM:
VSBY 1/2 MILE OR LESS
8 = SMOKE OR HAZE
[NO. OF DAYS WITH] [WEATHER - DAYS WITH] 9 = BLOWING SNOW
X = TORNADO
MAX 32 OR BELOW: 0 0.01 INCH OR MORE: 1
MAX 90 OR ABOVE: 2 0.10 INCH OR MORE: 0
MIN 32 OR BELOW: 0 0.50 INCH OR MORE: 0
MIN 0 OR BELOW: 0 1.00 INCH OR MORE: 0
[HDD (BASE 65) ]
TOTAL THIS MO. 86 CLEAR (SCALE 0-3) 29
DPTR FM NORMAL -133 PTCLDY (SCALE 4-7) 2
TOTAL FM JUL 1 2796 CLOUDY (SCALE 8-10) 0
DPTR FM NORMAL -709
[CDD (BASE 65) ]
TOTAL THIS MO. 112
DPTR FM NORMAL 57 [PRESSURE DATA]
TOTAL FM JAN 1 139 HIGHEST SLP M ON M
DPTR FM NORMAL 73 LOWEST SLP M ON M
[REMARKS]
#FINAL-05-21#