000
CXUS55 KPSR 011005
CF6SDL
PRELIMINARY LOCAL CLIMATOLOGICAL DATA (WS FORM: F-6)
STATION: SCOTTSDALE AZ
MONTH: MAY
YEAR: 2022
LATITUDE: 33 37 N
LONGITUDE: 111 54 W
TEMPERATURE IN F: :PCPN: SNOW: WIND :SUNSHINE: SKY :PK WND
================================================================================
1 2 3 4 5 6A 6B 7 8 9 10 11 12 13 14 15 16 17 18
12Z AVG MX 2MIN
DY MAX MIN AVG DEP HDD CDD WTR SNW DPTH SPD SPD DIR MIN PSBL S-S WX SPD DR
================================================================================
1 94 62 78 4 0 13 0.00 M M 6.8 22 270 M M 0 35 270
2 91 66 79 4 0 14 0.00 M M 3.2 13 250 M M 0 22 190
3 89 66 78 3 0 13 0.00 M M 6.0 16 230 M M 0 25 250
4 90 64 77 2 0 12 0.00 M M 4.3 15 250 M M 0 21 230
5 94 64 79 3 0 14 0.00 M M 3.3 12 130 M M 0 17 150
6 96 65 81 5 0 16 0.00 M M 3.2 14 250 M M 0 21 260
7 98 68 83 7 0 18 0.00 M M 6.1 21 240 M M 0 32 240
8 92 71 82 5 0 17 0.00 M M 7.8 20 260 M M 0 32 240
9 86 67 77 0 0 12 0.00 M M 6.6 17 240 M M 0 26 260
10 89 65 77 0 0 12 0.00 M M 3.7 13 210 M M 0 18 220
11 85 62 74 -4 0 9 0.00 M M 5.4 18 230 M M 0 27 240
12 85 55 70 -8 0 5 0.00 M M 2.5 10 240 M M 0 19 180
13 95 59 77 -1 0 12 0.00 M M 2.3 9 270 M M 0 15 270
14 103 64 84 6 0 19 0.00 M M 1.5 10 270 M M 0 14 260
15 104 68 86 7 0 21 0.00 M M 3.1 13 260 M M 0 19 220
16 102 72 87 8 0 22 0.00 M M 3.7 14 190 M M 0 19 260
17 99 72 86 6 0 21 0.00 M M 2.9 12 240 M M 0 17 240
18 98 73 86 6 0 21 0.00 M M 4.4 16 260 M M 0 26 260
19 97 70 84 4 0 19 0.00 M M 5.6 17 250 M M 0 25 240
20 96 71 84 4 0 19 0.00 M M 7.8 23 250 M M 0 37 230
21 91 68 80 -1 0 15 0.00 M M 4.8 13 280 M M 0 23 180
22 94 70 82 1 0 17 0.00 M M 4.5 13 240 M M 0 19 260
23 93 69 81 -1 0 16 0.00 M M 4.5 15 240 M M 0 21 240
24 97 69 83 1 0 18 0.00 M M 6.5 17 240 M M 0 25 240
25 101 71 86 4 0 21 0.00 M M 3.6 13 250 M M 0 19 180
26 103 72 88 5 0 23 0.00 M M 4.6 14 270 M M 0 20 240
27 102 75 89 6 0 24 0.00 M M 3.9 12 250 M M 0 19 250
28 99 75 87 4 0 22 0.00 M M 7.6 21 250 M M 0 31 260
29 91 74 83 -1 0 18 0.00 M M 9.4 20 250 M M 0 30 260
30 92 73 83 -1 0 18 0.00 M M 5.7 20 240 M M 0 26 240
31 95 68 82 -2 0 17 0.00 M M 3.8 12 260 M M 0 19 280
================================================================================
SM 2941 2108 0 518 0.00 M 149.1 M 0
================================================================================
AV 94.9 68.0 4.8 FASTST M M 0 MAX(MPH)
MISC ----> 23 250 37 230
================================================================================
NOTES:
# LAST OF SEVERAL OCCURRENCES
COLUMN 17 PEAK WIND IN M.P.H.
PRELIMINARY LOCAL CLIMATOLOGICAL DATA (WS FORM: F-6) , PAGE 2
STATION: SCOTTSDALE AZ
MONTH: MAY
YEAR: 2022
LATITUDE: 33 37 N
LONGITUDE: 111 54 W
[TEMPERATURE DATA] [PRECIPITATION DATA] SYMBOLS USED IN COLUMN 16
AVERAGE MONTHLY: 81.4 TOTAL FOR MONTH: 0.00 1 = FOG OR MIST
DPTR FM NORMAL: 2.1 DPTR FM NORMAL: -0.16 2 = FOG REDUCING VISIBILITY
HIGHEST: 104 ON 15 GRTST 24HR 0.00 ON 1- 1 TO 1/4 MILE OR LESS
LOWEST: 55 ON 12 3 = THUNDER
SNOW, ICE PELLETS, HAIL 4 = ICE PELLETS
TOTAL MONTH: M 5 = HAIL
GRTST 24HR M ON M 6 = FREEZING RAIN OR DRIZZLE
GRTST DEPTH: M ON M 7 = DUSTSTORM OR SANDSTORM:
VSBY 1/2 MILE OR LESS
8 = SMOKE OR HAZE
[NO. OF DAYS WITH] [WEATHER - DAYS WITH] 9 = BLOWING SNOW
X = TORNADO
MAX 32 OR BELOW: 0 0.01 INCH OR MORE: 0
MAX 90 OR ABOVE: 26 0.10 INCH OR MORE: 0
MIN 32 OR BELOW: 0 0.50 INCH OR MORE: 0
MIN 0 OR BELOW: 0 1.00 INCH OR MORE: 0
[HDD (BASE 65) ]
TOTAL THIS MO. 0 CLEAR (SCALE 0-3) 31
DPTR FM NORMAL -1 PTCLDY (SCALE 4-7) 0
TOTAL FM JUL 1 815 CLOUDY (SCALE 8-10) 0
DPTR FM NORMAL -324
[CDD (BASE 65) ]
TOTAL THIS MO. 518
DPTR FM NORMAL 75 [PRESSURE DATA]
TOTAL FM JAN 1 873 HIGHEST SLP 30.07 ON 12
DPTR FM NORMAL 178 LOWEST SLP 29.48 ON 29
[REMARKS]
#FINAL-05-22#