000
CXUS55 KSEW 011507
CF6SEW
PRELIMINARY LOCAL CLIMATOLOGICAL DATA (WS FORM: F-6)
STATION: SEATTLE WA WFO
MONTH: MAY
YEAR: 2022
LATITUDE: 47 41 N
LONGITUDE: 122 15 W
TEMPERATURE IN F: :PCPN: SNOW: WIND :SUNSHINE: SKY :PK WND
================================================================================
1 2 3 4 5 6A 6B 7 8 9 10 11 12 13 14 15 16 17 18
12Z AVG MX 2MIN
DY MAX MIN AVG DEP HDD CDD WTR SNW DPTH SPD SPD DIR MIN PSBL S-S WX SPD DR
================================================================================
1 64 45 55 1 10 0 0.00 0.0 0 M M M M M M M M
2 54 48 51 -3 14 0 0.35 0.0 0 M M M M M M M M
3 58 48 53 -1 12 0 0.01 0.0 0 M M M M M M M M
4 67 46 57 3 8 0 0.00 0.0 0 M M M M M M M M
5 53 46 50 -5 15 0 0.39 0.0 0 M M M M M M M M
6 56 46 51 -4 14 0 0.24 0.0 0 M M M M M M M M
7 56 44 50 -5 15 0 0.19 0.0 0 M M M M M M M M
8 56 46 51 -4 14 0 0.00 0.0 0 M M M M M M M M
9 60 43 52 -4 13 0 0.00 0.0 0 M M M M M M M M
10 61 45 53 -3 12 0 0.02 0.0 0 M M M M M M M M
11 62 44 53 -3 12 0 T 0.0 0 M M M M M M M M
12 55 43 49 -7 16 0 0.43 0.0 0 M M M M M M M M
13 60 42 51 -5 14 0 T 0.0 0 M M M M M M M M
14 67 47 57 0 8 0 0.05 0.0 0 M M M M M M M M
15 61 52 57 0 8 0 0.60 0.0 0 M M M M M M 1 M M
16 63 48 56 -1 9 0 0.01 0.0 0 M M M M M M M M
17 61 45 53 -4 12 0 0.00 0.0 0 M M M M M M M M
18 60 46 53 -4 12 0 0.22 0.0 0 M M M M M M M M
19 59 44 52 -6 13 0 0.05 0.0 0 M M M M M M M M
20 63 40 52 -6 13 0 0.00 0.0 0 M M M M M M M M
21 66 44 55 -3 10 0 0.00 0.0 0 M M M M M M M M
22 71 46 59 1 6 0 0.00 0.0 0 M M M M M M M M
23 66 52 59 1 6 0 0.00 0.0 0 M M M M M M M M
24 62 50 56 -2 9 0 0.01 0.0 0 M M M M M M M M
25 70 52 61 3 4 0 0.03 0.0 0 M M M M M M M M
26 68 51 60 1 5 0 0.10 0.0 0 M M M M M M M M
27 64 52 58 -1 7 0 0.01 0.0 0 M M M M M M M M
28 60 49 55 -4 10 0 0.12 0.0 0 M M M M M M M M
29 54 49 52 -7 13 0 0.96 0.0 0 M M M M M M M M
30 61 48 55 -4 10 0 0.01 0.0 0 M M M M M M M M
31 68 47 58 -1 7 0 0.00 0.0 0 M M M M M M M M
================================================================================
SM 1906 1448 331 0 3.80 0.0 M M M
================================================================================
AV 61.5 46.7 M FASTST M M M MAX(MPH)
MISC ----> M M M M
================================================================================
NOTES:
# LAST OF SEVERAL OCCURRENCES
COLUMN 17 PEAK WIND IN M.P.H.
PRELIMINARY LOCAL CLIMATOLOGICAL DATA (WS FORM: F-6) , PAGE 2
STATION: SEATTLE WA WFO
MONTH: MAY
YEAR: 2022
LATITUDE: 47 41 N
LONGITUDE: 122 15 W
[TEMPERATURE DATA] [PRECIPITATION DATA] SYMBOLS USED IN COLUMN 16
AVERAGE MONTHLY: 54.1 TOTAL FOR MONTH: 3.80 1 = FOG OR MIST
DPTR FM NORMAL: -2.7 DPTR FM NORMAL: 1.64 2 = FOG REDUCING VISIBILITY
HIGHEST: 71 ON 22 GRTST 24HR 0.96 ON 29-29 TO 1/4 MILE OR LESS
LOWEST: 40 ON 20 3 = THUNDER
SNOW, ICE PELLETS, HAIL 4 = ICE PELLETS
TOTAL MONTH: 0.0 INCH 5 = HAIL
GRTST 24HR 0.0 6 = FREEZING RAIN OR DRIZZLE
GRTST DEPTH: 0 7 = DUSTSTORM OR SANDSTORM:
VSBY 1/2 MILE OR LESS
8 = SMOKE OR HAZE
[NO. OF DAYS WITH] [WEATHER - DAYS WITH] 9 = BLOWING SNOW
X = TORNADO
MAX 32 OR BELOW: 0 0.01 INCH OR MORE: 19
MAX 90 OR ABOVE: 0 0.10 INCH OR MORE: 10
MIN 32 OR BELOW: 0 0.50 INCH OR MORE: 2
MIN 0 OR BELOW: 0 1.00 INCH OR MORE: 0
[HDD (BASE 65) ]
TOTAL THIS MO. 331 CLEAR (SCALE 0-3) 0
DPTR FM NORMAL 73 PTCLDY (SCALE 4-7) 0
TOTAL FM JUL 1 4457 CLOUDY (SCALE 8-10) 31
DPTR FM NORMAL 101
[CDD (BASE 65) ]
TOTAL THIS MO. 0
DPTR FM NORMAL -4 [PRESSURE DATA]
TOTAL FM JAN 1 0 HIGHEST SLP M ON M
DPTR FM NORMAL -4 LOWEST SLP M ON M
[REMARKS]
#FINAL-05-22#