000
CXUS56 KMTR 011000
CF6SFD
PRELIMINARY LOCAL CLIMATOLOGICAL DATA (WS FORM: F-6)
STATION: SAN FRANCISCO DWTN CA
MONTH: FEBRUARY
YEAR: 2023
LATITUDE: 37 46 N
LONGITUDE: 122 26 W
TEMPERATURE IN F: :PCPN: SNOW: WIND :SUNSHINE: SKY :PK WND
================================================================================
1 2 3 4 5 6A 6B 7 8 9 10 11 12 13 14 15 16 17 18
12Z AVG MX 2MIN
DY MAX MIN AVG DEP HDD CDD WTR SNW DPTH SPD SPD DIR MIN PSBL S-S WX SPD DR
================================================================================
1 55 43 49 -4 16 0 0.00 M 0 M M M M M M M M
2 60 44 52 -1 13 0 0.00 M 0 M M M M M M M M
3 57 48 53 0 12 0 0.50 M 0 M M M M M M M M
4 58 49 54 1 11 0 0.25 M 0 M M M M M M M M
5 55 48 52 -2 13 0 0.23 M 0 M M M M M M M M
6 58 44 51 -3 14 0 0.00 M 0 M M M M M M M M
7 60 45 53 -1 12 0 0.00 M 0 M M M M M M M M
8 63 46 55 1 10 0 0.00 M 0 M M M M M M M M
9 66 47 57 3 8 0 0.00 M 0 M M M M M M M M
10 56 45 51 -3 14 0 0.02 M 0 M M M M M M M M
11 53 45 49 -5 16 0 0.07 M 0 M M M M M M M M
12 62 44 53 -1 12 0 0.00 M 0 M M M M M M M M
13 63 46 55 1 10 0 0.00 M 0 M M M M M M M M
14 52 44 48 -6 17 0 0.00 M 0 M M M M M M M M
15 57 45 51 -3 14 0 0.00 M 0 M M M M M M M M
16 56 43 50 -4 15 0 0.00 M 0 M M M M M M M M
17 60 45 53 -1 12 0 0.00 M 0 M M M M M M M M
18 63 43 53 -1 12 0 0.00 M 0 M M M M M M M M
19 65 45 55 1 10 0 0.00 M 0 M M M M M M M M
20 67 47 57 3 8 0 0.00 M 0 M M M M M M M M
21 54 44 49 -6 16 0 0.00 M 0 M M M M M M M M
22 48 41 45 -10 20 0 0.00 M 0 M M M M M M M M
23 49 39 44 -11 21 0 0.46 M 0 M M M M M M 3 M M
24 49 39 44 -11 21 0 0.74 M 0 M M M M M M M M
25 50 41 46 -9 19 0 0.00 M 0 M M M M M M M M
26 50 45 48 -7 17 0 0.33 M 0 M M M M M M M M
27 50 41 46 -9 19 0 0.43 M 0 M M M M M M M M
28 53 42 48 -7 17 0 0.43 M 0 M M M M M M M M
================================================================================
SM 1589 1238 399 0 3.46 M M M M
================================================================================
AV 56.8 44.2 M FASTST M M M MAX(MPH)
MISC ----> M M M M
================================================================================
NOTES:
# LAST OF SEVERAL OCCURRENCES
COLUMN 17 PEAK WIND IN M.P.H.
PRELIMINARY LOCAL CLIMATOLOGICAL DATA (WS FORM: F-6) , PAGE 2
STATION: SAN FRANCISCO DWTN CA
MONTH: FEBRUARY
YEAR: 2023
LATITUDE: 37 46 N
LONGITUDE: 122 26 W
[TEMPERATURE DATA] [PRECIPITATION DATA] SYMBOLS USED IN COLUMN 16
AVERAGE MONTHLY: 50.5 TOTAL FOR MONTH: 3.46 1 = FOG OR MIST
DPTR FM NORMAL: -3.7 DPTR FM NORMAL: -0.91 2 = FOG REDUCING VISIBILITY
HIGHEST: 67 ON 20 GRTST 24HR 1.20 ON 23-24 TO 1/4 MILE OR LESS
LOWEST: 39 ON 24,23 3 = THUNDER
SNOW, ICE PELLETS, HAIL 4 = ICE PELLETS
TOTAL MONTH: M 5 = HAIL
GRTST 24HR M ON M 6 = FREEZING RAIN OR DRIZZLE
GRTST DEPTH: 0 7 = DUSTSTORM OR SANDSTORM:
VSBY 1/2 MILE OR LESS
8 = SMOKE OR HAZE
[NO. OF DAYS WITH] [WEATHER - DAYS WITH] 9 = BLOWING SNOW
X = TORNADO
MAX 32 OR BELOW: 0 0.01 INCH OR MORE: 10
MAX 90 OR ABOVE: 0 0.10 INCH OR MORE: 8
MIN 32 OR BELOW: 0 0.50 INCH OR MORE: 2
MIN 0 OR BELOW: 0 1.00 INCH OR MORE: 0
[HDD (BASE 65) ]
TOTAL THIS MO. 399 CLEAR (SCALE 0-3) 0
DPTR FM NORMAL 95 PTCLDY (SCALE 4-7) 0
TOTAL FM JUL 1 1929 CLOUDY (SCALE 8-10) 28
DPTR FM NORMAL 112
[CDD (BASE 65) ]
TOTAL THIS MO. 0
DPTR FM NORMAL 0 [PRESSURE DATA]
TOTAL FM JAN 1 0 HIGHEST SLP M ON M
DPTR FM NORMAL 0 LOWEST SLP 9999.00 ON 1
[REMARKS]
#FINAL-02-23#