496
CXUS56 KMTR 171749
CF6SFD
PRELIMINARY LOCAL CLIMATOLOGICAL DATA (WS FORM: F-6)
STATION: SAN FRANCISCO DWTN CA
MONTH: OCTOBER
YEAR: 2020
LATITUDE: 37 46 N
LONGITUDE: 122 26 W
TEMPERATURE IN F: :PCPN: SNOW: WIND :SUNSHINE: SKY :PK WND
================================================================================
1 2 3 4 5 6A 6B 7 8 9 10 11 12 13 14 15 16 17 18
12Z AVG MX 2MIN
DY MAX MIN AVG DEP HDD CDD WTR SNW DPTH SPD SPD DIR MIN PSBL S-S WX SPD DR
================================================================================
1 93 64 79 16 0 14 0.00 M 0 M M M M M M M M
2 88 57 73 10 0 8 0.00 M 0 M M M M M M M M
3 77 56 67 5 0 2 0.00 M 0 M M M M M M M M
4 63 54 59 -3 6 0 0.00 M 0 M M M M M M M M
5 70 52 61 -1 4 0 0.00 M 0 M M M M M M M M
6 61 51 56 -6 9 0 0.01 M 0 M M M M M M M M
7 61 54 58 -4 7 0 0.00 M 0 M M M M M M M M
8 61 57 59 -3 6 0 0.00 M 0 M M M M M M M M
9 67 56 62 0 3 0 0.00 M 0 M M M M M M M M
10 66 57 62 0 3 0 0.00 M 0 M M M M M M M M
11 72 56 64 2 1 0 0.00 M 0 M M M M M M M M
12 81 58 70 8 0 5 0.00 M 0 M M M M M M M M
13 82 59 71 9 0 6 0.00 M 0 M M M M M M M M
14 83 62 73 11 0 8 0.00 M 0 M M M M M M M M
15 90 65 78 16 0 13 0.00 M 0 M M M M M M M M
16 92 69 81 19 0 16 0.00 M 0 M M M M M M M M
17 93 64 79 17 0 14 0.00 M 0 M M M M M M M M
18 76 58 67 5 0 2 0.00 M 0 M M M M M M M M
19 69 55 62 1 3 0 0.00 M 0 M M M M M M M M
20 74 53 64 3 1 0 0.00 M 0 M M M M M M M M
21 75 57 66 5 0 1 0.00 M 0 M M M M M M M M
22 63 54 59 -2 6 0 0.00 M 0 M M M M M M M M
23 66 54 60 -1 5 0 0.00 M 0 M M M M M M M M
24 66 54 60 -1 5 0 0.00 M 0 M M M M M M M M
25 69 55 62 1 3 0 0.00 M 0 M M M M M M M M
26 73 58 66 5 0 1 0.00 M 0 M M M M M M M M
27 75 56 66 6 0 1 0.00 M 0 M M M M M M M M
28 74 54 64 4 1 0 0.00 M 0 M M M M M M M M
29 74 53 64 4 1 0 0.00 M 0 M M M M M M M M
30 61 49 55 -5 10 0 0.00 M 0 M M M M M M M M
31 75 50 63 3 2 0 0.00 M 0 M M M M M M M M
================================================================================
SM 2290 1751 76 91 0.01 M M M M
================================================================================
AV 73.9 56.5 M FASTST M M M MAX(MPH)
MISC ----> M M M M
================================================================================
NOTES:
# LAST OF SEVERAL OCCURRENCES
COLUMN 17 PEAK WIND IN M.P.H.
PRELIMINARY LOCAL CLIMATOLOGICAL DATA (WS FORM: F-6) , PAGE 2
STATION: SAN FRANCISCO DWTN CA
MONTH: OCTOBER
YEAR: 2020
LATITUDE: 37 46 N
LONGITUDE: 122 26 W
[TEMPERATURE DATA] [PRECIPITATION DATA] SYMBOLS USED IN COLUMN 16
AVERAGE MONTHLY: 65.2 TOTAL FOR MONTH: 0.01 1 = FOG OR MIST
DPTR FM NORMAL: 3.7 DPTR FM NORMAL: -1.11 2 = FOG REDUCING VISIBILITY
HIGHEST: 93 ON 17, 1 GRTST 24HR 0.01 ON 6- 6 TO 1/4 MILE OR LESS
LOWEST: 49 ON 30 3 = THUNDER
SNOW, ICE PELLETS, HAIL 4 = ICE PELLETS
TOTAL MONTH: M 5 = HAIL
GRTST 24HR M ON M 6 = FREEZING RAIN OR DRIZZLE
GRTST DEPTH: 0 7 = DUSTSTORM OR SANDSTORM:
VSBY 1/2 MILE OR LESS
8 = SMOKE OR HAZE
[NO. OF DAYS WITH] [WEATHER - DAYS WITH] 9 = BLOWING SNOW
X = TORNADO
MAX 32 OR BELOW: 0 0.01 INCH OR MORE: 1
MAX 90 OR ABOVE: 4 0.10 INCH OR MORE: 0
MIN 32 OR BELOW: 0 0.50 INCH OR MORE: 0
MIN 0 OR BELOW: 0 1.00 INCH OR MORE: 0
[HDD (BASE 65) ]
TOTAL THIS MO. 76 CLEAR (SCALE 0-3) 0
DPTR FM NORMAL -60 PTCLDY (SCALE 4-7) 0
TOTAL FM JUL 1 360 CLOUDY (SCALE 8-10) 31
DPTR FM NORMAL -82
[CDD (BASE 65) ]
TOTAL THIS MO. 91
DPTR FM NORMAL 65 [PRESSURE DATA]
TOTAL FM JAN 1 243 HIGHEST SLP M ON M
DPTR FM NORMAL 133 LOWEST SLP 9999.00 ON 1
[REMARKS]
#FINAL-10-20#