000
CXUS54 KHGX 011510
CF6SGR
PRELIMINARY LOCAL CLIMATOLOGICAL DATA (WS FORM: F-6)
STATION: SUGAR LAND/HULL FLD
MONTH: NOVEMBER
YEAR: 2022
LATITUDE: 29 37 N
LONGITUDE: 95 39 W
TEMPERATURE IN F: :PCPN: SNOW: WIND :SUNSHINE: SKY :PK WND
================================================================================
1 2 3 4 5 6A 6B 7 8 9 10 11 12 13 14 15 16 17 18
12Z AVG MX 2MIN
DY MAX MIN AVG DEP HDD CDD WTR SNW DPTH SPD SPD DIR MIN PSBL S-S WX SPD DR
================================================================================
1 67 61 64 -3 1 0 0.32 0.0 0 7.9 17 140 M M 8 13 25 130
2 80 62 71 4 0 6 0.00 0.0 0 7.9 15 100 M M 9 22 90
3 87 72 80 13 0 15 0.00 0.0 0 11.8 20 150 M M 8 1 27 140
4 86 60 73 7 0 8 0.31 0.0 0 13.4 28 330 M M 8 13 45 330
5 76 56 66 0 0 1 0.06 0.0 0 5.2 12 150 M M 4 13 21 100
6 89 59 74 8 0 9 T 0.0 0 7.7 22 170 M M 6 27 170
7 88 71 80 14 0 15 0.00 0.0 0 6.9 14 140 M M 6 1 19 140
8 87 66 77 12 0 12 0.00 0.0 0 7.0 16 150 M M 2 12 22 150
9 86 64 75 10 0 10 0.00 0.0 0 5.9 17 160 M M 1 1 21 160
10 83 65 74 9 0 9 0.00 0.0 0 5.6 15 140 M M 3 12 20 140
11 85 48 67 3 0 2 0.46 0.0 0 8.1 25 350 M M 5 13 36 340
12 61 40 51 -13 14 0 0.00 0.0 0 13.5 25 350 M M 1 35 350
13 61 36 49 -15 16 0 0.00 0.0 0 6.6 14 50 M M 2 18 50
14 65 47 56 -7 9 0 1.66 0.0 0 11.9 23 340 M M 10 13 33 340
15 57 43 50 -13 15 0 0.00 0.0 0 12.6 22 360 M M 5 32 360
16 56 40 48 -15 17 0 0.00 0.0 0 9.1 16 40 M M 3 21 40
17 61 39 50 -13 15 0 0.00 0.0 0 3.6 10 30 M M 6 14 30
18 59 49 54 -8 11 0 0.02 0.0 0 5.9 14 90 M M 10 17 90
19 51 44 48 -14 17 0 0.83 0.0 0 11.8 20 30 M M 10 1 27 20
20 56 42 49 -13 16 0 T 0.0 0 9.2 18 40 M M 7 23 50
21 49 45 47 -15 18 0 0.62 0.0 0 7.4 13 40 M M 10 1 20 40
22 61 46 54 -7 11 0 0.09 0.0 0 4.7 12 60 M M 9 1 22 80
23 73 45 59 -2 6 0 0.00 0.0 0 6.5 15 110 M M 6 1 21 130
24 73 62 68 7 0 3 1.76 0.0 0 9.3 26 10 M M 10 13 34 40
25 63 59 61 1 4 0 0.46 0.0 0 9.8 23 40 M M 9 13 29 50
26 67 48 58 -2 7 0 0.99 0.0 0 10.3 21 260 M M 4 13 30 250
27 76 48 62 2 3 0 0.00 0.0 0 4.8 18 260 M M 0 25 260
28 76 45 61 1 4 0 0.00 0.0 0 5.4 14 130 M M 1 18 120
29 82 67 75 15 0 10 T 0.0 0 11.2 26 210 M M 8 18 37 180
30 73 50 62 3 3 0 0.00 0.0 0 14.7 26 350 M M 2 1 36 10
================================================================================
SM 2134 1579 187 100 7.58 0.0 255.7 M 173
================================================================================
AV 71.1 52.6 8.5 FASTST M M 6 MAX(MPH)
MISC ----> 28 330 45 330
================================================================================
NOTES:
# LAST OF SEVERAL OCCURRENCES
COLUMN 17 PEAK WIND IN M.P.H.
PRELIMINARY LOCAL CLIMATOLOGICAL DATA (WS FORM: F-6) , PAGE 2
STATION: SUGAR LAND/HULL FLD
MONTH: NOVEMBER
YEAR: 2022
LATITUDE: 29 37 N
LONGITUDE: 95 39 W
[TEMPERATURE DATA] [PRECIPITATION DATA] SYMBOLS USED IN COLUMN 16
AVERAGE MONTHLY: 61.9 TOTAL FOR MONTH: 7.58 1 = FOG OR MIST
DPTR FM NORMAL: -1.2 DPTR FM NORMAL: 3.80 2 = FOG REDUCING VISIBILITY
HIGHEST: 89 ON 6 GRTST 24HR 1.76 ON 24-24 TO 1/4 MILE OR LESS
LOWEST: 36 ON 13 3 = THUNDER
SNOW, ICE PELLETS, HAIL 4 = ICE PELLETS
TOTAL MONTH: 0.0 INCH 5 = HAIL
GRTST 24HR 0.0 6 = FREEZING RAIN OR DRIZZLE
GRTST DEPTH: 0 7 = DUSTSTORM OR SANDSTORM:
VSBY 1/2 MILE OR LESS
8 = SMOKE OR HAZE
[NO. OF DAYS WITH] [WEATHER - DAYS WITH] 9 = BLOWING SNOW
X = TORNADO
MAX 32 OR BELOW: 0 0.01 INCH OR MORE: 12
MAX 90 OR ABOVE: 0 0.10 INCH OR MORE: 9
MIN 32 OR BELOW: 0 0.50 INCH OR MORE: 5
MIN 0 OR BELOW: 0 1.00 INCH OR MORE: 2
[HDD (BASE 65) ]
TOTAL THIS MO. 187 CLEAR (SCALE 0-3) 8
DPTR FM NORMAL 48 PTCLDY (SCALE 4-7) 13
TOTAL FM JUL 1 211 CLOUDY (SCALE 8-10) 9
DPTR FM NORMAL 52
[CDD (BASE 65) ]
TOTAL THIS MO. 100
DPTR FM NORMAL 16 [PRESSURE DATA]
TOTAL FM JAN 1 3755 HIGHEST SLP 30.49 ON 17
DPTR FM NORMAL 406 LOWEST SLP 29.72 ON 29
[REMARKS]
#FINAL-11-22#