000
CXUS55 KBYZ 011058
CLMSHR
CLIMATE REPORT
NATIONAL WEATHER SERVICE BILLINGS MT
455 AM MDT SAT JUL 01 2023
...................................
...THE SHERIDAN WY CLIMATE SUMMARY FOR THE MONTH OF JUNE 2023...
CLIMATE NORMAL PERIOD 1991 TO 2020
CLIMATE RECORD PERIOD 1907 TO 2023
WEATHER OBSERVED NORMAL DEPART
VALUE DATE(S) VALUE FROM
NORMAL
................................................
TEMPERATURE (F)
HIGHEST 84 06/06
LOWEST 40 06/17
AVG. MAXIMUM 74.9 76.9 -2.0
AVG. MINIMUM 50.3 46.8 3.5
MEAN 62.6 61.8 0.8
DAYS MAX >= 90 0
DAYS MAX <= 32 0
DAYS MIN <= 32 0
DAYS MIN <= 0 0
PRECIPITATION (INCHES)
TOTALS 5.29 1.98 3.31
DAYS >= .01 20
DAYS >= .10 12
DAYS >= .50 4
DAYS >= 1.00 1
GREATEST
24 HR. TOTAL 1.57 06/09 TO 06/10
DEGREE DAYS
HEATING TOTAL 77 138 -61
SINCE 7/1 7857 7542 315
COOLING TOTAL 12 43 -31
SINCE 1/1 12 47 -35
................................................
WIND (MPH)
AVERAGE WIND SPEED 6.3
HIGHEST WIND SPEED/DIRECTION 41/320 DATE 06/18
HIGHEST GUST SPEED/DIRECTION 51/320 DATE 06/18
AVERAGE RH (PERCENT) 70
WEATHER CONDITIONS. NUMBER OF DAYS WITH
THUNDERSTORM 16 MIXED PRECIP 0
HEAVY RAIN 10 RAIN 14
LIGHT RAIN 23 FREEZING RAIN 0
LT FREEZING RAIN 0 HAIL 0
HEAVY SNOW 0 SNOW 0
LIGHT SNOW 0 SLEET 0
FOG 12 FOG W/VIS <= 1/4 MILE 0
HAZE 2
- INDICATES NEGATIVE NUMBERS.
R INDICATES RECORD WAS SET OR TIED.
MM INDICATES DATA IS MISSING.
T INDICATES TRACE AMOUNT.
&&
...JUNE 2023 MONTH IN REVIEW FOR SHERIDAN...
BELOW IS A SUMMARY OF THE TEMPERATURE AND PRECIPITATION
STATISTICS FOR SHERIDAN FOR JUNE 2023. ALL TEMPERATURES ARE IN
DEGREES FAHRENHEIT AND ALL PRECIPITATION AMOUNTS ARE IN INCHES. NORMALS
ARE 30 YEAR AVERAGES CALCULATED FROM 1991 TO 2020. MONTHLY RANKINGS
FOR PRECIPITATION AND TEMPERATURES USE A PERIOD
OF RECORD THAT STARTED IN MAY 1934 AT OR NEAR THE SHERIDAN AIRPORT.
NUMBERS DENOTED WITH AN * IS MISSING DATA IN THE CALCULATION.
...SHERIDAN MONTHLY PRECIPITATION...
MONTH 2023 VALUES NORMALS DEPARTURE RANKING
JUNE 5.29 1.98 +3.31 3RD WETTEST OUT OF 117 YEARS
(RECORD WETTEST WAS 9.54 IN 1944)
(WETTEST SINCE 6.11 IN 1967)
...SHERIDAN JUNE 2023 BROKEN OR TIED DAILY PRECIPITATION RECORDS...
1.00 ON JUNE 10 (OLD RECORD 0.83 IN 2015)
...SHERIDAN AVERAGE TEMPERATURES...
MONTH 2023 VALUES NORMALS DEPARTURE RANKING
JUNE 62.6 61.8 +0.8 45TH WARMEST OUT OF 117 YEARS
(RECORD WARMEST WAS 74.2 IN 1988)
(WARMEST SINCE 69.1 IN 2021)
...SHERIDAN AVERAGE HIGH TEMPERATURES...
MONTH 2023 VALUES NORMALS DEPARTURE RANKING
JUNE 74.9 76.9 -2.0 TIED FOR THE 42ND COLDEST OUT OF 117 YEARS
(RECORD COLDEST WAS 67.1 IN 1945)
(COLDEST SINCE 72.8 IN 2014)
...SHERIDAN JUNE 2023 BROKEN OR TIED WARMEST DAILY HIGH TEMPERATURE RECORDS...
NONE
...SHERIDAN JUNE 2023 BROKEN OR TIED COLDEST DAILY HIGH TEMPERATURE RECORDS...
NONE
...SHERIDAN AVERAGE LOW TEMPERATURES...
MONTH 2023 VALUES NORMALS DEPARTURE RANKING
JUNE 50.3 46.8 +3.5 20TH WARMEST OUT OF 117 YEARS
(RECORD WARMEST WAS 57.1 IN 1988)
(WARMEST SINCE 50.6 IN 2021)
...SHERIDAN JUNE 2023 BROKEN OR TIED WARMEST DAILY LOW TEMPERATURE RECORDS...
NONE
...SHERIDAN JUNE 2023 BROKEN OR TIED COLDEST DAILY LOW TEMPERATURE RECORDS...
NONE
$$