000
CXUS55 KBYZ 011317
CLMSHR
CLIMATE REPORT
NATIONAL WEATHER SERVICE BILLINGS MT
617 AM MST FRI DEC 01 2023
...................................
...THE SHERIDAN WY CLIMATE SUMMARY FOR THE MONTH OF NOVEMBER 2023...
CLIMATE NORMAL PERIOD 1991 TO 2020
CLIMATE RECORD PERIOD 1907 TO 2023
WEATHER OBSERVED NORMAL DEPART
VALUE DATE(S) VALUE FROM
NORMAL
................................................
TEMPERATURE (F)
HIGHEST 66 11/06
LOWEST 8 11/24
AVG. MAXIMUM 53.9 46.7 7.2
AVG. MINIMUM 23.5 19.9 3.6
MEAN 38.7 33.3 5.4
DAYS MAX >= 90 0
DAYS MAX <= 32 1
DAYS MIN <= 32 29
DAYS MIN <= 0 0
PRECIPITATION (INCHES)
TOTALS 0.49 0.76 -0.27
DAYS >= .01 5
DAYS >= .10 1
DAYS >= .50 0
DAYS >= 1.00 0
GREATEST
24 HR. TOTAL 0.40 11/23 TO 11/24
DEGREE DAYS
HEATING TOTAL 781 951 -170
SINCE 7/1 1524 1830 -306
COOLING TOTAL 0 0 0
SINCE 1/1 385 442 -57
................................................
WIND (MPH)
AVERAGE WIND SPEED 5.5
HIGHEST WIND SPEED/DIRECTION 35/340 DATE 11/05
HIGHEST GUST SPEED/DIRECTION 48/260 DATE 11/06
AVERAGE RH (PERCENT) 57
WEATHER CONDITIONS. NUMBER OF DAYS WITH
THUNDERSTORM 0 MIXED PRECIP 0
HEAVY RAIN 0 RAIN 6
LIGHT RAIN 7 FREEZING RAIN 0
LT FREEZING RAIN 0 HAIL 0
HEAVY SNOW 0 SNOW 2
LIGHT SNOW 2 SLEET 0
FOG 3 FOG W/VIS <= 1/4 MILE 0
HAZE 3
- INDICATES NEGATIVE NUMBERS.
R INDICATES RECORD WAS SET OR TIED.
MM INDICATES DATA IS MISSING.
T INDICATES TRACE AMOUNT.
$$