000
CXUS54 KSHV 041053
CF6SHV
PRELIMINARY LOCAL CLIMATOLOGICAL DATA (WS FORM: F-6)
STATION: SHREVEPORT
MONTH: DECEMBER
YEAR: 2022
LATITUDE: 32 28 N
LONGITUDE: 93 49 W
TEMPERATURE IN F: :PCPN: SNOW: WIND :SUNSHINE: SKY :PK WND
================================================================================
1 2 3 4 5 6A 6B 7 8 9 10 11 12 13 14 15 16 17 18
12Z AVG MX 2MIN
DY MAX MIN AVG DEP HDD CDD WTR SNW DPTH SPD SPD DIR MIN PSBL S-S WX SPD DR
================================================================================
1 60 34 47 -5 18 0 0.00 0.0 0 8.2 16 110 M M 4 24 120
2 75 48 62 10 3 0 0.00 0.0 0 9.5 18 190 M M 9 25 190
3 72 55 64 12 1 0 0.00 0.0 0 8.3 15 70 M M 9 12 20 70
4 65 50 58 6 7 0 T 0.0 0 5.8 13 30 M M 10 15 10
5 77 54 66 15 0 1 0.01 0.0 0 8.1 16 240 M M 9 12 24 210
6 81 70 76 25 0 11 T 0.0 0 8.5 16 210 M M 9 23 220
7 84 68 76 25 0 11 T 0.0 0 7.7 17 220 M M 6 27 210
8 81 66 74 23 0 9 0.00 0.0 0 7.4 18 210 M M 7 1 28 220
9 76 62 69 19 0 4 T 0.0 0 4.8 13 230 M M 7 18 21 220
10 79 63 71 21 0 6 0.02 0.0 0 7.1 17 210 M M 9 1 22 210
11 65 57 61 11 4 0 0.01 0.0 0 6.8 15 20 M M 10 1 20 10
12 60 56 58 8 7 0 0.00 0.0 0 7.7 15 130 M M 10 1 22 130
13 71 59 65 15 0 0 1.48 0.0 0 11.0 21 140 M M 10 13 28 150
14 62 42 52 2 13 0 0.02 0.0 0 7.8 20 320 M M 6 25 320
15 58 36 47 -2 18 0 0.00 0.0 0 6.8 15 260 M M 0 24 260
16 55 33 44 -5 21 0 0.01 T 0 3.2 15 350 M M 6 4 23 340
17 55 32 44 -5 21 0 0.00 0.0 0 8.6 18 310 M M 4 26 320
18 56 26 41 -8 24 0 0.00 0.0 0 3.8 10 50 M M 4 17 80
19 45 40 43 -6 22 0 0.78 0.0 0 7.7 16 110 M M 10 1 22 120
20 53 39 46 -3 19 0 0.09 0.0 0 7.2 14 30 M M 7 1 17 30
21 49 34 42 -6 23 0 0.00 0.0 0 5.6 10 170 M M 7 16 150
22 52 15 34 -14 31 0 T T 0 14.0 38 290 M M 8 18 46 290
23 27 10 19 -29 46 0 0.00 0.0 0 15.1 25 330 M M 4 37 340
24 40 20 30 -18 35 0 0.00 0.0 0 7.6 18 340 M M 4 26 340
25 48 21 35 -13 30 0 0.00 0.0 0 3.3 9 260 M M 2 13 240
26 52 26 39 -9 26 0 0.00 0.0 0 5.4 14 210 M M 5 20 200
27 51 27 39 -9 26 0 0.00 0.0 0 5.8 13 350 M M 2 19 350
28 73 31 52 4 13 0 0.00 0.0 0 11.5 23 170 M M 3 39 220
29 81 62 72 24 0 7 1.88 0.0 0 10.3 21 180 M M 9 13 32 180
30 65 51 58 10 7 0 0.90 0.0 0 3.4 16 80 M M 9 123 21 80
31 71 48 60 12 5 0 T 0.0 0 6.0 14 180 M M 6 12 19 190
================================================================================
SM 1939 1335 420 49 5.20 T 234.0 M 205
================================================================================
AV 62.5 43.1 7.5 FASTST M M 7 MAX(MPH)
MISC ----> 38 290 46 290
================================================================================
NOTES:
# LAST OF SEVERAL OCCURRENCES
COLUMN 17 PEAK WIND IN M.P.H.
PRELIMINARY LOCAL CLIMATOLOGICAL DATA (WS FORM: F-6) , PAGE 2
STATION: SHREVEPORT
MONTH: DECEMBER
YEAR: 2022
LATITUDE: 32 28 N
LONGITUDE: 93 49 W
[TEMPERATURE DATA] [PRECIPITATION DATA] SYMBOLS USED IN COLUMN 16
AVERAGE MONTHLY: 52.8 TOTAL FOR MONTH: 5.20 1 = FOG OR MIST
DPTR FM NORMAL: 3.3 DPTR FM NORMAL: 0.26 2 = FOG REDUCING VISIBILITY
HIGHEST: 84 ON 7 GRTST 24HR 1.88 ON 29-29 TO 1/4 MILE OR LESS
LOWEST: 10 ON 23 3 = THUNDER
SNOW, ICE PELLETS, HAIL 4 = ICE PELLETS
TOTAL MONTH: T 5 = HAIL
GRTST 24HR T ON 16-16 6 = FREEZING RAIN OR DRIZZLE
GRTST DEPTH: 0 7 = DUSTSTORM OR SANDSTORM:
VSBY 1/2 MILE OR LESS
8 = SMOKE OR HAZE
[NO. OF DAYS WITH] [WEATHER - DAYS WITH] 9 = BLOWING SNOW
X = TORNADO
MAX 32 OR BELOW: 1 0.01 INCH OR MORE: 10
MAX 90 OR ABOVE: 0 0.10 INCH OR MORE: 4
MIN 32 OR BELOW: 9 0.50 INCH OR MORE: 4
MIN 0 OR BELOW: 0 1.00 INCH OR MORE: 2
[HDD (BASE 65) ]
TOTAL THIS MO. 420 CLEAR (SCALE 0-3) 4
DPTR FM NORMAL -70 PTCLDY (SCALE 4-7) 14
TOTAL FM JUL 1 765 CLOUDY (SCALE 8-10) 13
DPTR FM NORMAL -75
[CDD (BASE 65) ]
TOTAL THIS MO. 49
DPTR FM NORMAL 41 [PRESSURE DATA]
TOTAL FM JAN 1 3203 HIGHEST SLP M ON M
DPTR FM NORMAL 529 LOWEST SLP 29.68 ON 14
[REMARKS]
#FINAL-12-22#