000
CXUS54 KSJT 020646
CF6SJT
PRELIMINARY LOCAL CLIMATOLOGICAL DATA (WS FORM: F-6)
STATION: SAN ANGELO
MONTH: JANUARY
YEAR: 2023
LATITUDE: 31 21 N
LONGITUDE: 100 30 W
TEMPERATURE IN F: :PCPN: SNOW: WIND :SUNSHINE: SKY :PK WND
================================================================================
1 2 3 4 5 6A 6B 7 8 9 10 11 12 13 14 15 16 17 18
12Z AVG MX 2MIN
DY MAX MIN AVG DEP HDD CDD WTR SNW DPTH SPD SPD DIR MIN PSBL S-S WX SPD DR
================================================================================
1 80 43 62 15 3 0 0.00 0.0 0 7.1 17 200 M M 0 23 240
2 79 50 65 18 0 0 0.00 0.0 0 12.6 31 310 M M 1 18 43 310
3 67 44 56 9 9 0 0.00 0.0 0 11.7 29 270 M M 0 38 270
4 68 40 54 7 11 0 0.00 0.0 0 12.6 26 280 M M 0 35 290
5 69 31 50 3 15 0 0.00 0.0 0 4.0 10 260 M M 0 15 260
6 79 37 58 11 7 0 0.00 0.0 0 9.2 26 180 M M 0 35 190
7 67 41 54 7 11 0 0.00 0.0 0 6.2 15 50 M M 1 21 60
8 63 33 48 1 17 0 0.00 0.0 0 4.1 13 100 M M 0 14 90
9 77 33 55 8 10 0 0.00 0.0 0 5.6 18 230 M M 0 23 230
10 84 44 64 17 1 0 0.00 0.0 0 9.7 24 260 M M 0 32 230
11 83 46 65 18 0 0 0.00 0.0 0 10.9 28 270 M M 0 36 260
12 61 33 47 0 18 0 0.00 0.0 0 12.3 24 320 M M 0 35 320
13 65 26 46 -1 19 0 0.00 0.0 0 5.2 9 190 M M 0 12 190
14 68 36 52 5 13 0 0.00 0.0 0 12.2 26 200 M M 0 37 200
15 69 50 60 13 5 0 0.00 0.0 0 14.0 22 200 M M 0 31 200
16 75 45 60 13 5 0 0.00 0.0 0 9.1 24 270 M M 1 34 280
17 79 42 61 14 4 0 0.00 0.0 0 7.1 20 190 M M 0 27 170
18 64 50 57 10 8 0 0.00 0.0 0 17.4 39 280 M M 3 52 280
19 63 32 48 1 17 0 0.00 0.0 0 5.9 17 280 M M 0 25 280
20 69 35 52 4 13 0 0.00 0.0 0 8.8 21 150 M M 1 30 140
21 63 39 51 3 14 0 0.00 0.0 0 8.9 21 280 M M 2 27 270
22 57 29 43 -5 22 0 0.00 0.0 0 5.8 15 270 M M 0 21 270
23 58 24 41 -7 24 0 0.00 0.0 0 11.3 25 140 M M 4 40 120
24 49 35 42 -6 23 0 0.54 0.0 0 11.8 29 310 M M 8 1 39 300
25 51 30 41 -7 24 0 0.00 0.0 0 8.9 20 310 M M 0 27 300
26 52 25 39 -9 26 0 0.00 0.0 0 4.6 9 180 M M 0 13 60
27 60 27 44 -4 21 0 0.00 0.0 0 9.6 24 210 M M 0 30 210
28 62 43 53 5 12 0 0.00 0.0 0 13.3 24 190 M M 3 35 190
29 51 30 41 -7 24 0 0.01 0.0 0 9.6 18 40 M M 8 1 25 60
30 30 24 27 -22 38 0 T T 0 10.9 18 40 M M 10 1 24 40
31 27 23 25 -24 40 0 T T 0 10.3 16 20 M M 10 146 22 40
================================================================================
SM 1989 1120 454 0 0.55 T 290.7 M 52
================================================================================
AV 64.2 36.1 9.4 FASTST M M 2 MAX(MPH)
MISC ----> 39 280 52 280
================================================================================
NOTES:
# LAST OF SEVERAL OCCURRENCES
COLUMN 17 PEAK WIND IN M.P.H.
PRELIMINARY LOCAL CLIMATOLOGICAL DATA (WS FORM: F-6) , PAGE 2
STATION: SAN ANGELO
MONTH: JANUARY
YEAR: 2023
LATITUDE: 31 21 N
LONGITUDE: 100 30 W
[TEMPERATURE DATA] [PRECIPITATION DATA] SYMBOLS USED IN COLUMN 16
AVERAGE MONTHLY: 50.1 TOTAL FOR MONTH: 0.55 1 = FOG OR MIST
DPTR FM NORMAL: 2.7 DPTR FM NORMAL: -0.37 2 = FOG REDUCING VISIBILITY
HIGHEST: 84 ON 10 GRTST 24HR 0.73 ON 24-24 TO 1/4 MILE OR LESS
LOWEST: 23 ON 31 3 = THUNDER
SNOW, ICE PELLETS, HAIL 4 = ICE PELLETS
TOTAL MONTH: T 5 = HAIL
GRTST 24HR T ON 30-30 6 = FREEZING RAIN OR DRIZZLE
GRTST DEPTH: 0 7 = DUSTSTORM OR SANDSTORM:
VSBY 1/2 MILE OR LESS
8 = SMOKE OR HAZE
[NO. OF DAYS WITH] [WEATHER - DAYS WITH] 9 = BLOWING SNOW
X = TORNADO
MAX 32 OR BELOW: 2 0.01 INCH OR MORE: 2
MAX 90 OR ABOVE: 0 0.10 INCH OR MORE: 1
MIN 32 OR BELOW: 11 0.50 INCH OR MORE: 1
MIN 0 OR BELOW: 0 1.00 INCH OR MORE: 0
[HDD (BASE 65) ]
TOTAL THIS MO. 454 CLEAR (SCALE 0-3) 26
DPTR FM NORMAL -93 PTCLDY (SCALE 4-7) 2
TOTAL FM JUL 1 1340 CLOUDY (SCALE 8-10) 3
DPTR FM NORMAL -95
[CDD (BASE 65) ]
TOTAL THIS MO. 0
DPTR FM NORMAL -1 [PRESSURE DATA]
TOTAL FM JAN 1 0 HIGHEST SLP 30.51 ON 26
DPTR FM NORMAL -1 LOWEST SLP 29.61 ON 17
[REMARKS]
#FINAL-01-23#