000
CXUS56 KSGX 011045
CF6SNA
PRELIMINARY LOCAL CLIMATOLOGICAL DATA (WS FORM: F-6)
STATION: JOHN WAYNE AIRPORT CA
MONTH: AUGUST
YEAR: 2022
LATITUDE: 33 40 N
LONGITUDE: 117 53 W
TEMPERATURE IN F: :PCPN: SNOW: WIND :SUNSHINE: SKY :PK WND
================================================================================
1 2 3 4 5 6A 6B 7 8 9 10 11 12 13 14 15 16 17 18
12Z AVG MX 2MIN
DY MAX MIN AVG DEP HDD CDD WTR SNW DPTH SPD SPD DIR MIN PSBL S-S WX SPD DR
================================================================================
1 88 71 80 6 0 15 0.00 M M 5.0 14 210 M M 4 19 210
2 85 70 78 4 0 13 0.00 M M 5.0 14 220 M M 1 18 210
3 81 70 76 2 0 11 T M M 5.3 14 190 M M 3 19 200
4 82 69 76 2 0 11 T M M 5.5 13 210 M M 6 16 200
5 87 69 78 4 0 13 T M M 4.5 12 220 M M 3 15 220
6 84 67 76 2 0 11 0.00 M M 5.2 12 220 M M 2 1 15 210
7 85 68 77 3 0 12 0.00 M M 4.9 14 220 M M 2 17 220
8 84 70 77 3 0 12 0.00 M M 5.8 17 210 M M 3 21 200
9 89 73 81 7 0 16 0.00 M M 5.1 14 190 M M 4 18 200
10 91 73 82 8 0 17 0.00 M M 5.5 14 210 M M 2 19 200
11 88 70 79 5 0 14 0.00 M M 5.4 12 230 M M 1 15 220
12 87 70 79 5 0 14 0.00 M M 5.1 15 210 M M 2 8 17 210
13 88 70 79 5 0 14 0.00 M M 5.0 15 200 M M 2 22 210
14 86 71 79 5 0 14 0.00 M M 5.5 15 190 M M 2 20 200
15 84 69 77 3 0 12 0.00 M M 5.1 13 210 M M 3 8 19 190
16 85 69 77 3 0 12 0.00 M M 4.7 16 190 M M 3 8 18 210
17 84 71 78 4 0 13 0.00 M M 5.4 13 210 M M 2 8 15 220
18 83 69 76 2 0 11 0.00 M M 4.5 13 210 M M 3 18 210
19 81 67 74 0 0 9 0.00 M M 6.9 15 200 M M 3 18 180
20 80 71 76 2 0 11 0.00 M M 8.4 17 210 M M 7 23 190
21 78 71 75 1 0 10 0.00 M M 6.0 12 220 M M 7 17 200
22 81 70 76 2 0 11 0.00 M M 4.0 10 220 M M 6 16 220
23 81 68 75 1 0 10 0.00 M M 6.3 16 200 M M 6 20 190
24 81 71 76 2 0 11 0.00 M M 6.9 18 210 M M 5 21 200
25 83 71 77 3 0 12 0.00 M M 5.9 15 180 M M 1 20 200
26 83 71 77 3 0 12 0.00 M M 5.0 13 220 M M 4 18 220
27 81 71 76 2 0 11 0.00 M M 5.7 14 190 M M 5 20 200
28 80 70 75 1 0 10 0.00 M M 6.4 13 210 M M 5 19 210
29 80 71 76 2 0 11 0.00 M M 4.0 12 210 M M 4 16 250
30 88 69 79 5 0 14 0.00 M M 3.9 10 220 M M 0 14 230
31 97 71 84 10 0 19 0.00 M M 5.1 13 210 M M 2 14 200
================================================================================
SM 2615 2171 0 386 T M 167.0 M 103
================================================================================
AV 84.4 70.0 5.4 FASTST M M 3 MAX(MPH)
MISC ----> 18 210 23 190
================================================================================
NOTES:
# LAST OF SEVERAL OCCURRENCES
COLUMN 17 PEAK WIND IN M.P.H.
PRELIMINARY LOCAL CLIMATOLOGICAL DATA (WS FORM: F-6) , PAGE 2
STATION: JOHN WAYNE AIRPORT CA
MONTH: AUGUST
YEAR: 2022
LATITUDE: 33 40 N
LONGITUDE: 117 53 W
[TEMPERATURE DATA] [PRECIPITATION DATA] SYMBOLS USED IN COLUMN 16
AVERAGE MONTHLY: 77.2 TOTAL FOR MONTH: T 1 = FOG OR MIST
DPTR FM NORMAL: 3.4 DPTR FM NORMAL: -0.01 2 = FOG REDUCING VISIBILITY
HIGHEST: 97 ON 31 GRTST 24HR 0.02 ON 31- 1 TO 1/4 MILE OR LESS
LOWEST: 67 ON 19, 6 3 = THUNDER
SNOW, ICE PELLETS, HAIL 4 = ICE PELLETS
TOTAL MONTH: M 5 = HAIL
GRTST 24HR M ON M 6 = FREEZING RAIN OR DRIZZLE
GRTST DEPTH: M ON M 7 = DUSTSTORM OR SANDSTORM:
VSBY 1/2 MILE OR LESS
8 = SMOKE OR HAZE
[NO. OF DAYS WITH] [WEATHER - DAYS WITH] 9 = BLOWING SNOW
X = TORNADO
MAX 32 OR BELOW: 0 0.01 INCH OR MORE: 0
MAX 90 OR ABOVE: 2 0.10 INCH OR MORE: 0
MIN 32 OR BELOW: 0 0.50 INCH OR MORE: 0
MIN 0 OR BELOW: 0 1.00 INCH OR MORE: 0
[HDD (BASE 65) ]
TOTAL THIS MO. 0 CLEAR (SCALE 0-3) 18
DPTR FM NORMAL 0 PTCLDY (SCALE 4-7) 13
TOTAL FM JUL 1 0 CLOUDY (SCALE 8-10) 0
DPTR FM NORMAL 0
[CDD (BASE 65) ]
TOTAL THIS MO. 386
DPTR FM NORMAL 115 [PRESSURE DATA]
TOTAL FM JAN 1 1064 HIGHEST SLP 30.06 ON 21
DPTR FM NORMAL 358 LOWEST SLP 29.73 ON 31
[REMARKS]
#FINAL-08-22#