000
CXUS54 KMAF 040137
CF6SNK
PRELIMINARY LOCAL CLIMATOLOGICAL DATA (WS FORM: F-6)
STATION: SNYDER WINSTON FIELD
MONTH: JULY
YEAR: 2021
LATITUDE: 32 41 N
LONGITUDE: 100 57 W
TEMPERATURE IN F: :PCPN: SNOW: WIND :SUNSHINE: SKY :PK WND
================================================================================
1 2 3 4 5 6A 6B 7 8 9 10 11 12 13 14 15 16 17 18
12Z AVG MX 2MIN
DY MAX MIN AVG DEP HDD CDD WTR SNW DPTH SPD SPD DIR MIN PSBL S-S WX SPD DR
================================================================================
1 94 69 82 M 0 17 M M M 5.4 9 210 M M 1 M M
2 85 71 78 M 0 13 0.31 M M 8.3 13 50 M M 6 17 70
3 85 66 76 M 0 11 1.15 M M 5.3 17 30 M M 7 3 23 290
4 93 70 82 M 0 17 M M M 4.8 15 80 M M 3 12 16 100
5 84 66 75 M 0 10 0.71 M M 7.0 20 110 M M 4 3 30 110
6 84 69 77 M 0 12 M M M 6.6 15 110 M M 5 1 18 100
7 91 69 80 M 0 15 M M M 3.6 9 130 M M 2 M M
8 95 69 82 M 0 17 M M M 3.8 8 130 M M 2 M M
9 91 66 79 M 0 14 M M M 5.4 9 140 M M 2 M M
10 91 69 80 M 0 15 M M M 8.1 15 190 M M 5 21 190
11 91 69 80 M 0 15 0.07 M M 8.2 18 90 M M 5 3 26 90
12 93 66 80 M 0 15 M M M 4.8 21 160 M M 2 30 160
13 91 64 78 M 0 13 M M M 7.6 13 130 M M 1 1 21 150
14 156 65 111 M 0 46 M M M 11.6 18 180 M M 1 25 180
15 93 69 81 M 0 16 M M M 11.4 20 180 M M 2 24 180
16 93 73 83 M 0 18 M M M 8.4 13 130 M M 2 20 130
17 94 71 83 M 0 18 M M M 8.4 15 190 M M 0 20 190
18 99 70 85 M 0 20 M M M 5.6 12 210 M M 1 M M
19 88 71 80 M 0 15 M M M 7.3 13 360 M M 3 25 20
20 85 66 76 M 0 11 0.03 M M 6.7 12 60 M M 3 18 30
21 92 0 46 M 19 0 M M M 2.7 6 120 M M 2 M M
22 93 64 79 M 0 14 M M M 7.6 12 140 M M 1 18 160
23 97 68 83 M 0 18 M M M 10.3 15 170 M M 3 20 150
24 100 69 85 M 0 20 M M M 7.4 14 170 M M 0 16 180
25 101 75 88 M 0 23 M M M 6.5 12 210 M M 0 M M
26 101 68 85 M 0 20 M M M 4.7 8 130 M M 0 M M
27 103 68 86 M 0 21 M M M 5.1 10 340 M M 1 17 110
28 97 66 82 M 0 17 0.16 M M 6.5 20 150 M M 2 3 26 180
29 97 66 82 M 0 17 M M M 3.8 8 90 M M 1 10 150
30 99 9 54 M 11 0 M M M 6.0 9 200 M M 1 M M
31 100 73 87 M 0 22 M M M 7.1 12 210 M M 1 16 200
================================================================================
SM 2956 1994 30 500 2.43 M 206.2 M 69
================================================================================
AV 95.4 64.3 6.7 FASTST M M 2 MAX(MPH)
MISC ----> 21 160 # 30 110
================================================================================
NOTES:
# LAST OF SEVERAL OCCURRENCES
COLUMN 17 PEAK WIND IN M.P.H.
PRELIMINARY LOCAL CLIMATOLOGICAL DATA (WS FORM: F-6) , PAGE 2
STATION: SNYDER WINSTON FIELD
MONTH: JULY
YEAR: 2021
LATITUDE: 32 41 N
LONGITUDE: 100 57 W
[TEMPERATURE DATA] [PRECIPITATION DATA] SYMBOLS USED IN COLUMN 16
AVERAGE MONTHLY: 79.8 TOTAL FOR MONTH: 2.43 1 = FOG OR MIST
DPTR FM NORMAL: 0.0 DPTR FM NORMAL: M 2 = FOG REDUCING VISIBILITY
HIGHEST: 156 ON 14 GRTST 24HR 1.15 ON 3- 3 TO 1/4 MILE OR LESS
LOWEST: 0 ON 21 3 = THUNDER
SNOW, ICE PELLETS, HAIL 4 = ICE PELLETS
TOTAL MONTH: M 5 = HAIL
GRTST 24HR M ON M 6 = FREEZING RAIN OR DRIZZLE
GRTST DEPTH: M ON M 7 = DUSTSTORM OR SANDSTORM:
VSBY 1/2 MILE OR LESS
8 = SMOKE OR HAZE
[NO. OF DAYS WITH] [WEATHER - DAYS WITH] 9 = BLOWING SNOW
X = TORNADO
MAX 32 OR BELOW: 0 0.01 INCH OR MORE: 6
MAX 90 OR ABOVE: 25 0.10 INCH OR MORE: 4
MIN 32 OR BELOW: 2 0.50 INCH OR MORE: 2
MIN 0 OR BELOW: 1 1.00 INCH OR MORE: 1
[HDD (BASE 65) ]
TOTAL THIS MO. 30 CLEAR (SCALE 0-3) 21
DPTR FM NORMAL M PTCLDY (SCALE 4-7) 10
TOTAL FM JUL 1 30 CLOUDY (SCALE 8-10) 0
DPTR FM NORMAL M
[CDD (BASE 65) ]
TOTAL THIS MO. 500
DPTR FM NORMAL M [PRESSURE DATA]
TOTAL FM JAN 1 1181 HIGHEST SLP M ON M
DPTR FM NORMAL M LOWEST SLP M ON M
[REMARKS]
#FINAL-07-21#