000
CXUS56 KMTR 011000
CF6SNS
PRELIMINARY LOCAL CLIMATOLOGICAL DATA (WS FORM: F-6)
STATION: SALINAS AIRPORT
MONTH: FEBRUARY
YEAR: 2024
LATITUDE: 36 40 N
LONGITUDE: 121 36 W
TEMPERATURE IN F: :PCPN: SNOW: WIND :SUNSHINE: SKY :PK WND
================================================================================
1 2 3 4 5 6A 6B 7 8 9 10 11 12 13 14 15 16 17 18
12Z AVG MX 2MIN
DY MAX MIN AVG DEP HDD CDD WTR SNW DPTH SPD SPD DIR MIN PSBL S-S WX SPD DR
================================================================================
1 62 48 55 2 10 0 0.28 M M 4.7 17 270 M M 7 1 23 270
2 58 47 53 0 12 0 0.55 M M 8.7 21 270 M M 8 1 26 270
3 54 43 49 -4 16 0 0.33 M M 14.5 29 130 M M 7 1 36 140
4 62 49 56 3 9 0 0.69 M M 24.2 44 130 M M 9 1 60 130
5 58 48 53 0 12 0 0.54 M M 7.1 20 140 M M 9 1 25 150
6 58 45 52 -1 13 0 0.00 M M 4.6 14 290 M M 7 12 19 290
7 52 43 48 -5 17 0 0.81 M M 6.5 29 290 M M 9 1 42 290
8 55 41 48 -5 17 0 T M M 7.6 17 140 M M 6 21 130
9 58 38 48 -5 17 0 0.00 M M 4.2 15 280 M M 1 20 290
10 63 37 50 -3 15 0 0.00 M M 5.0 13 290 M M 0 18 300
11 63 39 51 -2 14 0 0.00 M M 6.6 15 300 M M 0 19 280
12 63 38 51 -2 14 0 0.00 M M 6.3 15 280 M M 1 12 19 280
13 60 39 50 -3 15 0 0.00 M M 4.6 15 150 M M 2 1 18 150
14 64 45 55 2 10 0 0.29 M M 8.7 23 140 M M 9 1 27 140
15 65 43 54 1 11 0 0.00 M M 3.8 15 290 M M 1 1 19 290
16 65 48 57 4 8 0 0.00 M M 8.5 20 140 M M 0 26 140
17 57 50 54 1 11 0 0.13 M M 15.5 40 120 M M 6 1 52 120
18 68 49 59 6 6 0 0.35 M M 21.3 38 130 M M 5 1 47 130
19 68 54 61 8 4 0 0.07 M M 10.8 23 130 M M 7 1 30 130
20 65 48 57 4 8 0 0.27 M M 8.2 18 140 M M 4 1 24 140
21 62 45 54 1 11 0 0.01 M M 4.6 10 290 M M 4 1 16 310
22 65 44 55 2 10 0 0.00 M M 5.8 14 130 M M 0 18 280
23 69 44 57 3 8 0 0.00 M M 8.6 21 140 M M 0 25 110
24 74 49 62 8 3 0 0.00 M M 10.4 22 140 M M 0 26 140
25 67 45 56 2 9 0 0.00 M M 5.8 17 290 M M 2 23 300
26 63 47 55 1 10 0 T M M 7.7 16 130 M M 5 1 20 140
27 64 47 56 2 9 0 0.00 M M 4.4 18 270 M M 3 23 290
28 68 41 55 1 10 0 0.00 M M 7.5 21 140 M M 1 25 130
29 66 48 57 3 8 0 0.12 M M 9.8 22 140 M M 9 1 28 230
================================================================================
SM 1816 1302 317 0 4.44 M 246.0 M 122
================================================================================
AV 62.6 44.9 8.5 FASTST M M 4 MAX(MPH)
MISC ----> 44 130 60 130
================================================================================
NOTES:
# LAST OF SEVERAL OCCURRENCES
COLUMN 17 PEAK WIND IN M.P.H.
PRELIMINARY LOCAL CLIMATOLOGICAL DATA (WS FORM: F-6) , PAGE 2
STATION: SALINAS AIRPORT
MONTH: FEBRUARY
YEAR: 2024
LATITUDE: 36 40 N
LONGITUDE: 121 36 W
[TEMPERATURE DATA] [PRECIPITATION DATA] SYMBOLS USED IN COLUMN 16
AVERAGE MONTHLY: 53.8 TOTAL FOR MONTH: 4.44 1 = FOG OR MIST
DPTR FM NORMAL: 0.7 DPTR FM NORMAL: 2.02 2 = FOG REDUCING VISIBILITY
HIGHEST: 74 ON 24 GRTST 24HR 0.99 ON 31- 1 TO 1/4 MILE OR LESS
LOWEST: 37 ON 10 3 = THUNDER
SNOW, ICE PELLETS, HAIL 4 = ICE PELLETS
TOTAL MONTH: M 5 = HAIL
GRTST 24HR M ON M 6 = FREEZING RAIN OR DRIZZLE
GRTST DEPTH: M ON M 7 = DUSTSTORM OR SANDSTORM:
VSBY 1/2 MILE OR LESS
8 = SMOKE OR HAZE
[NO. OF DAYS WITH] [WEATHER - DAYS WITH] 9 = BLOWING SNOW
X = TORNADO
MAX 32 OR BELOW: 0 0.01 INCH OR MORE: 13
MAX 90 OR ABOVE: 0 0.10 INCH OR MORE: 11
MIN 32 OR BELOW: 0 0.50 INCH OR MORE: 4
MIN 0 OR BELOW: 0 1.00 INCH OR MORE: 0
[HDD (BASE 65) ]
TOTAL THIS MO. 317 CLEAR (SCALE 0-3) 13
DPTR FM NORMAL -17 PTCLDY (SCALE 4-7) 11
TOTAL FM JUL 1 1262 CLOUDY (SCALE 8-10) 5
DPTR FM NORMAL -531
[CDD (BASE 65) ]
TOTAL THIS MO. 0
DPTR FM NORMAL 0 [PRESSURE DATA]
TOTAL FM JAN 1 1 HIGHEST SLP M ON M
DPTR FM NORMAL 1 LOWEST SLP 29.39 ON 4
[REMARKS]
#FINAL-02-24#