000
CXUS55 KCYS 161202
CF6SNY
PRELIMINARY LOCAL CLIMATOLOGICAL DATA (WS FORM: F-6)...CORRECTED
STATION: SIDNEY NEBRASKA AIRPORT
MONTH: SEPTEMBER
YEAR: 2021
LATITUDE: 41 5 N
LONGITUDE: 102 59 W
TEMPERATURE IN F: :PCPN: SNOW: WIND :SUNSHINE: SKY :PK WND
================================================================================
1 2 3 4 5 6A 6B 7 8 9 10 11 12 13 14 15 16 17 18
12Z AVG MX 2MIN
DY MAX MIN AVG DEP HDD CDD WTR SNW DPTH SPD SPD DIR MIN PSBL S-S WX SPD DR
================================================================================
1 95 64 80 12 0 15 0.41 M M 13.7 31 150 M M 6 13 40 160
2 80 63 72 5 0 7 T M M 11.2 21 350 M M 4 1 27 350
3 M M M M M M 0.14 M M 10.2 23 360 M M 4 1 29 10
4 82 49 66 -1 0 1 0.00 M M 5.5 13 250 M M 0 1 16 200
5 87 49 68 2 0 3 0.00 M M 8.6 14 290 M M 0 19 230
6 96 47 72 6 0 7 0.00 M M 10.3 20 280 M M 0 31 260
7 82 48 65 -1 0 0 0.00 M M 9.0 21 30 M M 0 8 27 30
8 87 47 67 1 0 2 0.00 M M 8.9 15 30 M M 0 23 360
9 94 44 69 4 0 4 0.00 M M 6.5 14 100 M M 0 18 120
10 102 50 76 11 0 11 0.00 M M 9.9 25 210 M M 0 8 33 190
11 100 57 79 15 0 14 0.14 M M 10.0 37 250 M M 1 38 50 240
12 86 56 71 7 0 6 T M M 9.0 17 140 M M 1 22 140
13 86 56 71 7 0 6 0.00 M M 11.7 31 330 M M 1 36 320
14 76 53 65 2 0 0 0.00 M M 9.6 21 60 M M 1 28 60
15 92 55 74 11 0 9 0.00 M M 11.3 20 190 M M 0 27 200
16 96 49 73 11 0 8 0.00 M M 11.0 28 20 M M 0 37 20
17 68 45 57 -5 8 0 T M M 12.0 31 20 M M 3 40 10
18 91 52 72 10 0 7 0.00 M M 12.8 24 170 M M 0 35 180
19 91 58 75 14 0 10 0.00 M M 11.5 30 340 M M 1 8 42 340
20 67 42 55 -6 10 0 0.03 M M 17.2 31 330 M M 3 1 41 340
21 67 37 52 -8 13 0 0.00 M M 9.6 17 330 M M 1 26 10
22 81 37 59 -1 6 0 0.00 M M 9.4 16 220 M M 0 24 220
23 86 41 64 5 1 0 0.00 M M 12.7 24 340 M M 0 31 340
24 75 46 61 2 4 0 0.00 M M 9.3 18 350 M M 0 24 360
25 89 40 65 7 0 0 0.00 M M 9.7 18 180 M M 0 25 150
26 92 44 68 10 0 3 0.00 M M 9.9 23 290 M M 0 35 350
27 93 42 68 11 0 3 0.00 M M 9.6 17 170 M M 0 25 170
28 89 48 69 12 0 4 T M M 11.1 36 140 M M 2 48 150
29 68 43 56 0 9 0 0.00 M M 17.5 35 330 M M 5 42 340
30 67 36 52 -4 13 0 0.00 M M 12.0 21 350 M M 3 29 10
================================================================================
SM 2465 1398 64 120 0.72 M 320.7 M 36
================================================================================
AV 85.0 48.2 10.7 FASTST M M 1 MAX(MPH)
MISC ----> 37 250 50 240
================================================================================
NOTES:
# LAST OF SEVERAL OCCURRENCES
COLUMN 17 PEAK WIND IN M.P.H.
PRELIMINARY LOCAL CLIMATOLOGICAL DATA (WS FORM: F-6) , PAGE 2
STATION: SIDNEY NEBRASKA AIRPORT
MONTH: SEPTEMBER
YEAR: 2021
LATITUDE: 41 5 N
LONGITUDE: 102 59 W
[TEMPERATURE DATA] [PRECIPITATION DATA] SYMBOLS USED IN COLUMN 16
AVERAGE MONTHLY: 66.6 TOTAL FOR MONTH: 0.72 1 = FOG OR MIST
DPTR FM NORMAL: 4.3 DPTR FM NORMAL: -0.59 2 = FOG REDUCING VISIBILITY
HIGHEST: 102 ON 10 GRTST 24HR 0.41 ON 1- 1 TO 1/4 MILE OR LESS
LOWEST: 36 ON 30 3 = THUNDER
SNOW, ICE PELLETS, HAIL 4 = ICE PELLETS
TOTAL MONTH: M 5 = HAIL
GRTST 24HR M ON M 6 = FREEZING RAIN OR DRIZZLE
GRTST DEPTH: M ON M 7 = DUSTSTORM OR SANDSTORM:
VSBY 1/2 MILE OR LESS
8 = SMOKE OR HAZE
[NO. OF DAYS WITH] [WEATHER - DAYS WITH] 9 = BLOWING SNOW
X = TORNADO
MAX 32 OR BELOW: 0 0.01 INCH OR MORE: 4
MAX 90 OR ABOVE: 11 0.10 INCH OR MORE: 3
MIN 32 OR BELOW: 0 0.50 INCH OR MORE: 0
MIN 0 OR BELOW: 0 1.00 INCH OR MORE: 0
[HDD (BASE 65) ]
TOTAL THIS MO. 64 CLEAR (SCALE 0-3) 25
DPTR FM NORMAL -80 PTCLDY (SCALE 4-7) 5
TOTAL FM JUL 1 67 CLOUDY (SCALE 8-10) 0
DPTR FM NORMAL -102
[CDD (BASE 65) ]
TOTAL THIS MO. 120
DPTR FM NORMAL 55 [PRESSURE DATA]
TOTAL FM JAN 1 699 HIGHEST SLP 30.50 ON 21
DPTR FM NORMAL 10 LOWEST SLP 29.55 ON 19
[REMARKS]
SEPTEMBER 3...MISSING MAXIMUM/MINIMUM TEMPERATURES.
SEPTEMBER 10...RECORD HIGH 102 DEGREES (PREVIOUS 98 DEGREES IN 2012)
SEPTEMBER 11...RECORD HIGH 100 DEGREES (PREVIOUS 98 DEGREES IN 2018)
SEPTEMBER 26...RECORD HIGH 92 DEGREES (PREVIOUS 91 DEGREES IN 2008)
MEAN TEMPERATURE 66.6 DEGREES WAS 2ND WARMEST SEPTEMBER
#FINAL-09-21#