000
CXUS56 KPQR 011301
CF6SPB
PRELIMINARY LOCAL CLIMATOLOGICAL DATA (WS FORM: F-6)
STATION: SCAPPOOSE OR
MONTH: NOVEMBER
YEAR: 2023
LATITUDE: 45 46 N
LONGITUDE: 122 50 W
TEMPERATURE IN F: :PCPN: SNOW: WIND :SUNSHINE: SKY :PK WND
================================================================================
1 2 3 4 5 6A 6B 7 8 9 10 11 12 13 14 15 16 17 18
12Z AVG MX 2MIN
DY MAX MIN AVG DEP HDD CDD WTR SNW DPTH SPD SPD DIR MIN PSBL S-S WX SPD DR
================================================================================
1 53 42 48 0 17 0 0.66 M M 2.3 8 180 M M 9 1 12 150
2 68 47 58 10 7 0 0.07 M M 3.4 9 250 M M 7 1 14 240
3 60 41 51 3 14 0 0.63 M M 0.8 6 220 M M 9 12 9 160
4 68 46 57 9 8 0 0.83 M M 4.2 14 150 M M 7 12 20 140
5 62 43 53 6 12 0 0.74 M M 3.5 14 120 M M 9 12 16 120
6 55 51 53 6 12 0 1.05 M M 5.4 15 170 M M 10 1 22 160
7 58 44 51 4 14 0 0.22 M M 4.0 12 280 M M 8 18 16 300
8 56 36 46 0 19 0 0.00 M M 2.0 7 310 M M 5 18 10 300
9 50 34 42 -4 23 0 0.12 M M 1.9 12 120 M M 8 128 14 120
10 53 37 45 -1 20 0 T M M 3.1 12 150 M M 9 1 14 150
11 56 45 51 5 14 0 0.34 M M 4.6 13 180 M M 8 1 25 160
12 57 45 51 5 14 0 0.13 M M 2.3 12 130 M M 9 1 14 140
13 58 39 49 4 16 0 T M M 2.3 8 340 M M 4 1 10 340
14 57 40 49 4 16 0 0.00 M M 4.0 12 350 M M 1 18 350
15 51 42 47 2 18 0 0.03 M M 2.4 14 330 M M 8 1 19 330
16 54 36 45 0 20 0 0.00 M M 3.0 10 340 M M 5 1 13 320
17 57 33 45 1 20 0 0.00 M M 1.4 6 240 M M 3 12 8 160
18 54 35 45 1 20 0 0.17 M M 4.2 10 210 M M 4 1 15 210
19 54 36 45 1 20 0 0.01 M M 3.8 12 310 M M 7 1 15 320
20 53 36 45 1 20 0 0.00 M M 1.8 6 250 M M 5 12 8 150
21 58 38 48 4 17 0 0.16 M M 4.5 12 140 M M 2 1 17 200
22 54 45 50 7 15 0 0.02 M M 4.4 13 320 M M 6 1 24 320
23 53 38 46 3 19 0 0.00 M M 7.5 14 340 M M 0 19 340
24 52 29 41 -2 24 0 0.00 M M 3.5 13 360 M M 0 17 360
25 54 26 40 -3 25 0 0.00 M M 1.9 6 250 M M 0 18 8 360
26 54 27 41 -1 24 0 0.00 M M 1.0 7 250 M M 1 128 7 260
27 51 26 39 -3 26 0 0.00 M M 3.0 8 160 M M 0 12 170
28 47 24 36 -6 29 0 0.00 M M 2.2 8 160 M M 0 11 160
29 38 25 32 -10 33 0 0.00 M M 0.1 3 230 M M 7 8 4 80
30 40 33 37 -5 28 0 0.17 M M 1.3 6 160 M M 10 1 10 180
================================================================================
SM 1635 1119 564 0 5.35 M 89.8 M 161
================================================================================
AV 54.5 37.3 3.0 FASTST M M 5 MAX(MPH)
MISC ----> 15 170 25 160
================================================================================
NOTES:
# LAST OF SEVERAL OCCURRENCES
COLUMN 17 PEAK WIND IN M.P.H.
PRELIMINARY LOCAL CLIMATOLOGICAL DATA (WS FORM: F-6) , PAGE 2
STATION: SCAPPOOSE OR
MONTH: NOVEMBER
YEAR: 2023
LATITUDE: 45 46 N
LONGITUDE: 122 50 W
[TEMPERATURE DATA] [PRECIPITATION DATA] SYMBOLS USED IN COLUMN 16
AVERAGE MONTHLY: 45.9 TOTAL FOR MONTH: 5.35 1 = FOG OR MIST
DPTR FM NORMAL: 1.1 DPTR FM NORMAL: -0.91 2 = FOG REDUCING VISIBILITY
HIGHEST: 68 ON 4, 2 GRTST 24HR 1.57 ON 5- 6 TO 1/4 MILE OR LESS
LOWEST: 24 ON 28 3 = THUNDER
SNOW, ICE PELLETS, HAIL 4 = ICE PELLETS
TOTAL MONTH: M 5 = HAIL
GRTST 24HR M ON M 6 = FREEZING RAIN OR DRIZZLE
GRTST DEPTH: M ON M 7 = DUSTSTORM OR SANDSTORM:
VSBY 1/2 MILE OR LESS
8 = SMOKE OR HAZE
[NO. OF DAYS WITH] [WEATHER - DAYS WITH] 9 = BLOWING SNOW
X = TORNADO
MAX 32 OR BELOW: 0 0.01 INCH OR MORE: 16
MAX 90 OR ABOVE: 0 0.10 INCH OR MORE: 12
MIN 32 OR BELOW: 6 0.50 INCH OR MORE: 5
MIN 0 OR BELOW: 0 1.00 INCH OR MORE: 1
[HDD (BASE 65) ]
TOTAL THIS MO. 564 CLEAR (SCALE 0-3) 9
DPTR FM NORMAL -42 PTCLDY (SCALE 4-7) 13
TOTAL FM JUL 1 925 CLOUDY (SCALE 8-10) 8
DPTR FM NORMAL -209
[CDD (BASE 65) ]
TOTAL THIS MO. 0
DPTR FM NORMAL 0 [PRESSURE DATA]
TOTAL FM JAN 1 646 HIGHEST SLP 30.55 ON 20
DPTR FM NORMAL 312 LOWEST SLP 29.52 ON 6
[REMARKS]
#FINAL-11-23#