000
CXUS52 KTBW 011100
CF6SPG
PRELIMINARY LOCAL CLIMATOLOGICAL DATA (WS FORM: F-6)
STATION: SAINT PETERSBURG
MONTH: FEBRUARY
YEAR: 2021
LATITUDE: 27 46 N
LONGITUDE: 82 38 W
TEMPERATURE IN F: :PCPN: SNOW: WIND :SUNSHINE: SKY :PK WND
================================================================================
1 2 3 4 5 6A 6B 7 8 9 10 11 12 13 14 15 16 17 18
12Z AVG MX 2MIN
DY MAX MIN AVG DEP HDD CDD WTR SNW DPTH SPD SPD DIR MIN PSBL S-S WX SPD DR
================================================================================
1 68 51 60 -2 5 0 0.27 0.0 0 15.5 25 310 M M 9 13 38 300
2 54 49 52 -11 13 0 0.00 0.0 0 13.3 23 320 M M 5 32 320
3 58 50 54 -9 11 0 0.00 0.0 0 8.1 17 340 M M 0 21 310
4 63 50 57 -6 8 0 0.00 0.0 0 6.2 14 80 M M 0 16 90
5 72 54 63 0 2 0 0.00 0.0 0 10.9 22 190 M M 0 27 190
6 75 61 68 5 0 3 T 0.0 0 7.5 20 200 M M 5 12 27 190
7 71 58 65 2 0 0 0.15 0.0 0 11.4 21 230 M M 4 13 28 200
8 74 58 66 3 0 1 T 0.0 0 7.4 15 50 M M 8 17 50
9 76 66 71 8 0 6 0.00 0.0 0 5.1 15 250 M M 6 12 21 250
10 81 65 73 9 0 8 0.00 0.0 0 3.9 12 260 M M 4 12 14 270
11 80 65 73 9 0 8 T 0.0 0 4.5 15 200 M M 2 1 20 200
12 79 66 73 9 0 8 0.00 0.0 0 5.2 17 230 M M 2 22 230
13 79 66 73 9 0 8 0.71 0.0 0 7.5 20 220 M M 6 1 25 280
14 79 69 74 10 0 9 0.94 0.0 0 11.1 24 190 M M 7 138 31 190
15 80 68 74 10 0 9 0.11 0.0 0 11.9 25 230 M M 5 13 36 230
16 70 59 65 1 0 0 0.01 0.0 0 10.6 18 340 M M 9 1 26 330
17 71 58 65 1 0 0 T 0.0 0 9.8 20 80 M M 10 22 80
18 80 68 74 10 0 9 0.00 0.0 0 13.3 22 200 M M 6 1 27 200
19 76 58 67 2 0 2 0.05 0.0 0 12.1 21 330 M M 6 31 340
20 67 51 59 -6 6 0 0.00 0.0 0 14.1 24 60 M M 2 26 60
21 75 55 65 0 0 0 0.00 0.0 0 17.3 24 40 M M 0 30 50
22 79 63 71 6 0 6 0.03 0.0 0 9.8 17 220 M M 6 1 23 210
23 75 61 68 3 0 3 0.00 0.0 0 8.1 15 10 M M 3 21 10
24 76 59 68 3 0 3 0.00 0.0 0 5.4 13 70 M M 1 15 70
25 78 60 69 4 0 4 0.00 0.0 0 4.2 14 20 M M 1 16 20
26 82 65 74 8 0 9 0.00 0.0 0 6.3 14 60 M M 1 15 70
27 84 69 77 11 0 12 0.00 0.0 0 6.7 12 250 M M 2 18 190
28 82 70 76 10 0 11 0.00 0.0 0 8.3 20 230 M M 1 26 230
================================================================================
SM 2084 1692 45 119 2.27 0.0 255.5 M 111
================================================================================
AV 74.4 60.4 9.1 FASTST M M 4 MAX(MPH)
MISC ----> # 25 310 38 300
================================================================================
NOTES:
# LAST OF SEVERAL OCCURRENCES
COLUMN 17 PEAK WIND IN M.P.H.
PRELIMINARY LOCAL CLIMATOLOGICAL DATA (WS FORM: F-6) , PAGE 2
STATION: SAINT PETERSBURG
MONTH: FEBRUARY
YEAR: 2021
LATITUDE: 27 46 N
LONGITUDE: 82 38 W
[TEMPERATURE DATA] [PRECIPITATION DATA] SYMBOLS USED IN COLUMN 16
AVERAGE MONTHLY: 67.4 TOTAL FOR MONTH: 2.27 1 = FOG OR MIST
DPTR FM NORMAL: 3.3 DPTR FM NORMAL: -0.45 2 = FOG REDUCING VISIBILITY
HIGHEST: 84 ON 27 GRTST 24HR 1.57 ON 13-14 TO 1/4 MILE OR LESS
LOWEST: 49 ON 2 3 = THUNDER
SNOW, ICE PELLETS, HAIL 4 = ICE PELLETS
TOTAL MONTH: 0.0 INCH 5 = HAIL
GRTST 24HR 0.0 6 = FREEZING RAIN OR DRIZZLE
GRTST DEPTH: 0 7 = DUSTSTORM OR SANDSTORM:
VSBY 1/2 MILE OR LESS
8 = SMOKE OR HAZE
[NO. OF DAYS WITH] [WEATHER - DAYS WITH] 9 = BLOWING SNOW
X = TORNADO
MAX 32 OR BELOW: 0 0.01 INCH OR MORE: 8
MAX 90 OR ABOVE: 0 0.10 INCH OR MORE: 5
MIN 32 OR BELOW: 0 0.50 INCH OR MORE: 2
MIN 0 OR BELOW: 0 1.00 INCH OR MORE: 0
[HDD (BASE 65) ]
TOTAL THIS MO. 45 CLEAR (SCALE 0-3) 12
DPTR FM NORMAL -40 PTCLDY (SCALE 4-7) 13
TOTAL FM JUL 1 272 CLOUDY (SCALE 8-10) 3
DPTR FM NORMAL -101
[CDD (BASE 65) ]
TOTAL THIS MO. 119
DPTR FM NORMAL 59 [PRESSURE DATA]
TOTAL FM JAN 1 155 HIGHEST SLP 30.33 ON 20
DPTR FM NORMAL 48 LOWEST SLP 29.80 ON 7
[REMARKS]
#FINAL-02-21#