000
CXUS53 KILX 020219
CF6SPI
PRELIMINARY LOCAL CLIMATOLOGICAL DATA (WS FORM: F-6)
STATION: SPRINGFIELD IL
MONTH: NOVEMBER
YEAR: 2020
LATITUDE: 39 50 N
LONGITUDE: 89 41 W
TEMPERATURE IN F: :PCPN: SNOW: WIND :SUNSHINE: SKY :PK WND
================================================================================
1 2 3 4 5 6A 6B 7 8 9 10 11 12 13 14 15 16 17 18
12Z AVG MX 2MIN
DY MAX MIN AVG DEP HDD CDD WTR SNW DPTH SPD SPD DIR MIN PSBL S-S WX SPD DR
================================================================================
1 55 25 40 -10 25 0 0.00 0.0 0 15.6 29 310 M M 0 41 300
2 55 20 38 -11 27 0 0.00 0.0 0 7.0 17 250 M M 0 27 250
3 71 34 53 4 12 0 0.00 0.0 0 9.8 20 180 M M 0 29 180
4 74 48 61 13 4 0 0.00 0.0 0 13.3 22 200 M M 0 29 190
5 73 53 63 15 2 0 0.00 0.0 0 10.2 16 200 M M 0 22 190
6 76 48 62 14 3 0 0.00 0.0 0 9.2 17 170 M M 0 21 180
7 73 48 61 14 4 0 0.00 0.0 0 9.7 20 200 M M 0 26 200
8 76 55 66 19 0 1 0.00 0.0 0 12.3 24 170 M M 2 32 170
9 76 62 69 23 0 4 0.00 0.0 0 14.6 29 190 M M 5 40 170
10 75 42 59 13 6 0 0.37 0.0 0 18.9 36 260 M M 8 1 49 170
11 49 31 40 -6 25 0 0.00 0.0 0 4.4 17 290 M M 2 23 280
12 55 28 42 -3 23 0 0.00 0.0 0 5.0 16 120 M M 3 1 21 140
13 47 24 36 -8 29 0 0.00 0.0 0 7.4 25 300 M M 1 36 300
14 55 26 41 -3 24 0 0.43 0.0 0 18.8 33 170 M M 7 13 45 180
15 57 34 46 2 19 0 T 0.0 0 19.1 36 270 M M 4 50 280
16 60 27 44 1 21 0 0.00 0.0 0 11.5 29 260 M M 0 36 320
17 46 29 38 -4 27 0 0.00 0.0 0 6.4 23 330 M M 2 34 330
18 54 29 42 0 23 0 0.00 0.0 0 18.3 32 180 M M 0 45 180
19 72 47 60 18 5 0 0.00 0.0 0 20.5 31 200 M M 0 43 210
20 68 48 58 17 7 0 0.11 0.0 0 9.2 22 200 M M 6 29 200
21 50 42 46 6 19 0 0.11 0.0 0 9.7 16 50 M M 9 1 22 50
22 47 36 42 2 23 0 0.09 0.0 0 10.6 17 50 M M 8 1 23 60
23 44 27 36 -3 29 0 0.15 0.0 0 4.0 10 70 M M 3 1 12 70
24 50 38 44 5 21 0 0.60 0.0 0 15.1 28 160 M M 9 1 34 160
25 51 44 48 10 17 0 0.21 0.0 0 9.3 24 80 M M 10 1 30 80
26 47 36 42 4 23 0 0.00 0.0 0 8.5 13 270 M M 7 M M
27 50 32 41 4 24 0 T 0.0 0 5.1 16 340 M M 4 1 22 340
28 52 24 38 1 27 0 0.00 0.0 0 7.1 15 200 M M 0 18 180
29 50 35 43 7 22 0 0.00 0.0 0 9.0 23 340 M M 3 32 340
30 36 23 30 -6 35 0 T T 0 14.0 22 330 M M 9 32 330
================================================================================
SM 1744 1095 526 5 2.07 T 333.6 M 102
================================================================================
AV 58.1 36.5 11.1 FASTST M M 3 MAX(MPH)
MISC ----> # 36 260 50 280
================================================================================
NOTES:
# LAST OF SEVERAL OCCURRENCES
COLUMN 17 PEAK WIND IN M.P.H.
PRELIMINARY LOCAL CLIMATOLOGICAL DATA (WS FORM: F-6) , PAGE 2
STATION: SPRINGFIELD IL
MONTH: NOVEMBER
YEAR: 2020
LATITUDE: 39 50 N
LONGITUDE: 89 41 W
[TEMPERATURE DATA] [PRECIPITATION DATA] SYMBOLS USED IN COLUMN 16
AVERAGE MONTHLY: 47.3 TOTAL FOR MONTH: 2.07 1 = FOG OR MIST
DPTR FM NORMAL: 4.2 DPTR FM NORMAL: -1.14 2 = FOG REDUCING VISIBILITY
HIGHEST: 76 ON 9, 8 GRTST 24HR 0.76 ON 24-25 TO 1/4 MILE OR LESS
LOWEST: 20 ON 2 3 = THUNDER
SNOW, ICE PELLETS, HAIL 4 = ICE PELLETS
TOTAL MONTH: T 5 = HAIL
GRTST 24HR T ON 30-30 6 = FREEZING RAIN OR DRIZZLE
GRTST DEPTH: 0 7 = DUSTSTORM OR SANDSTORM:
VSBY 1/2 MILE OR LESS
8 = SMOKE OR HAZE
[NO. OF DAYS WITH] [WEATHER - DAYS WITH] 9 = BLOWING SNOW
X = TORNADO
MAX 32 OR BELOW: 0 0.01 INCH OR MORE: 8
MAX 90 OR ABOVE: 0 0.10 INCH OR MORE: 7
MIN 32 OR BELOW: 13 0.50 INCH OR MORE: 1
MIN 0 OR BELOW: 0 1.00 INCH OR MORE: 0
[HDD (BASE 65) ]
TOTAL THIS MO. 526 CLEAR (SCALE 0-3) 18
DPTR FM NORMAL -132 PTCLDY (SCALE 4-7) 8
TOTAL FM JUL 1 979 CLOUDY (SCALE 8-10) 4
DPTR FM NORMAL -91
[CDD (BASE 65) ]
TOTAL THIS MO. 5
DPTR FM NORMAL 4 [PRESSURE DATA]
TOTAL FM JAN 1 1203 HIGHEST SLP 30.60 ON 17
DPTR FM NORMAL 81 LOWEST SLP 29.43 ON 15
[REMARKS]
#FINAL-11-20#