000
CXUS54 KOUN 010910
CF6SPS
PRELIMINARY LOCAL CLIMATOLOGICAL DATA (WS FORM: F-6)
STATION: WICHITA FALLS
MONTH: NOVEMBER
YEAR: 2022
LATITUDE: 33 58 N
LONGITUDE: 98 29 W
TEMPERATURE IN F: :PCPN: SNOW: WIND :SUNSHINE: SKY :PK WND
================================================================================
1 2 3 4 5 6A 6B 7 8 9 10 11 12 13 14 15 16 17 18
12Z AVG MX 2MIN
DY MAX MIN AVG DEP HDD CDD WTR SNW DPTH SPD SPD DIR MIN PSBL S-S WX SPD DR
================================================================================
1 79 49 64 6 1 0 0.00 0.0 0 8.6 20 160 M M 1 24 150
2 78 54 66 8 0 1 0.00 0.0 0 13.8 24 150 M M 3 28 140
3 82 59 71 13 0 6 0.00 0.0 0 15.0 28 190 M M 5 1 36 210
4 78 43 61 4 4 0 0.03 0.0 0 16.5 33 320 M M 6 1 41 300
5 68 36 52 -5 13 0 0.00 0.0 0 12.2 23 170 M M 0 29 160
6 78 53 66 10 0 1 0.00 0.0 0 10.6 21 190 M M 0 26 200
7 70 50 60 4 5 0 0.00 0.0 0 8.1 13 90 M M 6 1 16 90
8 81 65 73 17 0 8 T 0.0 0 13.1 25 160 M M 7 1 31 170
9 81 64 73 18 0 8 0.00 0.0 0 15.8 25 170 M M 4 1 32 160
10 78 50 64 9 1 0 T 0.0 0 13.4 26 10 M M 6 1 36 20
11 50 31 41 -13 24 0 T 0.0 0 20.7 33 10 M M 8 40 10
12 52 29 41 -13 24 0 0.00 0.0 0 6.2 12 340 M M 0 16 350
13 57 29 43 -11 22 0 0.00 0.0 0 10.2 22 150 M M 0 26 160
14 40 32 36 -17 29 0 0.42 0.0 0 10.5 23 330 M M 7 1 26 330
15 50 28 39 -14 26 0 0.00 0.0 0 10.2 18 20 M M 1 23 350
16 56 28 42 -10 23 0 0.00 0.0 0 4.1 14 350 M M 1 8 17 320
17 60 26 43 -9 22 0 0.00 0.0 0 5.8 20 360 M M 1 8 33 340
18 43 32 38 -14 27 0 0.00 0.0 0 17.7 29 30 M M 9 35 30
19 49 29 39 -12 26 0 0.00 0.0 0 5.6 16 340 M M 5 20 340
20 54 27 41 -10 24 0 0.00 0.0 0 6.2 16 190 M M 0 19 190
21 60 35 48 -3 17 0 0.00 0.0 0 8.6 13 180 M M 3 19 180
22 62 33 48 -2 17 0 0.00 0.0 0 8.2 15 170 M M 0 1 19 190
23 59 45 52 2 13 0 T 0.0 0 12.8 22 150 M M 9 1 27 150
24 56 50 53 3 12 0 T 0.0 0 13.8 28 20 M M 10 1 34 20
25 50 44 47 -2 18 0 0.01 0.0 0 15.1 25 20 M M 7 31 20
26 48 45 47 -2 18 0 1.20 0.0 0 10.1 20 280 M M 10 1 26 270
27 57 35 46 -2 19 0 0.00 0.0 0 10.1 18 320 M M 2 22 340
28 73 32 53 5 12 0 0.00 0.0 0 11.8 22 180 M M 2 31 190
29 75 34 55 7 10 0 0.00 0.0 0 18.2 33 360 M M 0 41 10
30 47 25 36 -11 29 0 0.00 0.0 0 7.5 17 360 M M 1 22 20
================================================================================
SM 1871 1192 436 24 1.66 0.0 340.5 M 114
================================================================================
AV 62.4 39.7 11.4 FASTST M M 4 MAX(MPH)
MISC ----> # 33 320 # 41 300
================================================================================
NOTES:
# LAST OF SEVERAL OCCURRENCES
COLUMN 17 PEAK WIND IN M.P.H.
PRELIMINARY LOCAL CLIMATOLOGICAL DATA (WS FORM: F-6) , PAGE 2
STATION: WICHITA FALLS
MONTH: NOVEMBER
YEAR: 2022
LATITUDE: 33 58 N
LONGITUDE: 98 29 W
[TEMPERATURE DATA] [PRECIPITATION DATA] SYMBOLS USED IN COLUMN 16
AVERAGE MONTHLY: 51.1 TOTAL FOR MONTH: 1.66 1 = FOG OR MIST
DPTR FM NORMAL: -1.7 DPTR FM NORMAL: 0.03 2 = FOG REDUCING VISIBILITY
HIGHEST: 82 ON 3 GRTST 24HR 1.21 ON 25-26 TO 1/4 MILE OR LESS
LOWEST: 25 ON 30 3 = THUNDER
SNOW, ICE PELLETS, HAIL 4 = ICE PELLETS
TOTAL MONTH: 0.0 INCH 5 = HAIL
GRTST 24HR 0.0 6 = FREEZING RAIN OR DRIZZLE
GRTST DEPTH: 0 7 = DUSTSTORM OR SANDSTORM:
VSBY 1/2 MILE OR LESS
8 = SMOKE OR HAZE
[NO. OF DAYS WITH] [WEATHER - DAYS WITH] 9 = BLOWING SNOW
X = TORNADO
MAX 32 OR BELOW: 0 0.01 INCH OR MORE: 4
MAX 90 OR ABOVE: 0 0.10 INCH OR MORE: 2
MIN 32 OR BELOW: 12 0.50 INCH OR MORE: 1
MIN 0 OR BELOW: 0 1.00 INCH OR MORE: 1
[HDD (BASE 65) ]
TOTAL THIS MO. 436 CLEAR (SCALE 0-3) 15
DPTR FM NORMAL 55 PTCLDY (SCALE 4-7) 10
TOTAL FM JUL 1 516 CLOUDY (SCALE 8-10) 5
DPTR FM NORMAL 9
[CDD (BASE 65) ]
TOTAL THIS MO. 24
DPTR FM NORMAL 12 [PRESSURE DATA]
TOTAL FM JAN 1 3101 HIGHEST SLP 30.54 ON 16
DPTR FM NORMAL 656 LOWEST SLP 29.59 ON 29
[REMARKS]
#FINAL-11-22#