000
CXUS52 KTBW 011100
CF6SRQ
PRELIMINARY LOCAL CLIMATOLOGICAL DATA (WS FORM: F-6)
STATION: SARASOTA BRADENTON
MONTH: FEBRUARY
YEAR: 2021
LATITUDE: 27 23 N
LONGITUDE: 82 33 W
TEMPERATURE IN F: :PCPN: SNOW: WIND :SUNSHINE: SKY :PK WND
================================================================================
1 2 3 4 5 6A 6B 7 8 9 10 11 12 13 14 15 16 17 18
12Z AVG MX 2MIN
DY MAX MIN AVG DEP HDD CDD WTR SNW DPTH SPD SPD DIR MIN PSBL S-S WX SPD DR
================================================================================
1 70 53 62 0 3 0 0.49 0.0 0 19.2 30 320 M M 9 13 37 310
2 57 51 54 -8 11 0 0.00 0.0 0 17.4 28 310 M M 6 35 300
3 62 45 54 -8 11 0 0.00 0.0 0 7.7 20 320 M M 0 23 310
4 65 41 53 -9 12 0 0.00 0.0 0 4.9 12 240 M M 0 14 240
5 74 45 60 -2 5 0 0.00 0.0 0 11.3 23 180 M M 0 28 180
6 81 58 70 7 0 5 T 0.0 0 11.2 25 180 M M 5 128 32 180
7 77 62 70 7 0 5 0.38 0.0 0 11.0 23 200 M M 5 13 32 270
8 83 59 71 8 0 6 0.00 0.0 0 6.9 16 80 M M 7 21 60
9 81 65 73 10 0 8 0.00 0.0 0 6.2 15 270 M M 5 128 19 190
10 82 65 74 11 0 9 0.00 0.0 0 4.2 10 240 M M 5 12 13 240
11 81 65 73 10 0 8 0.00 0.0 0 7.6 17 190 M M 3 1 22 200
12 81 63 72 9 0 7 T 0.0 0 7.1 18 210 M M 1 23 200
13 79 67 73 10 0 8 0.23 0.0 0 8.7 21 180 M M 5 1 28 180
14 80 69 75 12 0 10 0.81 0.0 0 13.2 24 190 M M 8 12 33 190
15 81 67 74 11 0 9 T 0.0 0 13.4 24 180 M M 4 13 32 190
16 72 60 66 2 0 1 0.02 0.0 0 11.1 21 310 M M 10 13 27 310
17 75 59 67 3 0 2 0.10 0.0 0 8.5 17 110 M M 8 1 21 120
18 82 68 75 11 0 10 0.00 0.0 0 14.6 26 180 M M 5 1 33 180
19 77 58 68 4 0 3 0.02 0.0 0 14.8 24 330 M M 8 18 32 330
20 69 49 59 -5 6 0 0.00 0.0 0 10.4 18 360 M M 1 27 10
21 78 51 65 1 0 0 0.00 0.0 0 13.6 25 110 M M 0 33 110
22 80 60 70 6 0 5 0.14 0.0 0 9.9 22 190 M M 6 1 27 180
23 77 58 68 4 0 3 0.00 0.0 0 7.0 15 350 M M 4 1 19 10
24 75 54 65 1 0 0 0.00 0.0 0 5.1 15 290 M M 1 16 300
25 83 52 68 4 0 3 0.00 0.0 0 4.8 14 30 M M 0 18 20
26 83 58 71 7 0 6 0.00 0.0 0 5.4 12 240 M M 1 16 250
27 84 66 75 11 0 10 0.00 0.0 0 7.0 17 170 M M 3 20 150
28 84 67 76 11 0 11 0.00 0.0 0 10.2 22 150 M M 1 29 150
================================================================================
SM 2153 1635 48 129 2.19 0.0 272.4 M 111
================================================================================
AV 76.9 58.4 9.7 FASTST M M 4 MAX(MPH)
MISC ----> 30 320 37 310
================================================================================
NOTES:
# LAST OF SEVERAL OCCURRENCES
COLUMN 17 PEAK WIND IN M.P.H.
PRELIMINARY LOCAL CLIMATOLOGICAL DATA (WS FORM: F-6) , PAGE 2
STATION: SARASOTA BRADENTON
MONTH: FEBRUARY
YEAR: 2021
LATITUDE: 27 23 N
LONGITUDE: 82 33 W
[TEMPERATURE DATA] [PRECIPITATION DATA] SYMBOLS USED IN COLUMN 16
AVERAGE MONTHLY: 67.6 TOTAL FOR MONTH: 2.19 1 = FOG OR MIST
DPTR FM NORMAL: 4.2 DPTR FM NORMAL: -0.51 2 = FOG REDUCING VISIBILITY
HIGHEST: 84 ON 28,27 GRTST 24HR 0.81 ON 14-14 TO 1/4 MILE OR LESS
LOWEST: 41 ON 4 3 = THUNDER
SNOW, ICE PELLETS, HAIL 4 = ICE PELLETS
TOTAL MONTH: 0.0 INCH 5 = HAIL
GRTST 24HR 0.0 6 = FREEZING RAIN OR DRIZZLE
GRTST DEPTH: 0 7 = DUSTSTORM OR SANDSTORM:
VSBY 1/2 MILE OR LESS
8 = SMOKE OR HAZE
[NO. OF DAYS WITH] [WEATHER - DAYS WITH] 9 = BLOWING SNOW
X = TORNADO
MAX 32 OR BELOW: 0 0.01 INCH OR MORE: 8
MAX 90 OR ABOVE: 0 0.10 INCH OR MORE: 6
MIN 32 OR BELOW: 0 0.50 INCH OR MORE: 1
MIN 0 OR BELOW: 0 1.00 INCH OR MORE: 0
[HDD (BASE 65) ]
TOTAL THIS MO. 48 CLEAR (SCALE 0-3) 12
DPTR FM NORMAL -50 PTCLDY (SCALE 4-7) 13
TOTAL FM JUL 1 270 CLOUDY (SCALE 8-10) 3
DPTR FM NORMAL -148
[CDD (BASE 65) ]
TOTAL THIS MO. 129
DPTR FM NORMAL 77 [PRESSURE DATA]
TOTAL FM JAN 1 180 HIGHEST SLP 30.30 ON 20
DPTR FM NORMAL 76 LOWEST SLP 29.81 ON 7
[REMARKS]
#FINAL-02-21#